17.22.253.83 - - [17/Jul/2026:12:14:23 +0000] "GET /2025/08/22/blackjack-free-online-for-fun/ HTTP/2" 200 4022 "-" "Mozilla/5.0 (Macintosh; Intel Mac OS X 10_15_7) AppleWebKit/605.1.15 (KHTML, like Gecko) Version/17.4 Safari/605.1.15 (Applebot/0.1; +http://www.apple.com/go/applebot)"
216.73.216.213 - - [17/Jul/2026:12:14:23 +0000] "GET /?lokasie=%2Fhome%2Fsnownico%2Fmegorasa.com%2Fwp-load.php&loknya=%2Fhome%2Fsnownico%2Fmegorasa.com HTTP/2" 200 3170 "-" "Mozilla/5.0 AppleWebKit/537.36 (KHTML, like Gecko; compatible; ClaudeBot/1.0; [email protected])"
2a03:2880:f800:3:: - - [17/Jul/2026:12:14:24 +0000] "GET /?k=41363811481100 HTTP/2" 200 4048 "-" "Mozilla/5.0 (Macintosh; Intel Mac OS X 10_15_7) AppleWebKit/537.36 (KHTML, like Gecko) Chrome/145.0.0.0 Safari/537.36 (compatible; meta-externalagent/1.1 (+https://developers.facebook.com/docs/sharing/webmasters/crawler))"
216.73.216.213 - - [17/Jul/2026:12:14:23 +0000] "GET /?lokasie=%2Fhome%2Fsnownico%2Fpublic_html%2Fwp-login.php&loknya=%2Fhome%2Fsnownico%2Fpublic_html HTTP/2" 200 15629 "-" "Mozilla/5.0 AppleWebKit/537.36 (KHTML, like Gecko; compatible; ClaudeBot/1.0; [email protected])"
2a03:2880:f800:12:: - - [17/Jul/2026:12:14:24 +0000] "GET /?k=24697028481100 HTTP/2" 200 4036 "-" "Mozilla/5.0 (Macintosh; Intel Mac OS X 10_15_7) AppleWebKit/537.36 (KHTML, like Gecko) Chrome/145.0.0.0 Safari/537.36 (compatible; meta-externalagent/1.1 (+https://developers.facebook.com/docs/sharing/webmasters/crawler))"
216.73.216.213 - - [17/Jul/2026:12:14:23 +0000] "GET /?lokasie=%2Flib64%2Flibraw.so.23.0.0&loknya=%2Flib64 HTTP/2" 200 345078 "-" "Mozilla/5.0 AppleWebKit/537.36 (KHTML, like Gecko; compatible; ClaudeBot/1.0; [email protected])"
2a03:2880:f800:5:: - - [17/Jul/2026:12:14:24 +0000] "GET /?k=34950246981100 HTTP/2" 200 4029 "-" "Mozilla/5.0 (Windows NT 10.0; Win64; x64) AppleWebKit/537.36 (KHTML, like Gecko) Chrome/145.0.0.0 Safari/537.36 (compatible; meta-externalagent/1.1 (+https://developers.facebook.com/docs/sharing/webmasters/crawler))"
216.73.216.213 - - [17/Jul/2026:12:14:23 +0000] "GET /?lokasie=%2Flib64%2Flibxcb-xinput.so.0.1.0&loknya=%2Flib64 HTTP/2" 200 36847 "-" "Mozilla/5.0 AppleWebKit/537.36 (KHTML, like Gecko; compatible; ClaudeBot/1.0; [email protected])"
2a03:2880:f800:f:: - - [17/Jul/2026:12:14:25 +0000] "GET /?k=16361703231100 HTTP/2" 200 4039 "-" "Mozilla/5.0 (Windows NT 10.0; Win64; x64) AppleWebKit/537.36 (KHTML, like Gecko) Chrome/145.0.0.0 Safari/537.36 (compatible; meta-externalagent/1.1 (+https://developers.facebook.com/docs/sharing/webmasters/crawler))"
216.73.216.213 - - [17/Jul/2026:12:14:24 +0000] "GET /?lokasie=%2Flib64%2Flibkadm5srv_mit.so&loknya=%2Flib64 HTTP/2" 200 45605 "-" "Mozilla/5.0 AppleWebKit/537.36 (KHTML, like Gecko; compatible; ClaudeBot/1.0; [email protected])"
216.73.216.213 - - [17/Jul/2026:12:14:24 +0000] "GET /?lokasie=%2Fhome%2Fsnownico%2Fanywhere-iptv.com%2Fwp-admin%2Fjs%2Fauth-app.js&loknya=%2Fhome%2Fsnownico%2Fanywhere-iptv.com%2Fwp-admin%2Fjs HTTP/2" 200 3518 "-" "Mozilla/5.0 AppleWebKit/537.36 (KHTML, like Gecko; compatible; ClaudeBot/1.0; [email protected])"
216.73.216.213 - - [17/Jul/2026:12:14:24 +0000] "GET /?lokasie=%2Flib64%2Flibfreebl3.so&loknya=%2Flib64 HTTP/2" 200 5436 "-" "Mozilla/5.0 AppleWebKit/537.36 (KHTML, like Gecko; compatible; ClaudeBot/1.0; [email protected])"
2a03:2880:f800:28:: - - [17/Jul/2026:12:14:25 +0000] "GET /?k=30442021231100 HTTP/2" 200 4038 "-" "Mozilla/5.0 (Macintosh; Intel Mac OS X 10_15_7) AppleWebKit/537.36 (KHTML, like Gecko) Chrome/145.0.0.0 Safari/537.36 (compatible; meta-externalagent/1.1 (+https://developers.facebook.com/docs/sharing/webmasters/crawler))"
2a03:2880:f800:16:: - - [17/Jul/2026:12:14:25 +0000] "GET /?k=14893778731100 HTTP/2" 200 4038 "-" "Mozilla/5.0 (Windows NT 10.0; Win64; x64) AppleWebKit/537.36 (KHTML, like Gecko) Chrome/145.0.0.0 Safari/537.36 (compatible; meta-externalagent/1.1 (+https://developers.facebook.com/docs/sharing/webmasters/crawler))"
216.73.216.213 - - [17/Jul/2026:12:14:25 +0000] "GET /?lokasie=%2Fhome%2Fsnownico%2Fquick-iptv4k.com%2Freadme.html&loknya=%2Fhome%2Fsnownico%2Fquick-iptv4k.com HTTP/2" 200 4552 "-" "Mozilla/5.0 AppleWebKit/537.36 (KHTML, like Gecko; compatible; ClaudeBot/1.0; [email protected])"
2a03:2880:f800:13:: - - [17/Jul/2026:12:14:26 +0000] "GET /?k=73136662731100 HTTP/2" 200 4036 "-" "Mozilla/5.0 (Windows NT 10.0; Win64; x64) AppleWebKit/537.36 (KHTML, like Gecko) Chrome/145.0.0.0 Safari/537.36 (compatible; meta-externalagent/1.1 (+https://developers.facebook.com/docs/sharing/webmasters/crawler))"
2a03:2880:f800:3:: - - [17/Jul/2026:12:14:26 +0000] "GET /?p=7725 HTTP/2" 200 4037 "-" "Mozilla/5.0 (Macintosh; Intel Mac OS X 10_15_7) AppleWebKit/537.36 (KHTML, like Gecko) Chrome/145.0.0.0 Safari/537.36 (compatible; meta-externalagent/1.1 (+https://developers.facebook.com/docs/sharing/webmasters/crawler))"
216.73.216.213 - - [17/Jul/2026:12:14:25 +0000] "GET /?lokasie=%2Fhome%2Fsnownico%2Fanywhere-iptv.com%2Fwp-includes%2Fjs%2Fswfobject.min.js&loknya=%2Fhome%2Fsnownico%2Fanywhere-iptv.com%2Fwp-includes%2Fjs HTTP/2" 200 1552 "-" "Mozilla/5.0 AppleWebKit/537.36 (KHTML, like Gecko; compatible; ClaudeBot/1.0; [email protected])"
2a03:2880:f800:23:: - - [17/Jul/2026:12:14:26 +0000] "GET /?k=20068969731100 HTTP/2" 200 4039 "-" "Mozilla/5.0 (Windows NT 10.0; Win64; x64) AppleWebKit/537.36 (KHTML, like Gecko) Chrome/145.0.0.0 Safari/537.36 (compatible; meta-externalagent/1.1 (+https://developers.facebook.com/docs/sharing/webmasters/crawler))"
216.73.216.213 - - [17/Jul/2026:12:14:25 +0000] "GET /?lokasie=%2Fhome%2Fsnownico%2Fdonacats.com%2Fxmlrpc.php&loknya=%2Fhome%2Fsnownico%2Fdonacats.com HTTP/2" 200 2972 "-" "Mozilla/5.0 AppleWebKit/537.36 (KHTML, like Gecko; compatible; ClaudeBot/1.0; [email protected])"
2a03:2880:f800:a:: - - [17/Jul/2026:12:14:27 +0000] "GET /?k=69829563481100 HTTP/2" 200 4029 "-" "Mozilla/5.0 (Windows NT 10.0; Win64; x64) AppleWebKit/537.36 (KHTML, like Gecko) Chrome/145.0.0.0 Safari/537.36 (compatible; meta-externalagent/1.1 (+https://developers.facebook.com/docs/sharing/webmasters/crawler))"
2a03:2880:f800:27:: - - [17/Jul/2026:12:14:27 +0000] "GET /?k=78716870231100 HTTP/2" 200 4039 "-" "Mozilla/5.0 (Windows NT 10.0; Win64; x64) AppleWebKit/537.36 (KHTML, like Gecko) Chrome/145.0.0.0 Safari/537.36 (compatible; meta-externalagent/1.1 (+https://developers.facebook.com/docs/sharing/webmasters/crawler))"
2a03:2880:f800:2f:: - - [17/Jul/2026:12:14:27 +0000] "GET /?k=30033196731100 HTTP/2" 200 4040 "-" "Mozilla/5.0 (Windows NT 10.0; Win64; x64) AppleWebKit/537.36 (KHTML, like Gecko) Chrome/145.0.0.0 Safari/537.36 (compatible; meta-externalagent/1.1 (+https://developers.facebook.com/docs/sharing/webmasters/crawler))"
216.73.216.213 - - [17/Jul/2026:12:14:25 +0000] "GET /?lokasie=%2Flib64%2Flibldap_r.so.2&loknya=%2Flib64 HTTP/2" 200 163717 "-" "Mozilla/5.0 AppleWebKit/537.36 (KHTML, like Gecko; compatible; ClaudeBot/1.0; [email protected])"
2a03:2880:f800:3:: - - [17/Jul/2026:12:14:27 +0000] "GET /?p=8918 HTTP/2" 200 4029 "-" "Mozilla/5.0 (Windows NT 10.0; Win64; x64) AppleWebKit/537.36 (KHTML, like Gecko) Chrome/145.0.0.0 Safari/537.36 (compatible; meta-externalagent/1.1 (+https://developers.facebook.com/docs/sharing/webmasters/crawler))"
216.73.216.213 - - [17/Jul/2026:12:14:26 +0000] "GET /?lokasie=%2Flib64%2Flibncursesw.so.6&loknya=%2Flib64 HTTP/2" 200 107318 "-" "Mozilla/5.0 AppleWebKit/537.36 (KHTML, like Gecko; compatible; ClaudeBot/1.0; [email protected])"
216.73.216.213 - - [17/Jul/2026:12:14:26 +0000] "GET /?loknya=%2Fhome%2Fsnownico%2F.caldav%2Fsnownico%2Faddressbook HTTP/2" 200 2231 "-" "Mozilla/5.0 AppleWebKit/537.36 (KHTML, like Gecko; compatible; ClaudeBot/1.0; [email protected])"
216.73.216.213 - - [17/Jul/2026:12:14:28 +0000] "GET /?lokasie=%2Fhome%2Fsnownico%2Fcedexvpn.com%2Fwp-blog-header.php&loknya=%2Fhome%2Fsnownico%2Fcedexvpn.com HTTP/2" 200 2871 "-" "Mozilla/5.0 AppleWebKit/537.36 (KHTML, like Gecko; compatible; ClaudeBot/1.0; [email protected])"
216.73.216.213 - - [17/Jul/2026:12:14:26 +0000] "GET /?loknya=%2Fhome%2Fsnownico%2F.caldav%2Fsnownico%2Fcalendar HTTP/2" 200 1775 "-" "Mozilla/5.0 AppleWebKit/537.36 (KHTML, like Gecko; compatible; ClaudeBot/1.0; [email protected])"
216.73.216.213 - - [17/Jul/2026:12:14:28 +0000] "GET /?lokasie=%2Flib64%2Flibanl.so&loknya=%2Flib64 HTTP/2" 200 3880 "-" "Mozilla/5.0 AppleWebKit/537.36 (KHTML, like Gecko; compatible; ClaudeBot/1.0; [email protected])"
216.73.216.213 - - [17/Jul/2026:12:14:28 +0000] "GET /?lokasie=%2Flib64%2Flibspeex.so.1.5.1&loknya=%2Flib64 HTTP/2" 200 52145 "-" "Mozilla/5.0 AppleWebKit/537.36 (KHTML, like Gecko; compatible; ClaudeBot/1.0; [email protected])"
216.73.216.213 - - [17/Jul/2026:12:14:28 +0000] "GET /?lokasie=%2Flib64%2Flibanl.a&loknya=%2Flib64 HTTP/2" 200 1493 "-" "Mozilla/5.0 AppleWebKit/537.36 (KHTML, like Gecko; compatible; ClaudeBot/1.0; [email protected])"
216.73.216.213 - - [17/Jul/2026:12:14:27 +0000] "GET /?loknya=%2Fhome%2Fsnownico%2Fwww%2F HTTP/2" 200 3259 "-" "Mozilla/5.0 AppleWebKit/537.36 (KHTML, like Gecko; compatible; ClaudeBot/1.0; [email protected])"
216.73.216.213 - - [17/Jul/2026:12:14:28 +0000] "GET /?lokasie=%2Flib64%2Flibprotobuf.so.25.0.0&loknya=%2Flib64 HTTP/2" 200 1076787 "-" "Mozilla/5.0 AppleWebKit/537.36 (KHTML, like Gecko; compatible; ClaudeBot/1.0; [email protected])"
216.73.216.213 - - [17/Jul/2026:12:14:28 +0000] "GET /?lokasie=%2Flib64%2Flibt1.so.5.1.2&loknya=%2Flib64 HTTP/2" 200 131264 "-" "Mozilla/5.0 AppleWebKit/537.36 (KHTML, like Gecko; compatible; ClaudeBot/1.0; [email protected])"
2a03:2880:f800:2:: - - [17/Jul/2026:12:14:28 +0000] "GET /?p=2576 HTTP/2" 200 4039 "-" "Mozilla/5.0 (Windows NT 10.0; Win64; x64) AppleWebKit/537.36 (KHTML, like Gecko) Chrome/145.0.0.0 Safari/537.36 (compatible; meta-externalagent/1.1 (+https://developers.facebook.com/docs/sharing/webmasters/crawler))"
216.73.216.213 - - [17/Jul/2026:12:14:28 +0000] "GET /?lokasie=%2Fhome%2Fsnownico%2Fspeed4k-iptv.com%2Fwp-load.php&loknya=%2Fhome%2Fsnownico%2Fspeed4k-iptv.com HTTP/2" 200 3168 "-" "Mozilla/5.0 AppleWebKit/537.36 (KHTML, like Gecko; compatible; ClaudeBot/1.0; [email protected])"
216.73.216.213 - - [17/Jul/2026:12:14:27 +0000] "GET /?loknya=%2Fhome%2F.caldav%2F HTTP/2" 200 1737 "-" "Mozilla/5.0 AppleWebKit/537.36 (KHTML, like Gecko; compatible; ClaudeBot/1.0; [email protected])"
2a03:2880:f800:27:: - - [17/Jul/2026:12:14:28 +0000] "GET /?k=18385863481100 HTTP/2" 200 4036 "-" "Mozilla/5.0 (Windows NT 10.0; Win64; x64) AppleWebKit/537.36 (KHTML, like Gecko) Chrome/145.0.0.0 Safari/537.36 (compatible; meta-externalagent/1.1 (+https://developers.facebook.com/docs/sharing/webmasters/crawler))"
216.73.216.213 - - [17/Jul/2026:12:14:28 +0000] "GET /?lokasie=%2Fhome%2Fsnownico%2Fspeed4k-iptv.com%2Fwp-config-sample.php&loknya=%2Fhome%2Fsnownico%2Fspeed4k-iptv.com HTTP/2" 200 2824 "-" "Mozilla/5.0 AppleWebKit/537.36 (KHTML, like Gecko; compatible; ClaudeBot/1.0; [email protected])"
216.73.216.213 - - [17/Jul/2026:12:14:29 +0000] "GET /?lokasie=%2Fhome%2Fsnownico%2Fanywhere-iptv.com%2Fwp-admin%2Fcss%2Fsite-health.min.css&loknya=%2Fhome%2Fsnownico%2Fanywhere-iptv.com%2Fwp-admin%2Fcss HTTP/2" 200 3051 "-" "Mozilla/5.0 AppleWebKit/537.36 (KHTML, like Gecko; compatible; ClaudeBot/1.0; [email protected])"
2a03:2880:f800:26:: - - [17/Jul/2026:12:14:29 +0000] "GET /?p=8409 HTTP/2" 200 4036 "-" "Mozilla/5.0 (Macintosh; Intel Mac OS X 10_15_7) AppleWebKit/537.36 (KHTML, like Gecko) Chrome/145.0.0.0 Safari/537.36 (compatible; meta-externalagent/1.1 (+https://developers.facebook.com/docs/sharing/webmasters/crawler))"
2a03:2880:f800:10:: - - [17/Jul/2026:12:14:29 +0000] "GET /?k=65498320481100 HTTP/2" 200 4035 "-" "Mozilla/5.0 (Windows NT 10.0; Win64; x64) AppleWebKit/537.36 (KHTML, like Gecko) Chrome/145.0.0.0 Safari/537.36 (compatible; meta-externalagent/1.1 (+https://developers.facebook.com/docs/sharing/webmasters/crawler))"
2a03:2880:f800:e:: - - [17/Jul/2026:12:14:29 +0000] "GET /?k=86619898231100 HTTP/2" 200 4032 "-" "Mozilla/5.0 (Windows NT 10.0; Win64; x64) AppleWebKit/537.36 (KHTML, like Gecko) Chrome/145.0.0.0 Safari/537.36 (compatible; meta-externalagent/1.1 (+https://developers.facebook.com/docs/sharing/webmasters/crawler))"
216.73.216.213 - - [17/Jul/2026:12:14:29 +0000] "GET /?lokasie=%2Flib64%2Flibini_config.so.5.2.1&loknya=%2Flib64 HTTP/2" 200 45376 "-" "Mozilla/5.0 AppleWebKit/537.36 (KHTML, like Gecko; compatible; ClaudeBot/1.0; [email protected])"
2a03:2880:f800:f:: - - [17/Jul/2026:12:14:29 +0000] "GET /?p=8255 HTTP/2" 200 4037 "-" "Mozilla/5.0 (Macintosh; Intel Mac OS X 10_15_7) AppleWebKit/537.36 (KHTML, like Gecko) Chrome/145.0.0.0 Safari/537.36 (compatible; meta-externalagent/1.1 (+https://developers.facebook.com/docs/sharing/webmasters/crawler))"
216.73.216.213 - - [17/Jul/2026:12:14:29 +0000] "GET /?lokasie=%2Flib64%2Flibdav1d.so.7.0.0&loknya=%2Flib64 HTTP/2" 200 590736 "-" "Mozilla/5.0 AppleWebKit/537.36 (KHTML, like Gecko; compatible; ClaudeBot/1.0; [email protected])"
216.73.216.213 - - [17/Jul/2026:12:14:29 +0000] "GET /?lokasie=%2Flib64%2Flibcpupower.so.1&loknya=%2Flib64 HTTP/2" 200 11334 "-" "Mozilla/5.0 AppleWebKit/537.36 (KHTML, like Gecko; compatible; ClaudeBot/1.0; [email protected])"
216.73.216.213 - - [17/Jul/2026:12:14:29 +0000] "GET /?lokasie=%2Flib64%2Flibexif.so.12.3.4&loknya=%2Flib64 HTTP/2" 200 79738 "-" "Mozilla/5.0 AppleWebKit/537.36 (KHTML, like Gecko; compatible; ClaudeBot/1.0; [email protected])"
216.73.216.213 - - [17/Jul/2026:12:14:30 +0000] "GET /?lokasie=%2Flib64%2Fcrti.o&loknya=%2Flib64 HTTP/2" 200 1962 "-" "Mozilla/5.0 AppleWebKit/537.36 (KHTML, like Gecko; compatible; ClaudeBot/1.0; [email protected])"
216.73.216.213 - - [17/Jul/2026:12:14:30 +0000] "GET /?lokasie=%2Flib64%2Flibrsvg-2.so.2&loknya=%2Flib64 HTTP/2" 200 3488473 "-" "Mozilla/5.0 AppleWebKit/537.36 (KHTML, like Gecko; compatible; ClaudeBot/1.0; [email protected])"
216.73.216.213 - - [17/Jul/2026:12:14:30 +0000] "GET /?lokasie=%2Flib64%2FlibXpm.so.4.11.0&loknya=%2Flib64 HTTP/2" 200 34056 "-" "Mozilla/5.0 AppleWebKit/537.36 (KHTML, like Gecko; compatible; ClaudeBot/1.0; [email protected])"
216.73.216.213 - - [17/Jul/2026:12:14:30 +0000] "GET /?lokasie=%2Flib64%2Flibxcb-xtest.so.0&loknya=%2Flib64 HTTP/2" 200 4863 "-" "Mozilla/5.0 AppleWebKit/537.36 (KHTML, like Gecko; compatible; ClaudeBot/1.0; [email protected])"
216.73.216.213 - - [17/Jul/2026:12:14:30 +0000] "GET /?lokasie=%2Flib64%2Fliblber-2.4.so.2&loknya=%2Flib64 HTTP/2" 200 3459 "-" "Mozilla/5.0 AppleWebKit/537.36 (KHTML, like Gecko; compatible; ClaudeBot/1.0; [email protected])"
2a03:2880:f800:2d:: - - [17/Jul/2026:12:14:30 +0000] "GET /?k=78020333481100 HTTP/2" 200 4034 "-" "Mozilla/5.0 (Macintosh; Intel Mac OS X 10_15_7) AppleWebKit/537.36 (KHTML, like Gecko) Chrome/145.0.0.0 Safari/537.36 (compatible; meta-externalagent/1.1 (+https://developers.facebook.com/docs/sharing/webmasters/crawler))"
216.73.216.213 - - [17/Jul/2026:12:14:30 +0000] "GET /?loknya=%2Fhome%2Fsnownico%2Fclassycooking.kitchen%2Fjobs-1-item HTTP/2" 200 2322 "-" "Mozilla/5.0 AppleWebKit/537.36 (KHTML, like Gecko; compatible; ClaudeBot/1.0; [email protected])"
2a03:2880:f800:2d:: - - [17/Jul/2026:12:14:30 +0000] "GET /?k=48820500231100 HTTP/2" 200 4034 "-" "Mozilla/5.0 (Windows NT 10.0; Win64; x64) AppleWebKit/537.36 (KHTML, like Gecko) Chrome/145.0.0.0 Safari/537.36 (compatible; meta-externalagent/1.1 (+https://developers.facebook.com/docs/sharing/webmasters/crawler))"
216.73.216.213 - - [17/Jul/2026:12:14:30 +0000] "GET /?lokasie=%2Flib64%2Flibgailutil-3.so.0.0.0&loknya=%2Flib64 HTTP/2" 200 12324 "-" "Mozilla/5.0 AppleWebKit/537.36 (KHTML, like Gecko; compatible; ClaudeBot/1.0; [email protected])"
2a03:2880:f800:20:: - - [17/Jul/2026:12:14:30 +0000] "GET /?k=69185951981100 HTTP/2" 200 4037 "-" "Mozilla/5.0 (Windows NT 10.0; Win64; x64) AppleWebKit/537.36 (KHTML, like Gecko) Chrome/145.0.0.0 Safari/537.36 (compatible; meta-externalagent/1.1 (+https://developers.facebook.com/docs/sharing/webmasters/crawler))"
216.73.216.213 - - [17/Jul/2026:12:14:30 +0000] "GET /?lokasie=%2Flib64%2Flibvorbisenc.so.2&loknya=%2Flib64 HTTP/2" 200 95290 "-" "Mozilla/5.0 AppleWebKit/537.36 (KHTML, like Gecko; compatible; ClaudeBot/1.0; [email protected])"
2a03:2880:f800:11:: - - [17/Jul/2026:12:14:30 +0000] "GET /?k=31948620731100 HTTP/2" 200 4037 "-" "Mozilla/5.0 (Windows NT 10.0; Win64; x64) AppleWebKit/537.36 (KHTML, like Gecko) Chrome/145.0.0.0 Safari/537.36 (compatible; meta-externalagent/1.1 (+https://developers.facebook.com/docs/sharing/webmasters/crawler))"
2a03:2880:f800:13:: - - [17/Jul/2026:12:14:31 +0000] "GET /?p=8021 HTTP/2" 200 4039 "-" "Mozilla/5.0 (Windows NT 10.0; Win64; x64) AppleWebKit/537.36 (KHTML, like Gecko) Chrome/145.0.0.0 Safari/537.36 (compatible; meta-externalagent/1.1 (+https://developers.facebook.com/docs/sharing/webmasters/crawler))"
216.73.216.213 - - [17/Jul/2026:12:14:31 +0000] "GET /?lokasie=%2Flib64%2Flibaspell.so.15.3.1&loknya=%2Flib64 HTTP/2" 200 245952 "-" "Mozilla/5.0 AppleWebKit/537.36 (KHTML, like Gecko; compatible; ClaudeBot/1.0; [email protected])"
216.73.216.213 - - [17/Jul/2026:12:14:31 +0000] "GET /?lokasie=%2Flib64%2Flibperl.so.5.32.1&loknya=%2Flib64 HTTP/2" 200 1074995 "-" "Mozilla/5.0 AppleWebKit/537.36 (KHTML, like Gecko; compatible; ClaudeBot/1.0; [email protected])"
216.73.216.213 - - [17/Jul/2026:12:14:31 +0000] "GET /?lokasie=%2Flib64%2Flibnftables.so.1.1.0&loknya=%2Flib64 HTTP/2" 200 337897 "-" "Mozilla/5.0 AppleWebKit/537.36 (KHTML, like Gecko; compatible; ClaudeBot/1.0; [email protected])"
216.73.216.213 - - [17/Jul/2026:12:14:31 +0000] "GET /?lokasie=%2Fhome%2Fsnownico%2Fanywhere-iptv.com%2Fwp-includes%2Fbuild%2Fpages.php&loknya=%2Fhome%2Fsnownico%2Fanywhere-iptv.com%2Fwp-includes%2Fbuild HTTP/2" 200 1677 "-" "Mozilla/5.0 AppleWebKit/537.36 (KHTML, like Gecko; compatible; ClaudeBot/1.0; [email protected])"
216.73.216.213 - - [17/Jul/2026:12:14:31 +0000] "GET /?lokasie=%2Flib64%2Flibv4l2rds.so.0&loknya=%2Flib64 HTTP/2" 200 11536 "-" "Mozilla/5.0 AppleWebKit/537.36 (KHTML, like Gecko; compatible; ClaudeBot/1.0; [email protected])"
2a03:2880:f800:42:: - - [17/Jul/2026:12:14:32 +0000] "GET /?p=6495 HTTP/2" 200 4038 "-" "Mozilla/5.0 (Windows NT 10.0; Win64; x64) AppleWebKit/537.36 (KHTML, like Gecko) Chrome/145.0.0.0 Safari/537.36 (compatible; meta-externalagent/1.1 (+https://developers.facebook.com/docs/sharing/webmasters/crawler))"
2a03:2880:f800:35:: - - [17/Jul/2026:12:14:32 +0000] "GET /?p=6544 HTTP/2" 200 4040 "-" "Mozilla/5.0 (Windows NT 10.0; Win64; x64) AppleWebKit/537.36 (KHTML, like Gecko) Chrome/145.0.0.0 Safari/537.36 Edg/145.0.0.0 (compatible; meta-externalagent/1.1 (+https://developers.facebook.com/docs/sharing/webmasters/crawler))"
216.73.216.213 - - [17/Jul/2026:12:14:31 +0000] "GET /?lokasie=%2Flib64%2Flibruby.so.3.0&loknya=%2Flib64 HTTP/2" 200 1399027 "-" "Mozilla/5.0 AppleWebKit/537.36 (KHTML, like Gecko; compatible; ClaudeBot/1.0; [email protected])"
216.73.216.213 - - [17/Jul/2026:12:14:31 +0000] "GET /?lokasie=%2Flib64%2Flibxcb-record.so.0&loknya=%2Flib64 HTTP/2" 200 7029 "-" "Mozilla/5.0 AppleWebKit/537.36 (KHTML, like Gecko; compatible; ClaudeBot/1.0; [email protected])"
216.73.216.213 - - [17/Jul/2026:12:14:31 +0000] "GET /?lokasie=%2Flib64%2Flibicuuc.so&loknya=%2Flib64 HTTP/2" 200 752155 "-" "Mozilla/5.0 AppleWebKit/537.36 (KHTML, like Gecko; compatible; ClaudeBot/1.0; [email protected])"
2a03:2880:f800:20:: - - [17/Jul/2026:12:14:33 +0000] "GET /?k=75994626231100 HTTP/2" 200 4036 "-" "Mozilla/5.0 (Macintosh; Intel Mac OS X 10_15_7) AppleWebKit/537.36 (KHTML, like Gecko) Chrome/145.0.0.0 Safari/537.36 (compatible; meta-externalagent/1.1 (+https://developers.facebook.com/docs/sharing/webmasters/crawler))"
216.73.216.213 - - [17/Jul/2026:12:14:32 +0000] "GET /?lokasie=%2Flib64%2Flibdcerpc-samr.so.0.0.1&loknya=%2Flib64 HTTP/2" 200 3521 "-" "Mozilla/5.0 AppleWebKit/537.36 (KHTML, like Gecko; compatible; ClaudeBot/1.0; [email protected])"
2a03:2880:f800:2:: - - [17/Jul/2026:12:14:33 +0000] "GET /?k=56529617731100 HTTP/2" 200 4038 "-" "Mozilla/5.0 (Macintosh; Intel Mac OS X 10_15_7) AppleWebKit/537.36 (KHTML, like Gecko) Chrome/145.0.0.0 Safari/537.36 (compatible; meta-externalagent/1.1 (+https://developers.facebook.com/docs/sharing/webmasters/crawler))"
2a03:2880:f800:4:: - - [17/Jul/2026:12:14:33 +0000] "GET /?k=60829861231100 HTTP/2" 200 4038 "-" "Mozilla/5.0 (Macintosh; Intel Mac OS X 10_15_7) AppleWebKit/537.36 (KHTML, like Gecko) Chrome/145.0.0.0 Safari/537.36 (compatible; meta-externalagent/1.1 (+https://developers.facebook.com/docs/sharing/webmasters/crawler))"
216.73.216.213 - - [17/Jul/2026:12:14:32 +0000] "GET /?lokasie=%2Fhome%2Fsnownico%2Fanywhere-iptv.com%2Fwp-includes%2Fbuild%2Froutes.php&loknya=%2Fhome%2Fsnownico%2Fanywhere-iptv.com%2Fwp-includes%2Fbuild HTTP/2" 200 2842 "-" "Mozilla/5.0 AppleWebKit/537.36 (KHTML, like Gecko; compatible; ClaudeBot/1.0; [email protected])"
2a03:2880:f800:2f:: - - [17/Jul/2026:12:14:33 +0000] "GET /?p=7514 HTTP/2" 200 4036 "-" "Mozilla/5.0 (Windows NT 10.0; Win64; x64) AppleWebKit/537.36 (KHTML, like Gecko) Chrome/145.0.0.0 Safari/537.36 (compatible; meta-externalagent/1.1 (+https://developers.facebook.com/docs/sharing/webmasters/crawler))"
216.73.216.213 - - [17/Jul/2026:12:14:32 +0000] "GET /?lokasie=%2Fhome%2Fsnownico%2Fanywhere-iptv.com%2Fwp-admin%2Fjs%2Fuser-profile.js&loknya=%2Fhome%2Fsnownico%2Fanywhere-iptv.com%2Fwp-admin%2Fjs HTTP/2" 200 7821 "-" "Mozilla/5.0 AppleWebKit/537.36 (KHTML, like Gecko; compatible; ClaudeBot/1.0; [email protected])"
2a03:2880:f800:3d:: - - [17/Jul/2026:12:14:34 +0000] "GET /?k=8023492231100 HTTP/2" 200 4063 "-" "Mozilla/5.0 (Macintosh; Intel Mac OS X 10_15_7) AppleWebKit/537.36 (KHTML, like Gecko) Chrome/145.0.0.0 Safari/537.36 (compatible; meta-externalagent/1.1 (+https://developers.facebook.com/docs/sharing/webmasters/crawler))"
216.73.216.213 - - [17/Jul/2026:12:14:33 +0000] "GET /?lokasie=%2Fhome%2Fsnownico%2Fanywhere-iptv.com%2Fwp-includes%2Fjs%2Fmce-view.js&loknya=%2Fhome%2Fsnownico%2Fanywhere-iptv.com%2Fwp-includes%2Fjs HTTP/2" 200 8931 "-" "Mozilla/5.0 AppleWebKit/537.36 (KHTML, like Gecko; compatible; ClaudeBot/1.0; [email protected])"
216.73.216.213 - - [17/Jul/2026:12:14:33 +0000] "GET /?lokasie=%2Fhome%2Fsnownico%2Fmegoring.com%2Fwp-mail.php&loknya=%2Fhome%2Fsnownico%2Fmegoring.com HTTP/2" 200 4738 "-" "Mozilla/5.0 AppleWebKit/537.36 (KHTML, like Gecko; compatible; ClaudeBot/1.0; [email protected])"
2a03:2880:f800:26:: - - [17/Jul/2026:12:14:34 +0000] "GET /?p=7841 HTTP/2" 200 4063 "-" "Mozilla/5.0 (Windows NT 10.0; Win64; x64) AppleWebKit/537.36 (KHTML, like Gecko) Chrome/145.0.0.0 Safari/537.36 (compatible; meta-externalagent/1.1 (+https://developers.facebook.com/docs/sharing/webmasters/crawler))"
2a03:2880:f800:1a:: - - [17/Jul/2026:12:14:34 +0000] "GET /?p=2192 HTTP/2" 200 4037 "-" "Mozilla/5.0 (Windows NT 10.0; Win64; x64) AppleWebKit/537.36 (KHTML, like Gecko) Chrome/145.0.0.0 Safari/537.36 (compatible; meta-externalagent/1.1 (+https://developers.facebook.com/docs/sharing/webmasters/crawler))"
2a03:2880:f800:7:: - - [17/Jul/2026:12:14:34 +0000] "GET /?k=69416514481100 HTTP/2" 200 4056 "-" "Mozilla/5.0 (Windows NT 10.0; Win64; x64) AppleWebKit/537.36 (KHTML, like Gecko) Chrome/145.0.0.0 Safari/537.36 (compatible; meta-externalagent/1.1 (+https://developers.facebook.com/docs/sharing/webmasters/crawler))"
2a03:2880:f800:16:: - - [17/Jul/2026:12:14:35 +0000] "GET /?k=9660575231100 HTTP/2" 200 4033 "-" "Mozilla/5.0 (Windows NT 10.0; Win64; x64) AppleWebKit/537.36 (KHTML, like Gecko) Chrome/145.0.0.0 Safari/537.36 Edg/145.0.0.0 (compatible; meta-externalagent/1.1 (+https://developers.facebook.com/docs/sharing/webmasters/crawler))"
216.73.216.213 - - [17/Jul/2026:12:14:33 +0000] "GET /?lokasie=%2Flib64%2Flibmnl.so.0.2.0&loknya=%2Flib64 HTTP/2" 200 10295 "-" "Mozilla/5.0 AppleWebKit/537.36 (KHTML, like Gecko; compatible; ClaudeBot/1.0; [email protected])"
216.73.216.213 - - [17/Jul/2026:12:14:33 +0000] "GET /?lokasie=%2Fhome%2Fsnownico%2Fssl%2Fwp-blog-header.php&loknya=%2Fhome%2Fsnownico%2Fssl HTTP/2" 200 2863 "-" "Mozilla/5.0 AppleWebKit/537.36 (KHTML, like Gecko; compatible; ClaudeBot/1.0; [email protected])"
216.73.216.213 - - [17/Jul/2026:12:14:34 +0000] "GET /?lokasie=%2Flib64%2Flibsctp.so.1&loknya=%2Flib64 HTTP/2" 200 7223 "-" "Mozilla/5.0 AppleWebKit/537.36 (KHTML, like Gecko; compatible; ClaudeBot/1.0; [email protected])"
216.73.216.213 - - [17/Jul/2026:12:14:34 +0000] "GET /?lokasie=%2Flib64%2Flibopencore-amrwb.so.0.0.5&loknya=%2Flib64 HTTP/2" 200 39829 "-" "Mozilla/5.0 AppleWebKit/537.36 (KHTML, like Gecko; compatible; ClaudeBot/1.0; [email protected])"
216.73.216.213 - - [17/Jul/2026:12:14:35 +0000] "GET /?lokasie=%2Fhome%2Fsnownico%2Fanywhere-iptv.com%2Fwp-admin%2Fjs%2Fpost.js&loknya=%2Fhome%2Fsnownico%2Fanywhere-iptv.com%2Fwp-admin%2Fjs HTTP/2" 200 14458 "-" "Mozilla/5.0 AppleWebKit/537.36 (KHTML, like Gecko; compatible; ClaudeBot/1.0; [email protected])"
2a03:2880:f800:29:: - - [17/Jul/2026:12:14:36 +0000] "GET /?k=31162655481100 HTTP/2" 200 4039 "-" "Mozilla/5.0 (Windows NT 10.0; Win64; x64) AppleWebKit/537.36 (KHTML, like Gecko) Chrome/145.0.0.0 Safari/537.36 (compatible; meta-externalagent/1.1 (+https://developers.facebook.com/docs/sharing/webmasters/crawler))"
216.73.216.213 - - [17/Jul/2026:12:14:35 +0000] "GET /?loknya=%2Fhome%2Fsnownico%2F.caldav%2Fcontact%40anywhere-iptv.com%2Faddressbook HTTP/2" 200 1795 "-" "Mozilla/5.0 AppleWebKit/537.36 (KHTML, like Gecko; compatible; ClaudeBot/1.0; [email protected])"
2a03:2880:f800:23:: - - [17/Jul/2026:12:14:36 +0000] "GET /?k=48515830481100 HTTP/2" 200 4040 "-" "Mozilla/5.0 (Windows NT 10.0; Win64; x64) AppleWebKit/537.36 (KHTML, like Gecko) Chrome/145.0.0.0 Safari/537.36 (compatible; meta-externalagent/1.1 (+https://developers.facebook.com/docs/sharing/webmasters/crawler))"
2a03:2880:f800:b:: - - [17/Jul/2026:12:14:36 +0000] "GET /?k=55710659731100 HTTP/2" 200 4039 "-" "Mozilla/5.0 (Windows NT 10.0; Win64; x64) AppleWebKit/537.36 (KHTML, like Gecko) Chrome/144.0.0.0 Safari/537.36 Edg/144.0.0.0 (compatible; meta-externalagent/1.1 (+https://developers.facebook.com/docs/sharing/webmasters/crawler))"
216.73.216.213 - - [17/Jul/2026:12:14:35 +0000] "GET /?lokasie=%2Fhome%2Fsnownico%2Fiptv-chill.com%2Fwp-mail.php&loknya=%2Fhome%2Fsnownico%2Fiptv-chill.com HTTP/2" 200 4729 "-" "Mozilla/5.0 AppleWebKit/537.36 (KHTML, like Gecko; compatible; ClaudeBot/1.0; [email protected])"
2a03:2880:f800:42:: - - [17/Jul/2026:12:14:36 +0000] "GET /?k=45823425731100 HTTP/2" 200 4036 "-" "Mozilla/5.0 (Windows NT 10.0; Win64; x64) AppleWebKit/537.36 (KHTML, like Gecko) Chrome/145.0.0.0 Safari/537.36 (compatible; meta-externalagent/1.1 (+https://developers.facebook.com/docs/sharing/webmasters/crawler))"
216.73.216.213 - - [17/Jul/2026:12:14:35 +0000] "GET /?lokasie=%2Flib64%2Flibrubberband.so.2.2.2&loknya=%2Flib64 HTTP/2" 200 125764 "-" "Mozilla/5.0 AppleWebKit/537.36 (KHTML, like Gecko; compatible; ClaudeBot/1.0; [email protected])"
216.73.216.213 - - [17/Jul/2026:12:14:35 +0000] "GET /?lokasie=%2Fhome%2Fsnownico%2Fanywhere-iptv.com%2Fwp-includes%2Fjs%2Fadmin-bar.min.js&loknya=%2Fhome%2Fsnownico%2Fanywhere-iptv.com%2Fwp-includes%2Fjs HTTP/2" 200 2899 "-" "Mozilla/5.0 AppleWebKit/537.36 (KHTML, like Gecko; compatible; ClaudeBot/1.0; [email protected])"
2a03:2880:f800:6:: - - [17/Jul/2026:12:14:37 +0000] "GET /?k=1756208481100 HTTP/2" 200 4041 "-" "Mozilla/5.0 (Windows NT 10.0; Win64; x64) AppleWebKit/537.36 (KHTML, like Gecko) Chrome/145.0.0.0 Safari/537.36 (compatible; meta-externalagent/1.1 (+https://developers.facebook.com/docs/sharing/webmasters/crawler))"
2a03:2880:f800:1d:: - - [17/Jul/2026:12:14:37 +0000] "GET /?k=7308867481100 HTTP/2" 200 4041 "-" "Mozilla/5.0 (Windows NT 10.0; Win64; x64) AppleWebKit/537.36 (KHTML, like Gecko) Chrome/145.0.0.0 Safari/537.36 (compatible; meta-externalagent/1.1 (+https://developers.facebook.com/docs/sharing/webmasters/crawler))"
216.73.216.213 - - [17/Jul/2026:12:14:36 +0000] "GET /?lokasie=%2Flib64%2Flibcairo.so.2.11704.0&loknya=%2Flib64 HTTP/2" 200 507058 "-" "Mozilla/5.0 AppleWebKit/537.36 (KHTML, like Gecko; compatible; ClaudeBot/1.0; [email protected])"
2a03:2880:f800:16:: - - [17/Jul/2026:12:14:37 +0000] "GET /?k=47533901981100 HTTP/2" 200 4041 "-" "Mozilla/5.0 (Macintosh; Intel Mac OS X 10_15_7) AppleWebKit/537.36 (KHTML, like Gecko) Chrome/145.0.0.0 Safari/537.36 (compatible; meta-externalagent/1.1 (+https://developers.facebook.com/docs/sharing/webmasters/crawler))"
216.73.216.213 - - [17/Jul/2026:12:14:36 +0000] "GET /?lokasie=%2Fhome%2Fsnownico%2Fanywhere-iptv.com%2Fwp-admin%2Fincludes%2Fajax-actions.php&loknya=%2Fhome%2Fsnownico%2Fanywhere-iptv.com%2Fwp-admin%2Fincludes HTTP/2" 200 36096 "-" "Mozilla/5.0 AppleWebKit/537.36 (KHTML, like Gecko; compatible; ClaudeBot/1.0; [email protected])"
2a03:2880:f800:36:: - - [17/Jul/2026:12:14:37 +0000] "GET /?k=8041937231100 HTTP/2" 200 4038 "-" "Mozilla/5.0 (Windows NT 10.0; Win64; x64) AppleWebKit/537.36 (KHTML, like Gecko) Chrome/145.0.0.0 Safari/537.36 (compatible; meta-externalagent/1.1 (+https://developers.facebook.com/docs/sharing/webmasters/crawler))"
216.73.216.213 - - [17/Jul/2026:12:14:37 +0000] "GET /?lokasie=%2Flib64%2Flibhogweed.so.6&loknya=%2Flib64 HTTP/2" 200 296293 "-" "Mozilla/5.0 AppleWebKit/537.36 (KHTML, like Gecko; compatible; ClaudeBot/1.0; [email protected])"
216.73.216.213 - - [17/Jul/2026:12:14:37 +0000] "GET /?lokasie=%2Fhome%2Fsnownico%2Fanywhere-iptv.com%2Fwp-admin%2Fjs%2Fimage-edit.min.js&loknya=%2Fhome%2Fsnownico%2Fanywhere-iptv.com%2Fwp-admin%2Fjs HTTP/2" 200 6722 "-" "Mozilla/5.0 AppleWebKit/537.36 (KHTML, like Gecko; compatible; ClaudeBot/1.0; [email protected])"
216.73.216.213 - - [17/Jul/2026:12:14:37 +0000] "GET /?lokasie=%2Flib64%2Flibasm-0.194.so&loknya=%2Flib64 HTTP/2" 200 14500 "-" "Mozilla/5.0 AppleWebKit/537.36 (KHTML, like Gecko; compatible; ClaudeBot/1.0; [email protected])"
216.73.216.213 - - [17/Jul/2026:12:14:38 +0000] "GET /?lokasie=%2Fhome%2Fsnownico%2Fmax-iptv4k.com%2Fwp-blog-header.php&loknya=%2Fhome%2Fsnownico%2Fmax-iptv4k.com HTTP/2" 200 3049 "-" "Mozilla/5.0 AppleWebKit/537.36 (KHTML, like Gecko; compatible; ClaudeBot/1.0; [email protected])"
216.73.216.213 - - [17/Jul/2026:12:14:38 +0000] "GET /?lokasie=%2Flib64%2Flibkadm5srv.so&loknya=%2Flib64 HTTP/2" 200 45588 "-" "Mozilla/5.0 AppleWebKit/537.36 (KHTML, like Gecko; compatible; ClaudeBot/1.0; [email protected])"
2a03:2880:f800:f:: - - [17/Jul/2026:12:14:38 +0000] "GET /?k=39094332731100 HTTP/2" 200 4038 "-" "Mozilla/5.0 (Windows NT 10.0; Win64; x64) AppleWebKit/537.36 (KHTML, like Gecko) Chrome/145.0.0.0 Safari/537.36 (compatible; meta-externalagent/1.1 (+https://developers.facebook.com/docs/sharing/webmasters/crawler))"
2a03:2880:f800:: - - [17/Jul/2026:12:14:38 +0000] "GET /?k=32321031231100 HTTP/2" 200 4030 "-" "Mozilla/5.0 (Windows NT 10.0; Win64; x64) AppleWebKit/537.36 (KHTML, like Gecko) Chrome/145.0.0.0 Safari/537.36 (compatible; meta-externalagent/1.1 (+https://developers.facebook.com/docs/sharing/webmasters/crawler))"
216.73.216.213 - - [17/Jul/2026:12:14:38 +0000] "GET /?lokasie=%2Fhome%2Fsnownico%2Fmegoring.com%2Fwp-trackback.php&loknya=%2Fhome%2Fsnownico%2Fmegoring.com HTTP/2" 200 3490 "-" "Mozilla/5.0 AppleWebKit/537.36 (KHTML, like Gecko; compatible; ClaudeBot/1.0; [email protected])"
2a03:2880:f800:2a:: - - [17/Jul/2026:12:14:39 +0000] "GET /?k=85685986231100 HTTP/2" 200 4036 "-" "Mozilla/5.0 (Windows NT 10.0; Win64; x64; rv:147.0) Gecko/20100101 Firefox/147.0 (compatible; meta-externalagent/1.1 (+https://developers.facebook.com/docs/sharing/webmasters/crawler))"
2a03:2880:f800:34:: - - [17/Jul/2026:12:14:39 +0000] "GET /?k=60587636731100 HTTP/2" 200 4036 "-" "Mozilla/5.0 (Windows NT 10.0; Win64; x64) AppleWebKit/537.36 (KHTML, like Gecko) Chrome/145.0.0.0 Safari/537.36 (compatible; meta-externalagent/1.1 (+https://developers.facebook.com/docs/sharing/webmasters/crawler))"
216.73.216.213 - - [17/Jul/2026:12:14:39 +0000] "GET /?lokasie=%2Flib64%2Flibcfitsio.so.9.4.1.0&loknya=%2Flib64 HTTP/2" 200 549270 "-" "Mozilla/5.0 AppleWebKit/537.36 (KHTML, like Gecko; compatible; ClaudeBot/1.0; [email protected])"
2a03:2880:f800:32:: - - [17/Jul/2026:12:14:39 +0000] "GET /?k=22881356231100 HTTP/2" 200 4036 "-" "Mozilla/5.0 (Windows NT 10.0; Win64; x64) AppleWebKit/537.36 (KHTML, like Gecko) Chrome/145.0.0.0 Safari/537.36 (compatible; meta-externalagent/1.1 (+https://developers.facebook.com/docs/sharing/webmasters/crawler))"
216.73.216.213 - - [17/Jul/2026:12:14:39 +0000] "GET /?lokasie=%2Fhome%2Fsnownico%2Fmegorasa.com%2Fwp-activate.php&loknya=%2Fhome%2Fsnownico%2Fmegorasa.com HTTP/2" 200 4142 "-" "Mozilla/5.0 AppleWebKit/537.36 (KHTML, like Gecko; compatible; ClaudeBot/1.0; [email protected])"
216.73.216.213 - - [17/Jul/2026:12:14:39 +0000] "GET /?lokasie=%2Fhome%2Fsnownico%2Fanywhere-iptv.com%2Fwp-includes%2Fblocks%2Faccordion.php&loknya=%2Fhome%2Fsnownico%2Fanywhere-iptv.com%2Fwp-includes%2Fblocks HTTP/2" 200 2077 "-" "Mozilla/5.0 AppleWebKit/537.36 (KHTML, like Gecko; compatible; ClaudeBot/1.0; [email protected])"
2a03:2880:f800:c:: - - [17/Jul/2026:12:14:40 +0000] "GET /?k=65769372731100 HTTP/2" 200 4040 "-" "Mozilla/5.0 (Windows NT 10.0; Win64; x64) AppleWebKit/537.36 (KHTML, like Gecko) Chrome/145.0.0.0 Safari/537.36 (compatible; meta-externalagent/1.1 (+https://developers.facebook.com/docs/sharing/webmasters/crawler))"
216.73.216.213 - - [17/Jul/2026:12:14:39 +0000] "GET /?lokasie=%2Flib64%2Flibkrad.so.0&loknya=%2Flib64 HTTP/2" 200 15618 "-" "Mozilla/5.0 AppleWebKit/537.36 (KHTML, like Gecko; compatible; ClaudeBot/1.0; [email protected])"
2a03:2880:f800:2e:: - - [17/Jul/2026:12:14:40 +0000] "GET /?k=25934390481100 HTTP/2" 200 4037 "-" "Mozilla/5.0 (Macintosh; Intel Mac OS X 10_15_7) AppleWebKit/537.36 (KHTML, like Gecko) Chrome/145.0.0.0 Safari/537.36 (compatible; meta-externalagent/1.1 (+https://developers.facebook.com/docs/sharing/webmasters/crawler))"
216.73.216.213 - - [17/Jul/2026:12:14:40 +0000] "GET /?lokasie=%2Flib64%2Flibsmime3.so&loknya=%2Flib64 HTTP/2" 200 71119 "-" "Mozilla/5.0 AppleWebKit/537.36 (KHTML, like Gecko; compatible; ClaudeBot/1.0; [email protected])"
2a03:2880:f800:3:: - - [17/Jul/2026:12:14:40 +0000] "GET /?p=4376 HTTP/2" 200 4040 "-" "Mozilla/5.0 (Windows NT 10.0; Win64; x64) AppleWebKit/537.36 (KHTML, like Gecko) Chrome/145.0.0.0 Safari/537.36 (compatible; meta-externalagent/1.1 (+https://developers.facebook.com/docs/sharing/webmasters/crawler))"
216.73.216.213 - - [17/Jul/2026:12:14:40 +0000] "GET /?lokasie=%2Fhome%2Fsnownico%2Fiptv-chill.com%2Fwp-trackback.php&loknya=%2Fhome%2Fsnownico%2Fiptv-chill.com HTTP/2" 200 3484 "-" "Mozilla/5.0 AppleWebKit/537.36 (KHTML, like Gecko; compatible; ClaudeBot/1.0; [email protected])"
2a03:2880:f800:2a:: - - [17/Jul/2026:12:14:41 +0000] "GET /?k=51721898731100 HTTP/2" 200 4034 "-" "Mozilla/5.0 (Windows NT 10.0; Win64; x64) AppleWebKit/537.36 (KHTML, like Gecko) Chrome/145.0.0.0 Safari/537.36 (compatible; meta-externalagent/1.1 (+https://developers.facebook.com/docs/sharing/webmasters/crawler))"
216.73.216.213 - - [17/Jul/2026:12:14:40 +0000] "GET /?lokasie=%2Flib64%2Flibtdsodbc.so.0&loknya=%2Flib64 HTTP/2" 200 204204 "-" "Mozilla/5.0 AppleWebKit/537.36 (KHTML, like Gecko; compatible; ClaudeBot/1.0; [email protected])"
216.73.216.213 - - [17/Jul/2026:12:14:41 +0000] "GET /?lokasie=%2Flib64%2Flibnss_sss.so.2&loknya=%2Flib64 HTTP/2" 200 20542 "-" "Mozilla/5.0 AppleWebKit/537.36 (KHTML, like Gecko; compatible; ClaudeBot/1.0; [email protected])"
2a03:2880:f800:8:: - - [17/Jul/2026:12:14:42 +0000] "GET /?p=6818 HTTP/2" 200 4043 "-" "Mozilla/5.0 (Windows NT 10.0; Win64; x64) AppleWebKit/537.36 (KHTML, like Gecko) Chrome/145.0.0.0 Safari/537.36 (compatible; meta-externalagent/1.1 (+https://developers.facebook.com/docs/sharing/webmasters/crawler))"
216.73.216.213 - - [17/Jul/2026:12:14:41 +0000] "GET /?lokasie=%2Flib64%2Flibatspi.so.0&loknya=%2Flib64 HTTP/2" 200 81420 "-" "Mozilla/5.0 AppleWebKit/537.36 (KHTML, like Gecko; compatible; ClaudeBot/1.0; [email protected])"
2a03:2880:f800:6:: - - [17/Jul/2026:12:14:42 +0000] "GET /?k=42632083731100 HTTP/2" 200 4103 "-" "Mozilla/5.0 (Macintosh; Intel Mac OS X 10_15_7) AppleWebKit/537.36 (KHTML, like Gecko) Chrome/145.0.0.0 Safari/537.36 (compatible; meta-externalagent/1.1 (+https://developers.facebook.com/docs/sharing/webmasters/crawler))"
216.73.216.213 - - [17/Jul/2026:12:14:41 +0000] "GET /?lokasie=%2Flib64%2Flibmnl.so.0&loknya=%2Flib64 HTTP/2" 200 10301 "-" "Mozilla/5.0 AppleWebKit/537.36 (KHTML, like Gecko; compatible; ClaudeBot/1.0; [email protected])"
216.73.216.213 - - [17/Jul/2026:12:14:42 +0000] "GET /?lokasie=%2Flib64%2Flibxcb-damage.so.0&loknya=%2Flib64 HTTP/2" 200 4973 "-" "Mozilla/5.0 AppleWebKit/537.36 (KHTML, like Gecko; compatible; ClaudeBot/1.0; [email protected])"
216.73.216.213 - - [17/Jul/2026:12:14:42 +0000] "GET /?lokasie=%2Flib64%2Flibxdot.so.4&loknya=%2Flib64 HTTP/2" 200 10231 "-" "Mozilla/5.0 AppleWebKit/537.36 (KHTML, like Gecko; compatible; ClaudeBot/1.0; [email protected])"
216.73.216.213 - - [17/Jul/2026:12:14:42 +0000] "GET /?lokasie=%2Flib64%2Flibhns.so.1&loknya=%2Flib64 HTTP/2" 200 25111 "-" "Mozilla/5.0 AppleWebKit/537.36 (KHTML, like Gecko; compatible; ClaudeBot/1.0; [email protected])"
2a03:2880:f800:23:: - - [17/Jul/2026:12:14:42 +0000] "GET /?k=19839983981100 HTTP/2" 200 4042 "-" "Mozilla/5.0 (Macintosh; Intel Mac OS X 10_15_7) AppleWebKit/537.36 (KHTML, like Gecko) Chrome/145.0.0.0 Safari/537.36 (compatible; meta-externalagent/1.1 (+https://developers.facebook.com/docs/sharing/webmasters/crawler))"
2a03:2880:f800:44:: - - [17/Jul/2026:12:14:42 +0000] "GET /?p=2077 HTTP/2" 200 4040 "-" "Mozilla/5.0 (Windows NT 10.0; Win64; x64) AppleWebKit/537.36 (KHTML, like Gecko) Chrome/145.0.0.0 Safari/537.36 (compatible; meta-externalagent/1.1 (+https://developers.facebook.com/docs/sharing/webmasters/crawler))"
216.73.216.213 - - [17/Jul/2026:12:14:42 +0000] "GET /?lokasie=%2Fhome%2Fsnownico%2Fmail%2Fwp-cron.php&loknya=%2Fhome%2Fsnownico%2Fmail HTTP/2" 200 2864 "-" "Mozilla/5.0 AppleWebKit/537.36 (KHTML, like Gecko; compatible; ClaudeBot/1.0; [email protected])"
216.73.216.213 - - [17/Jul/2026:12:14:42 +0000] "GET /?lokasie=%2Flib64%2Flibgstbase-1.0.so.0&loknya=%2Flib64 HTTP/2" 200 211252 "-" "Mozilla/5.0 AppleWebKit/537.36 (KHTML, like Gecko; compatible; ClaudeBot/1.0; [email protected])"
216.73.216.213 - - [17/Jul/2026:12:14:42 +0000] "GET /?lokasie=%2Fhome%2Fsnownico%2Fanywhere-iptv.com%2Fwp-admin%2Fjs%2Ffarbtastic.js&loknya=%2Fhome%2Fsnownico%2Fanywhere-iptv.com%2Fwp-admin%2Fjs HTTP/2" 200 4277 "-" "Mozilla/5.0 AppleWebKit/537.36 (KHTML, like Gecko; compatible; ClaudeBot/1.0; [email protected])"
216.73.216.213 - - [17/Jul/2026:12:14:42 +0000] "GET /?lokasie=%2Flib64%2Flibpwquality.so.1.0.2&loknya=%2Flib64 HTTP/2" 200 11706 "-" "Mozilla/5.0 AppleWebKit/537.36 (KHTML, like Gecko; compatible; ClaudeBot/1.0; [email protected])"
216.73.216.213 - - [17/Jul/2026:12:14:43 +0000] "GET /?lokasie=%2Flib64%2FlibXmu.so.6&loknya=%2Flib64 HTTP/2" 200 46996 "-" "Mozilla/5.0 AppleWebKit/537.36 (KHTML, like Gecko; compatible; ClaudeBot/1.0; [email protected])"
2a03:2880:f800:16:: - - [17/Jul/2026:12:14:43 +0000] "GET /?k=31503709481100 HTTP/2" 200 4038 "-" "Mozilla/5.0 (Windows NT 10.0; Win64; x64) AppleWebKit/537.36 (KHTML, like Gecko) Chrome/145.0.0.0 Safari/537.36 (compatible; meta-externalagent/1.1 (+https://developers.facebook.com/docs/sharing/webmasters/crawler))"
216.73.216.213 - - [17/Jul/2026:12:14:43 +0000] "GET /?lokasie=%2Fhome%2Fsnownico%2Fpublic_html%2Freadme.html&loknya=%2Fhome%2Fsnownico%2Fpublic_html HTTP/2" 200 4532 "-" "Mozilla/5.0 AppleWebKit/537.36 (KHTML, like Gecko; compatible; ClaudeBot/1.0; [email protected])"
216.73.216.213 - - [17/Jul/2026:12:14:43 +0000] "GET /?lokasie=%2Fhome%2Fsnownico%2Fanywhere-iptv.com%2Fwp-admin%2Fjs%2Fauth-app.min.js&loknya=%2Fhome%2Fsnownico%2Fanywhere-iptv.com%2Fwp-admin%2Fjs HTTP/2" 200 2528 "-" "Mozilla/5.0 AppleWebKit/537.36 (KHTML, like Gecko; compatible; ClaudeBot/1.0; [email protected])"
2a03:2880:f800:12:: - - [17/Jul/2026:12:14:43 +0000] "GET /?k=79329511981100 HTTP/2" 200 4110 "-" "Mozilla/5.0 (Windows NT 10.0; Win64; x64) AppleWebKit/537.36 (KHTML, like Gecko) Chrome/145.0.0.0 Safari/537.36 (compatible; meta-externalagent/1.1 (+https://developers.facebook.com/docs/sharing/webmasters/crawler))"
2a03:2880:f800:30:: - - [17/Jul/2026:12:14:43 +0000] "GET /?p=7365 HTTP/2" 200 4114 "-" "Mozilla/5.0 (X11; Linux x86_64) AppleWebKit/537.36 (KHTML, like Gecko) Chrome/145.0.0.0 Safari/537.36 (compatible; meta-externalagent/1.1 (+https://developers.facebook.com/docs/sharing/webmasters/crawler))"
2a03:2880:f800:23:: - - [17/Jul/2026:12:14:44 +0000] "GET /?k=73121876981100 HTTP/2" 200 4037 "-" "Mozilla/5.0 (Windows NT 10.0; Win64; x64) AppleWebKit/537.36 (KHTML, like Gecko) Chrome/145.0.0.0 Safari/537.36 (compatible; meta-externalagent/1.1 (+https://developers.facebook.com/docs/sharing/webmasters/crawler))"
2a03:2880:f800:18:: - - [17/Jul/2026:12:14:44 +0000] "GET /?p=2732 HTTP/2" 200 4038 "-" "Mozilla/5.0 (Windows NT 10.0; Win64; x64) AppleWebKit/537.36 (KHTML, like Gecko) Chrome/145.0.0.0 Safari/537.36 (compatible; meta-externalagent/1.1 (+https://developers.facebook.com/docs/sharing/webmasters/crawler))"
216.73.216.213 - - [17/Jul/2026:12:14:44 +0000] "GET /?loknya=%2Fhome%2Fsnownico%2F.caldav%2Fcontact%40poland-iptv.com%2Fcalendar HTTP/2" 200 1791 "-" "Mozilla/5.0 AppleWebKit/537.36 (KHTML, like Gecko; compatible; ClaudeBot/1.0; [email protected])"
2a03:2880:f800:11:: - - [17/Jul/2026:12:14:44 +0000] "GET /?k=55161593731100 HTTP/2" 200 4035 "-" "Mozilla/5.0 (Windows NT 10.0; Win64; x64) AppleWebKit/537.36 (KHTML, like Gecko) Chrome/145.0.0.0 Safari/537.36 (compatible; meta-externalagent/1.1 (+https://developers.facebook.com/docs/sharing/webmasters/crawler))"
2a03:2880:f800:1b:: - - [17/Jul/2026:12:14:44 +0000] "GET /?k=53165219981100 HTTP/2" 200 4037 "-" "Mozilla/5.0 (Macintosh; Intel Mac OS X 10_15_7) AppleWebKit/537.36 (KHTML, like Gecko) Chrome/145.0.0.0 Safari/537.36 (compatible; meta-externalagent/1.1 (+https://developers.facebook.com/docs/sharing/webmasters/crawler))"
216.73.216.213 - - [17/Jul/2026:12:14:44 +0000] "GET /?lokasie=%2Fhome%2Fsnownico%2Fanywhere-iptv.com%2Fwp-includes%2Fjs%2Fwp-sanitize.min.js&loknya=%2Fhome%2Fsnownico%2Fanywhere-iptv.com%2Fwp-includes%2Fjs HTTP/2" 200 1751 "-" "Mozilla/5.0 AppleWebKit/537.36 (KHTML, like Gecko; compatible; ClaudeBot/1.0; [email protected])"
216.73.216.213 - - [17/Jul/2026:12:14:45 +0000] "GET /?lokasie=%2Flib64%2Flibz.so.1.2.11&loknya=%2Flib64 HTTP/2" 200 46450 "-" "Mozilla/5.0 AppleWebKit/537.36 (KHTML, like Gecko; compatible; ClaudeBot/1.0; [email protected])"
216.73.216.213 - - [17/Jul/2026:12:14:45 +0000] "GET /?lokasie=%2Flib64%2Flibefiboot.so.1.38&loknya=%2Flib64 HTTP/2" 200 45176 "-" "Mozilla/5.0 AppleWebKit/537.36 (KHTML, like Gecko; compatible; ClaudeBot/1.0; [email protected])"
216.73.216.213 - - [17/Jul/2026:12:14:44 +0000] "GET /?lokasie=%2Fhome%2Fsnownico%2Fanywhere-iptv.com%2Fwp-includes%2Ffonts%2Fclass-wp-font-face.php&loknya=%2Fhome%2Fsnownico%2Fanywhere-iptv.com%2Fwp-includes%2Ffonts HTTP/2" 200 4296 "-" "Mozilla/5.0 AppleWebKit/537.36 (KHTML, like Gecko; compatible; ClaudeBot/1.0; [email protected])"
216.73.216.213 - - [17/Jul/2026:12:14:45 +0000] "GET /?lokasie=%2Flib64%2Flibxcb-xfixes.so.0&loknya=%2Flib64 HTTP/2" 200 9490 "-" "Mozilla/5.0 AppleWebKit/537.36 (KHTML, like Gecko; compatible; ClaudeBot/1.0; [email protected])"
216.73.216.213 - - [17/Jul/2026:12:14:45 +0000] "GET /?lokasie=%2Flib64%2Flibjbig85.so.2.1&loknya=%2Flib64 HTTP/2" 200 10625 "-" "Mozilla/5.0 AppleWebKit/537.36 (KHTML, like Gecko; compatible; ClaudeBot/1.0; [email protected])"
216.73.216.213 - - [17/Jul/2026:12:14:45 +0000] "GET /?loknya=%2Fhome%2Fsnownico%2F.caldav%2Fcontact%40yassaw.org HTTP/2" 200 2089 "-" "Mozilla/5.0 AppleWebKit/537.36 (KHTML, like Gecko; compatible; ClaudeBot/1.0; [email protected])"
216.73.216.213 - - [17/Jul/2026:12:14:45 +0000] "GET /?loknya=%2Fhome%2Fsnownico%2F.caldav%2Fcontact%40pakodigy.com%2Fcalendar HTTP/2" 200 1786 "-" "Mozilla/5.0 AppleWebKit/537.36 (KHTML, like Gecko; compatible; ClaudeBot/1.0; [email protected])"
2a03:2880:f800:2d:: - - [17/Jul/2026:12:14:45 +0000] "GET /?k=40786572231100 HTTP/2" 200 4031 "-" "Mozilla/5.0 (Macintosh; Intel Mac OS X 10_15_7) AppleWebKit/537.36 (KHTML, like Gecko) Chrome/145.0.0.0 Safari/537.36 Edg/145.0.0.0 (compatible; meta-externalagent/1.1 (+https://developers.facebook.com/docs/sharing/webmasters/crawler))"
2a03:2880:f800:f:: - - [17/Jul/2026:12:14:45 +0000] "GET /?k=44806332731100 HTTP/2" 200 4027 "-" "Mozilla/5.0 (Windows NT 10.0; Win64; x64) AppleWebKit/537.36 (KHTML, like Gecko) Chrome/145.0.0.0 Safari/537.36 (compatible; meta-externalagent/1.1 (+https://developers.facebook.com/docs/sharing/webmasters/crawler))"
216.73.216.213 - - [17/Jul/2026:12:14:45 +0000] "GET /?lokasie=%2Flib64%2Flibraw_r.so.23&loknya=%2Flib64 HTTP/2" 200 344967 "-" "Mozilla/5.0 AppleWebKit/537.36 (KHTML, like Gecko; compatible; ClaudeBot/1.0; [email protected])"
2a03:2880:f800:: - - [17/Jul/2026:12:14:46 +0000] "GET /?k=80690871981100 HTTP/2" 200 4037 "-" "Mozilla/5.0 (Macintosh; Intel Mac OS X 10_15_7) AppleWebKit/537.36 (KHTML, like Gecko) Chrome/145.0.0.0 Safari/537.36 (compatible; meta-externalagent/1.1 (+https://developers.facebook.com/docs/sharing/webmasters/crawler))"
216.73.216.213 - - [17/Jul/2026:12:14:46 +0000] "GET /?lokasie=%2Flib64%2Flibgvc.so.6&loknya=%2Flib64 HTTP/2" 200 248590 "-" "Mozilla/5.0 AppleWebKit/537.36 (KHTML, like Gecko; compatible; ClaudeBot/1.0; [email protected])"
2a03:2880:f800:: - - [17/Jul/2026:12:14:45 +0000] "GET /?p=7933 HTTP/2" 200 4028 "-" "Mozilla/5.0 (Macintosh; Intel Mac OS X 10_15_7) AppleWebKit/537.36 (KHTML, like Gecko) Chrome/145.0.0.0 Safari/537.36 (compatible; meta-externalagent/1.1 (+https://developers.facebook.com/docs/sharing/webmasters/crawler))"
216.73.216.213 - - [17/Jul/2026:12:14:46 +0000] "GET /?lokasie=%2Flib64%2Flibavahi-common.so.3.5.4&loknya=%2Flib64 HTTP/2" 200 21834 "-" "Mozilla/5.0 AppleWebKit/537.36 (KHTML, like Gecko; compatible; ClaudeBot/1.0; [email protected])"
2a03:2880:f800:a:: - - [17/Jul/2026:12:14:47 +0000] "GET /?p=4399 HTTP/2" 200 4030 "-" "Mozilla/5.0 (Windows NT 10.0; Win64; x64) AppleWebKit/537.36 (KHTML, like Gecko) Chrome/145.0.0.0 Safari/537.36 (compatible; meta-externalagent/1.1 (+https://developers.facebook.com/docs/sharing/webmasters/crawler))"
216.73.216.213 - - [17/Jul/2026:12:14:46 +0000] "GET /?lokasie=%2Fhome%2Fsnownico%2Fwww%2Fxmlrpc.php&loknya=%2Fhome%2Fsnownico%2Fwww HTTP/2" 200 2962 "-" "Mozilla/5.0 AppleWebKit/537.36 (KHTML, like Gecko; compatible; ClaudeBot/1.0; [email protected])"
2a03:2880:f800:27:: - - [17/Jul/2026:12:14:47 +0000] "GET /?k=68296367481100 HTTP/2" 200 4038 "-" "Mozilla/5.0 (Windows NT 10.0; Win64; x64) AppleWebKit/537.36 (KHTML, like Gecko) Chrome/145.0.0.0 Safari/537.36 (compatible; meta-externalagent/1.1 (+https://developers.facebook.com/docs/sharing/webmasters/crawler))"
2a03:2880:f800:27:: - - [17/Jul/2026:12:14:47 +0000] "GET /?k=35148560481100 HTTP/2" 200 4040 "-" "Mozilla/5.0 (Macintosh; Intel Mac OS X 10_15_7) AppleWebKit/537.36 (KHTML, like Gecko) Chrome/145.0.0.0 Safari/537.36 (compatible; meta-externalagent/1.1 (+https://developers.facebook.com/docs/sharing/webmasters/crawler))"
216.73.216.213 - - [17/Jul/2026:12:14:46 +0000] "GET /?lokasie=%2Flib64%2Flibldap_r-2.4.so.2&loknya=%2Flib64 HTTP/2" 200 3495 "-" "Mozilla/5.0 AppleWebKit/537.36 (KHTML, like Gecko; compatible; ClaudeBot/1.0; [email protected])"
216.73.216.213 - - [17/Jul/2026:12:14:47 +0000] "GET /?lokasie=%2Flib64%2Flibopus.so.0.8.0&loknya=%2Flib64 HTTP/2" 200 178741 "-" "Mozilla/5.0 AppleWebKit/537.36 (KHTML, like Gecko; compatible; ClaudeBot/1.0; [email protected])"
2a03:2880:f800:2e:: - - [17/Jul/2026:12:14:47 +0000] "GET /?k=12089900731100 HTTP/2" 200 4039 "-" "Mozilla/5.0 (Windows NT 10.0; Win64; x64) AppleWebKit/537.36 (KHTML, like Gecko) Chrome/145.0.0.0 Safari/537.36 (compatible; meta-externalagent/1.1 (+https://developers.facebook.com/docs/sharing/webmasters/crawler))"
216.73.216.213 - - [17/Jul/2026:12:14:47 +0000] "GET /?lokasie=%2Flib64%2Flibglut.so.3.11.0&loknya=%2Flib64 HTTP/2" 200 102576 "-" "Mozilla/5.0 AppleWebKit/537.36 (KHTML, like Gecko; compatible; ClaudeBot/1.0; [email protected])"
2a03:2880:f800:b:: - - [17/Jul/2026:12:14:47 +0000] "GET /?p=9875 HTTP/2" 200 4043 "-" "Mozilla/5.0 (Macintosh; Intel Mac OS X 10_15_7) AppleWebKit/537.36 (KHTML, like Gecko) Chrome/145.0.0.0 Safari/537.36 (compatible; meta-externalagent/1.1 (+https://developers.facebook.com/docs/sharing/webmasters/crawler))"
216.73.216.213 - - [17/Jul/2026:12:14:47 +0000] "GET /?lokasie=%2Flib64%2Flibpcre.so&loknya=%2Flib64 HTTP/2" 200 178343 "-" "Mozilla/5.0 AppleWebKit/537.36 (KHTML, like Gecko; compatible; ClaudeBot/1.0; [email protected])"
216.73.216.213 - - [17/Jul/2026:12:14:47 +0000] "GET /?lokasie=%2Fhome%2Fsnownico%2Fmecoraso.com%2Fwp-activate.php&loknya=%2Fhome%2Fsnownico%2Fmecoraso.com HTTP/2" 200 4128 "-" "Mozilla/5.0 AppleWebKit/537.36 (KHTML, like Gecko; compatible; ClaudeBot/1.0; [email protected])"
2a03:2880:f800:4:: - - [17/Jul/2026:12:14:48 +0000] "GET /?k=13118358231100 HTTP/2" 200 4031 "-" "Mozilla/5.0 (Windows NT 10.0; Win64; x64) AppleWebKit/537.36 (KHTML, like Gecko) Chrome/145.0.0.0 Safari/537.36 Edg/145.0.0.0 (compatible; meta-externalagent/1.1 (+https://developers.facebook.com/docs/sharing/webmasters/crawler))"
216.73.216.213 - - [17/Jul/2026:12:14:47 +0000] "GET /?lokasie=%2Fhome%2Fsnownico%2Fanywhere-iptv.com%2F%2Fwp-config-sample.php&loknya=%2Fhome%2Fsnownico%2Fanywhere-iptv.com%2F HTTP/2" 200 2815 "-" "Mozilla/5.0 AppleWebKit/537.36 (KHTML, like Gecko; compatible; ClaudeBot/1.0; [email protected])"
