65.181.116.207 - - [16/Jul/2026:23:39:33 +0000] "POST /wp-cron.php?doing_wp_cron=1784245173.3681631088256835937500 HTTP/2" 200 0 "-" "WordPress/7.0.1; https://www.iptv-portugal.com"
2a03:2880:f812:65:: - - [16/Jul/2026:23:39:28 +0000] "GET /wp-sitemap-posts-post-2.xml HTTP/2" 404 16526 "-" "Mozilla/5.0 (Windows NT 10.0; Win64; x64) AppleWebKit/537.36 (KHTML, like Gecko) Chrome/145.0.0.0 Safari/537.36 (compatible; meta-webindexer/1.1 (+https://developers.facebook.com/docs/sharing/webmasters/crawler))"
43.130.72.40 - - [16/Jul/2026:23:39:36 +0000] "GET /wp-json/oembed/1.0/embed?url=https%3A%2F%2Fwww.iptv-portugal.com%2F HTTP/2" 200 1012 "-" "Mozilla/5.0 (iPhone; CPU iPhone OS 13_2_3 like Mac OS X) AppleWebKit/605.1.15 (KHTML, like Gecko) Version/13.0.3 Mobile/15E148 Safari/604.1"
173.239.224.41 - - [16/Jul/2026:23:39:53 +0000] "POST /wp-login.php HTTP/2" 200 1924 "-" "Mozilla/5.0 (Macintosh; Intel Mac OS X 10_15_7) AppleWebKit/605.1.15 Version/17.0 Safari/605.1.15"
65.181.116.207 - - [16/Jul/2026:23:41:16 +0000] "POST /wp-cron.php?doing_wp_cron=1784245276.2692050933837890625000 HTTP/2" 200 0 "-" "WordPress/7.0.1; https://www.iptv-portugal.com"
2a03:2880:f812:34:: - - [16/Jul/2026:23:41:10 +0000] "GET /wp-sitemap-posts-post-4.xml HTTP/2" 404 16526 "-" "Mozilla/5.0 (Macintosh; Intel Mac OS X 10_15_7) AppleWebKit/537.36 (KHTML, like Gecko) Chrome/145.0.0.0 Safari/537.36 (compatible; meta-webindexer/1.1 (+https://developers.facebook.com/docs/sharing/webmasters/crawler))"
65.181.116.207 - - [16/Jul/2026:23:50:20 +0000] "POST /wp-cron.php?doing_wp_cron=1784245820.2470901012420654296875 HTTP/2" 200 0 "-" "WordPress/7.0.1; https://www.iptv-portugal.com"
43.159.128.155 - - [16/Jul/2026:23:50:13 +0000] "GET /nn_Sent/nn_Sent HTTP/2" 404 16485 "-" "Mozilla/5.0 (iPhone; CPU iPhone OS 13_2_3 like Mac OS X) AppleWebKit/605.1.15 (KHTML, like Gecko) Version/13.0.3 Mobile/15E148 Safari/604.1"
65.181.116.207 - - [16/Jul/2026:23:58:22 +0000] "POST /wp-cron.php?doing_wp_cron=1784246302.7626409530639648437500 HTTP/2" 200 0 "-" "WordPress/7.0.1; https://www.iptv-portugal.com"
43.153.12.58 - - [16/Jul/2026:23:58:18 +0000] "GET /2026/03/24/hello-world/embed/ HTTP/2" 200 7115 "-" "Mozilla/5.0 (iPhone; CPU iPhone OS 13_2_3 like Mac OS X) AppleWebKit/605.1.15 (KHTML, like Gecko) Version/13.0.3 Mobile/15E148 Safari/604.1"
65.181.116.207 - - [17/Jul/2026:00:03:25 +0000] "POST /wp-cron.php?doing_wp_cron=1784246604.9381101131439208984375 HTTP/2" 200 0 "-" "WordPress/7.0.1; https://www.iptv-portugal.com"
4.194.24.143 - - [17/Jul/2026:00:03:20 +0000] "GET /.dj/index.php HTTP/2" 301 0 "-" "Mozilla/5.0 (Windows NT 10.0; Win64; x64) AppleWebKit/537.36 (KHTML, like Gecko) Chrome/120.0.0.0 Safari/537.36"
4.194.24.143 - - [17/Jul/2026:00:03:25 +0000] "GET /.tmb/ HTTP/2" 404 16478 "-" "Mozilla/5.0 (Windows NT 10.0; Win64; x64) AppleWebKit/537.36 (KHTML, like Gecko) Chrome/120.0.0.0 Safari/537.36"
65.181.116.207 - - [17/Jul/2026:00:03:35 +0000] "POST /wp-cron.php?doing_wp_cron=1784246615.0619320869445800781250 HTTP/2" 200 0 "-" "WordPress/7.0.1; https://www.iptv-portugal.com"
4.194.24.143 - - [17/Jul/2026:00:03:30 +0000] "GET /.trash7206/index.php HTTP/2" 301 0 "-" "Mozilla/5.0 (Windows NT 10.0; Win64; x64) AppleWebKit/537.36 (KHTML, like Gecko) Chrome/120.0.0.0 Safari/537.36"
4.194.24.143 - - [17/Jul/2026:00:03:35 +0000] "GET /.well-known/ HTTP/2" 404 1251 "-" "Mozilla/5.0 (Windows NT 10.0; Win64; x64) AppleWebKit/537.36 (KHTML, like Gecko) Chrome/120.0.0.0 Safari/537.36"
4.194.24.143 - - [17/Jul/2026:00:03:35 +0000] "GET /.well-known/acme-challenge/ HTTP/2" 404 1251 "-" "Mozilla/5.0 (Windows NT 10.0; Win64; x64) AppleWebKit/537.36 (KHTML, like Gecko) Chrome/120.0.0.0 Safari/537.36"
4.194.24.143 - - [17/Jul/2026:00:03:35 +0000] "GET /.well-known/gecko-litespeed.php HTTP/2" 404 16554 "-" "Mozilla/5.0 (Windows NT 10.0; Win64; x64) AppleWebKit/537.36 (KHTML, like Gecko) Chrome/120.0.0.0 Safari/537.36"
4.194.24.143 - - [17/Jul/2026:00:03:41 +0000] "GET /.well-known/logs233/index.php HTTP/2" 301 0 "-" "Mozilla/5.0 (Windows NT 10.0; Win64; x64) AppleWebKit/537.36 (KHTML, like Gecko) Chrome/120.0.0.0 Safari/537.36"
4.194.24.143 - - [17/Jul/2026:00:03:45 +0000] "GET /.well-known/wp-cron.php HTTP/2" 404 16561 "-" "Mozilla/5.0 (Windows NT 10.0; Win64; x64) AppleWebKit/537.36 (KHTML, like Gecko) Chrome/120.0.0.0 Safari/537.36"
4.194.24.143 - - [17/Jul/2026:00:03:50 +0000] "GET /0.kb-v3.php HTTP/2" 404 16494 "-" "Mozilla/5.0 (Windows NT 10.0; Win64; x64) AppleWebKit/537.36 (KHTML, like Gecko) Chrome/120.0.0.0 Safari/537.36"
4.194.24.143 - - [17/Jul/2026:00:03:55 +0000] "GET /0.php HTTP/2" 404 16470 "-" "Mozilla/5.0 (Windows NT 10.0; Win64; x64) AppleWebKit/537.36 (KHTML, like Gecko) Chrome/120.0.0.0 Safari/537.36"
4.194.24.143 - - [17/Jul/2026:00:04:00 +0000] "GET /002.php HTTP/2" 404 16486 "-" "Mozilla/5.0 (Windows NT 10.0; Win64; x64) AppleWebKit/537.36 (KHTML, like Gecko) Chrome/120.0.0.0 Safari/537.36"
4.194.24.143 - - [17/Jul/2026:00:04:06 +0000] "GET /01.php HTTP/2" 404 16477 "-" "Mozilla/5.0 (Windows NT 10.0; Win64; x64) AppleWebKit/537.36 (KHTML, like Gecko) Chrome/120.0.0.0 Safari/537.36"
4.194.24.143 - - [17/Jul/2026:00:04:11 +0000] "GET /0x.php HTTP/2" 404 16479 "-" "Mozilla/5.0 (Windows NT 10.0; Win64; x64) AppleWebKit/537.36 (KHTML, like Gecko) Chrome/120.0.0.0 Safari/537.36"
4.194.24.143 - - [17/Jul/2026:00:04:18 +0000] "GET /1.php HTTP/2" 404 16470 "-" "Mozilla/5.0 (Windows NT 10.0; Win64; x64) AppleWebKit/537.36 (KHTML, like Gecko) Chrome/120.0.0.0 Safari/537.36"
4.194.24.143 - - [17/Jul/2026:00:04:23 +0000] "GET /100.php HTTP/2" 404 16486 "-" "Mozilla/5.0 (Windows NT 10.0; Win64; x64) AppleWebKit/537.36 (KHTML, like Gecko) Chrome/120.0.0.0 Safari/537.36"
4.194.24.143 - - [17/Jul/2026:00:04:28 +0000] "GET /122.php HTTP/2" 404 16486 "-" "Mozilla/5.0 (Windows NT 10.0; Win64; x64) AppleWebKit/537.36 (KHTML, like Gecko) Chrome/120.0.0.0 Safari/537.36"
65.181.116.207 - - [17/Jul/2026:00:04:37 +0000] "POST /wp-cron.php?doing_wp_cron=1784246677.3636610507965087890625 HTTP/2" 200 0 "-" "WordPress/7.0.1; https://www.iptv-portugal.com"
4.194.24.143 - - [17/Jul/2026:00:04:33 +0000] "GET /123.php HTTP/2" 404 16486 "-" "Mozilla/5.0 (Windows NT 10.0; Win64; x64) AppleWebKit/537.36 (KHTML, like Gecko) Chrome/120.0.0.0 Safari/537.36"
4.194.24.143 - - [17/Jul/2026:00:04:37 +0000] "GET /13.php HTTP/2" 404 16478 "-" "Mozilla/5.0 (Windows NT 10.0; Win64; x64) AppleWebKit/537.36 (KHTML, like Gecko) Chrome/120.0.0.0 Safari/537.36"
4.194.24.143 - - [17/Jul/2026:00:04:41 +0000] "GET /133.php HTTP/2" 404 16486 "-" "Mozilla/5.0 (Windows NT 10.0; Win64; x64) AppleWebKit/537.36 (KHTML, like Gecko) Chrome/120.0.0.0 Safari/537.36"
4.194.24.143 - - [17/Jul/2026:00:04:45 +0000] "GET /155.php HTTP/2" 404 16486 "-" "Mozilla/5.0 (Windows NT 10.0; Win64; x64) AppleWebKit/537.36 (KHTML, like Gecko) Chrome/120.0.0.0 Safari/537.36"
4.194.24.143 - - [17/Jul/2026:00:04:50 +0000] "GET /177.php HTTP/2" 404 16486 "-" "Mozilla/5.0 (Windows NT 10.0; Win64; x64) AppleWebKit/537.36 (KHTML, like Gecko) Chrome/120.0.0.0 Safari/537.36"
4.194.24.143 - - [17/Jul/2026:00:04:55 +0000] "GET /1index.php HTTP/2" 404 16492 "-" "Mozilla/5.0 (Windows NT 10.0; Win64; x64) AppleWebKit/537.36 (KHTML, like Gecko) Chrome/120.0.0.0 Safari/537.36"
4.194.24.143 - - [17/Jul/2026:00:05:00 +0000] "GET /2.php HTTP/2" 404 16470 "-" "Mozilla/5.0 (Windows NT 10.0; Win64; x64) AppleWebKit/537.36 (KHTML, like Gecko) Chrome/120.0.0.0 Safari/537.36"
4.194.24.143 - - [17/Jul/2026:00:05:08 +0000] "GET /222.php HTTP/2" 404 16486 "-" "Mozilla/5.0 (Windows NT 10.0; Win64; x64) AppleWebKit/537.36 (KHTML, like Gecko) Chrome/120.0.0.0 Safari/537.36"
4.194.24.143 - - [17/Jul/2026:00:05:15 +0000] "GET /2p.update.php HTTP/2" 404 16492 "-" "Mozilla/5.0 (Windows NT 10.0; Win64; x64) AppleWebKit/537.36 (KHTML, like Gecko) Chrome/120.0.0.0 Safari/537.36"
4.194.24.143 - - [17/Jul/2026:00:05:22 +0000] "GET /3.php HTTP/2" 404 16470 "-" "Mozilla/5.0 (Windows NT 10.0; Win64; x64) AppleWebKit/537.36 (KHTML, like Gecko) Chrome/120.0.0.0 Safari/537.36"
4.194.24.143 - - [17/Jul/2026:00:05:27 +0000] "GET /3pjcpmfsd8b.php HTTP/2" 404 16530 "-" "Mozilla/5.0 (Windows NT 10.0; Win64; x64) AppleWebKit/537.36 (KHTML, like Gecko) Chrome/120.0.0.0 Safari/537.36"
65.181.116.207 - - [17/Jul/2026:00:05:39 +0000] "POST /wp-cron.php?doing_wp_cron=1784246738.9009430408477783203125 HTTP/2" 200 0 "-" "WordPress/7.0.1; https://www.iptv-portugal.com"
4.194.24.143 - - [17/Jul/2026:00:05:33 +0000] "GET /403.php HTTP/2" 404 16486 "-" "Mozilla/5.0 (Windows NT 10.0; Win64; x64) AppleWebKit/537.36 (KHTML, like Gecko) Chrome/120.0.0.0 Safari/537.36"
4.194.24.143 - - [17/Jul/2026:00:05:39 +0000] "GET /404.php HTTP/2" 404 16486 "-" "Mozilla/5.0 (Windows NT 10.0; Win64; x64) AppleWebKit/537.36 (KHTML, like Gecko) Chrome/120.0.0.0 Safari/537.36"
65.181.116.207 - - [17/Jul/2026:00:08:26 +0000] "POST /wp-cron.php?doing_wp_cron=1784246906.2172260284423828125000 HTTP/2" 200 0 "-" "WordPress/7.0.1; https://www.iptv-portugal.com"
43.135.211.148 - - [17/Jul/2026:00:08:22 +0000] "GET /2026/03/24/hello-world/nn_Sent/nn_Sent HTTP/2" 404 16492 "-" "Mozilla/5.0 (iPhone; CPU iPhone OS 13_2_3 like Mac OS X) AppleWebKit/605.1.15 (KHTML, like Gecko) Version/13.0.3 Mobile/15E148 Safari/604.1"
65.181.116.207 - - [17/Jul/2026:00:19:16 +0000] "POST /wp-cron.php?doing_wp_cron=1784247556.7781739234924316406250 HTTP/2" 200 0 "-" "WordPress/7.0.1; https://www.iptv-portugal.com"
23.27.145.80 - - [17/Jul/2026:00:19:11 +0000] "GET / HTTP/2" 301 0 "-" "Mozilla/5.0 (X11; Linux i686; rv:109.0) Gecko/20100101 Firefox/120.0"
23.27.145.80 - - [17/Jul/2026:00:19:17 +0000] "GET / HTTP/2" 200 37365 "-" "Mozilla/5.0 (X11; Linux i686; rv:109.0) Gecko/20100101 Firefox/120.0"
65.181.116.207 - - [17/Jul/2026:00:19:47 +0000] "POST /wp-cron.php?doing_wp_cron=1784247587.4794991016387939453125 HTTP/2" 200 0 "-" "WordPress/7.0.1; https://www.iptv-portugal.com"
43.134.54.246 - - [17/Jul/2026:00:19:42 +0000] "GET /nn_Sent/nn_Sent HTTP/2" 404 16486 "-" "Mozilla/5.0 (iPhone; CPU iPhone OS 13_2_3 like Mac OS X) AppleWebKit/605.1.15 (KHTML, like Gecko) Version/13.0.3 Mobile/15E148 Safari/604.1"
65.181.116.207 - - [17/Jul/2026:00:20:36 +0000] "POST /wp-cron.php?doing_wp_cron=1784247636.2703599929809570312500 HTTP/2" 200 0 "-" "WordPress/7.0.1; https://www.iptv-portugal.com"
54.39.210.158 - - [17/Jul/2026:00:20:30 +0000] "GET /page/161/ HTTP/2" 200 37293 "-" "Mozilla/5.0 (compatible; AhrefsBot/7.0; +http://ahrefs.com/robot/)"
65.181.116.207 - - [17/Jul/2026:00:22:42 +0000] "POST /wp-cron.php?doing_wp_cron=1784247762.5038080215454101562500 HTTP/2" 200 0 "-" "WordPress/7.0.1; https://www.iptv-portugal.com"
173.239.224.30 - - [17/Jul/2026:00:22:36 +0000] "POST /wp-login.php HTTP/2" 200 1925 "-" "Mozilla/5.0 (Macintosh; Intel Mac OS X 10_15_7) AppleWebKit/605.1.15 Version/17.0 Safari/605.1.15"
65.181.116.207 - - [17/Jul/2026:00:25:09 +0000] "POST /wp-cron.php?doing_wp_cron=1784247909.8375658988952636718750 HTTP/2" 200 0 "-" "WordPress/7.0.1; https://www.iptv-portugal.com"
138.246.253.24 - - [17/Jul/2026:00:25:01 +0000] "GET /robots.txt HTTP/2" 301 0 "-" "Mozilla/5.0 (Windows NT 10.0; Win64; x64) AppleWebKit/537.36 (KHTML, like Gecko) Chrome/103.0.5060.134 Safari/537.36"
94.154.43.186 - - [17/Jul/2026:00:26:41 +0000] "GET /.env HTTP/2" 404 3415 "-" "Mozilla/5.0 (Windows NT 10.0; Win64; x64) AppleWebKit/537.36 (KHTML, like Gecko) Chrome/147.0.0.0 Safari/537.36"
94.154.43.229 - - [17/Jul/2026:00:26:41 +0000] "GET /.env HTTP/2" 401 53 "-" "Mozilla/5.0 (Windows NT 10.0; Win64; x64) AppleWebKit/537.36 (KHTML, like Gecko) Chrome/147.0.0.0 Safari/537.36"
94.154.43.185 - - [17/Jul/2026:00:26:41 +0000] "GET /.env HTTP/2" 400 52 "-" "Mozilla/5.0 (Windows NT 10.0; Win64; x64) AppleWebKit/537.36 (KHTML, like Gecko) Chrome/147.0.0.0 Safari/537.36"
94.154.43.185 - - [17/Jul/2026:00:26:41 +0000] "GET /.env HTTP/2" 401 53 "-" "Mozilla/5.0 (Windows NT 10.0; Win64; x64) AppleWebKit/537.36 (KHTML, like Gecko) Chrome/147.0.0.0 Safari/537.36"
94.154.43.179 - - [17/Jul/2026:00:26:41 +0000] "GET /.env HTTP/2" 401 53 "-" "Mozilla/5.0 (Windows NT 10.0; Win64; x64) AppleWebKit/537.36 (KHTML, like Gecko) Chrome/147.0.0.0 Safari/537.36"
94.154.43.187 - - [17/Jul/2026:00:26:41 +0000] "GET /.env HTTP/2" 404 3418 "-" "Mozilla/5.0 (Windows NT 10.0; Win64; x64) AppleWebKit/537.36 (KHTML, like Gecko) Chrome/147.0.0.0 Safari/537.36"
65.181.116.207 - - [17/Jul/2026:00:30:37 +0000] "POST /wp-cron.php?doing_wp_cron=1784248236.9057190418243408203125 HTTP/2" 200 0 "-" "WordPress/7.0.1; https://www.iptv-portugal.com"
43.153.122.30 - - [17/Jul/2026:00:30:29 +0000] "GET /nn_Sent/nn_Sent/nn_Sent HTTP/2" 404 16516 "-" "Mozilla/5.0 (iPhone; CPU iPhone OS 13_2_3 like Mac OS X) AppleWebKit/605.1.15 (KHTML, like Gecko) Version/13.0.3 Mobile/15E148 Safari/604.1"
65.181.116.207 - - [17/Jul/2026:00:35:33 +0000] "POST /wp-cron.php?doing_wp_cron=1784248533.3633599281311035156250 HTTP/2" 200 0 "-" "WordPress/7.0.1; https://www.iptv-portugal.com"
20.195.181.252 - - [17/Jul/2026:00:35:25 +0000] "GET /wp-content/themes/admin.php HTTP/1.1" 404 16569 "-" "Mozilla/5.0 (Windows NT 10.0; Win64; x64) AppleWebKit/537.36 (KHTML, like Gecko) Chrome/120.0.0.0 Safari/537.36"
20.195.181.252 - - [17/Jul/2026:00:35:33 +0000] "GET /m.php HTTP/1.1" 404 16580 "-" "Mozilla/5.0 (Windows NT 10.0; Win64; x64) AppleWebKit/537.36 (KHTML, like Gecko) Chrome/120.0.0.0 Safari/537.36"
20.195.181.252 - - [17/Jul/2026:00:35:39 +0000] "GET /wp-admin/css/wp-login.php HTTP/1.1" 404 16573 "-" "Mozilla/5.0 (Windows NT 10.0; Win64; x64) AppleWebKit/537.36 (KHTML, like Gecko) Chrome/120.0.0.0 Safari/537.36"
20.195.181.252 - - [17/Jul/2026:00:35:46 +0000] "GET /wk/index.php HTTP/1.1" 301 0 "-" "Mozilla/5.0 (Windows NT 10.0; Win64; x64) AppleWebKit/537.36 (KHTML, like Gecko) Chrome/120.0.0.0 Safari/537.36"
20.195.181.252 - - [17/Jul/2026:00:35:52 +0000] "GET /mini.php HTTP/1.1" 404 16564 "-" "Mozilla/5.0 (Windows NT 10.0; Win64; x64) AppleWebKit/537.36 (KHTML, like Gecko) Chrome/120.0.0.0 Safari/537.36"
20.195.181.252 - - [17/Jul/2026:00:36:00 +0000] "GET /w.php HTTP/1.1" 404 16579 "-" "Mozilla/5.0 (Windows NT 10.0; Win64; x64) AppleWebKit/537.36 (KHTML, like Gecko) Chrome/120.0.0.0 Safari/537.36"
20.195.181.252 - - [17/Jul/2026:00:36:09 +0000] "GET /admin.php HTTP/1.1" 404 16547 "-" "Mozilla/5.0 (Windows NT 10.0; Win64; x64) AppleWebKit/537.36 (KHTML, like Gecko) Chrome/120.0.0.0 Safari/537.36"
20.195.181.252 - - [17/Jul/2026:00:36:17 +0000] "GET /wp-includes/js/codemirror/about.php HTTP/1.1" 404 16591 "-" "Mozilla/5.0 (Windows NT 10.0; Win64; x64) AppleWebKit/537.36 (KHTML, like Gecko) Chrome/120.0.0.0 Safari/537.36"
20.195.181.252 - - [17/Jul/2026:00:36:24 +0000] "GET /wp-admin/css/colors/blue/ HTTP/1.1" 404 1251 "-" "Mozilla/5.0 (Windows NT 10.0; Win64; x64) AppleWebKit/537.36 (KHTML, like Gecko) Chrome/120.0.0.0 Safari/537.36"
20.195.181.252 - - [17/Jul/2026:00:36:24 +0000] "GET /wp-includes/Requests/library/ HTTP/1.1" 404 1251 "-" "Mozilla/5.0 (Windows NT 10.0; Win64; x64) AppleWebKit/537.36 (KHTML, like Gecko) Chrome/120.0.0.0 Safari/537.36"
20.195.181.252 - - [17/Jul/2026:00:36:24 +0000] "GET /wp-content/admin.php HTTP/1.1" 404 16582 "-" "Mozilla/5.0 (Windows NT 10.0; Win64; x64) AppleWebKit/537.36 (KHTML, like Gecko) Chrome/120.0.0.0 Safari/537.36"
65.181.116.207 - - [17/Jul/2026:00:36:39 +0000] "POST /wp-cron.php?doing_wp_cron=1784248599.2772839069366455078125 HTTP/2" 200 0 "-" "WordPress/7.0.1; https://www.iptv-portugal.com"
20.195.181.252 - - [17/Jul/2026:00:36:33 +0000] "GET /wp-configs.php HTTP/1.1" 404 16585 "-" "Mozilla/5.0 (Windows NT 10.0; Win64; x64) AppleWebKit/537.36 (KHTML, like Gecko) Chrome/120.0.0.0 Safari/537.36"
20.195.181.252 - - [17/Jul/2026:00:36:39 +0000] "GET /php.php HTTP/1.1" 404 16560 "-" "Mozilla/5.0 (Windows NT 10.0; Win64; x64) AppleWebKit/537.36 (KHTML, like Gecko) Chrome/120.0.0.0 Safari/537.36"
20.195.181.252 - - [17/Jul/2026:00:36:46 +0000] "GET /wp-includes/index.php HTTP/1.1" 301 0 "-" "Mozilla/5.0 (Windows NT 10.0; Win64; x64) AppleWebKit/537.36 (KHTML, like Gecko) Chrome/120.0.0.0 Safari/537.36"
20.195.181.252 - - [17/Jul/2026:00:36:51 +0000] "GET /wp-admin/a.php HTTP/1.1" 404 16566 "-" "Mozilla/5.0 (Windows NT 10.0; Win64; x64) AppleWebKit/537.36 (KHTML, like Gecko) Chrome/120.0.0.0 Safari/537.36"
20.195.181.252 - - [17/Jul/2026:00:36:59 +0000] "GET /wp-includes/sitemaps/providers/ HTTP/1.1" 404 1251 "-" "Mozilla/5.0 (Windows NT 10.0; Win64; x64) AppleWebKit/537.36 (KHTML, like Gecko) Chrome/120.0.0.0 Safari/537.36"
20.195.181.252 - - [17/Jul/2026:00:36:59 +0000] "GET /wp-includes/block-bindings/ HTTP/1.1" 404 1251 "-" "Mozilla/5.0 (Windows NT 10.0; Win64; x64) AppleWebKit/537.36 (KHTML, like Gecko) Chrome/120.0.0.0 Safari/537.36"
20.195.181.252 - - [17/Jul/2026:00:37:00 +0000] "GET /wp-includes/Text/about.php HTTP/1.1" 404 16595 "-" "Mozilla/5.0 (Windows NT 10.0; Win64; x64) AppleWebKit/537.36 (KHTML, like Gecko) Chrome/120.0.0.0 Safari/537.36"
20.195.181.252 - - [17/Jul/2026:00:37:10 +0000] "GET /wp-admin.php HTTP/1.1" 404 16583 "-" "Mozilla/5.0 (Windows NT 10.0; Win64; x64) AppleWebKit/537.36 (KHTML, like Gecko) Chrome/120.0.0.0 Safari/537.36"
20.195.181.252 - - [17/Jul/2026:00:37:19 +0000] "GET /size.php HTTP/1.1" 404 16565 "-" "Mozilla/5.0 (Windows NT 10.0; Win64; x64) AppleWebKit/537.36 (KHTML, like Gecko) Chrome/120.0.0.0 Safari/537.36"
65.181.116.207 - - [17/Jul/2026:00:37:36 +0000] "POST /wp-cron.php?doing_wp_cron=1784248656.3957719802856445312500 HTTP/2" 200 0 "-" "WordPress/7.0.1; https://www.iptv-portugal.com"
20.195.181.252 - - [17/Jul/2026:00:37:28 +0000] "GET /wp-includes/wp-class.php HTTP/1.1" 404 16566 "-" "Mozilla/5.0 (Windows NT 10.0; Win64; x64) AppleWebKit/537.36 (KHTML, like Gecko) Chrome/120.0.0.0 Safari/537.36"
20.195.181.252 - - [17/Jul/2026:00:37:36 +0000] "GET /403.php HTTP/1.1" 404 16560 "-" "Mozilla/5.0 (Windows NT 10.0; Win64; x64) AppleWebKit/537.36 (KHTML, like Gecko) Chrome/120.0.0.0 Safari/537.36"
20.195.181.252 - - [17/Jul/2026:00:37:42 +0000] "GET /wp-includes/IXR/wp-login.php HTTP/1.1" 404 16609 "-" "Mozilla/5.0 (Windows NT 10.0; Win64; x64) AppleWebKit/537.36 (KHTML, like Gecko) Chrome/120.0.0.0 Safari/537.36"
20.195.181.252 - - [17/Jul/2026:00:37:48 +0000] "GET /as.php HTTP/1.1" 404 16585 "-" "Mozilla/5.0 (Windows NT 10.0; Win64; x64) AppleWebKit/537.36 (KHTML, like Gecko) Chrome/120.0.0.0 Safari/537.36"
20.195.181.252 - - [17/Jul/2026:00:37:55 +0000] "GET /wp-admin/includes/index.php HTTP/1.1" 301 0 "-" "Mozilla/5.0 (Windows NT 10.0; Win64; x64) AppleWebKit/537.36 (KHTML, like Gecko) Chrome/120.0.0.0 Safari/537.36"
20.195.181.252 - - [17/Jul/2026:00:38:00 +0000] "GET /wp-admin/js/widgets/index.php HTTP/1.1" 301 0 "-" "Mozilla/5.0 (Windows NT 10.0; Win64; x64) AppleWebKit/537.36 (KHTML, like Gecko) Chrome/120.0.0.0 Safari/537.36"
20.195.181.252 - - [17/Jul/2026:00:38:05 +0000] "GET /plugins.php HTTP/1.1" 404 16553 "-" "Mozilla/5.0 (Windows NT 10.0; Win64; x64) AppleWebKit/537.36 (KHTML, like Gecko) Chrome/120.0.0.0 Safari/537.36"
20.195.181.252 - - [17/Jul/2026:00:38:12 +0000] "GET /adminfuns.php HTTP/1.1" 404 16577 "-" "Mozilla/5.0 (Windows NT 10.0; Win64; x64) AppleWebKit/537.36 (KHTML, like Gecko) Chrome/120.0.0.0 Safari/537.36"
20.195.181.252 - - [17/Jul/2026:00:38:22 +0000] "GET /file.php HTTP/1.1" 404 16563 "-" "Mozilla/5.0 (Windows NT 10.0; Win64; x64) AppleWebKit/537.36 (KHTML, like Gecko) Chrome/120.0.0.0 Safari/537.36"
20.195.181.252 - - [17/Jul/2026:00:38:29 +0000] "GET /wp-includes/js/index.php HTTP/1.1" 301 0 "-" "Mozilla/5.0 (Windows NT 10.0; Win64; x64) AppleWebKit/537.36 (KHTML, like Gecko) Chrome/120.0.0.0 Safari/537.36"
20.195.181.252 - - [17/Jul/2026:00:38:33 +0000] "GET /go.php HTTP/1.1" 404 16585 "-" "Mozilla/5.0 (Windows NT 10.0; Win64; x64) AppleWebKit/537.36 (KHTML, like Gecko) Chrome/120.0.0.0 Safari/537.36"
20.195.181.252 - - [17/Jul/2026:00:38:39 +0000] "GET /aaa.php/getid3-core.php HTTP/1.1" 404 16593 "-" "Mozilla/5.0 (Windows NT 10.0; Win64; x64) AppleWebKit/537.36 (KHTML, like Gecko) Chrome/120.0.0.0 Safari/537.36"
20.195.181.252 - - [17/Jul/2026:00:38:44 +0000] "GET /adminer.php HTTP/1.1" 404 16552 "-" "Mozilla/5.0 (Windows NT 10.0; Win64; x64) AppleWebKit/537.36 (KHTML, like Gecko) Chrome/120.0.0.0 Safari/537.36"
20.195.181.252 - - [17/Jul/2026:00:38:49 +0000] "GET /wp-admin/maint/index.php HTTP/1.1" 301 0 "-" "Mozilla/5.0 (Windows NT 10.0; Win64; x64) AppleWebKit/537.36 (KHTML, like Gecko) Chrome/120.0.0.0 Safari/537.36"
20.195.181.252 - - [17/Jul/2026:00:38:52 +0000] "GET /wp-content/uploads/2024/ HTTP/1.1" 404 16554 "-" "Mozilla/5.0 (Windows NT 10.0; Win64; x64) AppleWebKit/537.36 (KHTML, like Gecko) Chrome/120.0.0.0 Safari/537.36"
20.195.181.252 - - [17/Jul/2026:00:38:57 +0000] "GET /alfa.php HTTP/1.1" 404 16564 "-" "Mozilla/5.0 (Windows NT 10.0; Win64; x64) AppleWebKit/537.36 (KHTML, like Gecko) Chrome/120.0.0.0 Safari/537.36"
20.195.181.252 - - [17/Jul/2026:00:39:05 +0000] "GET /wp-content/uploads/ HTTP/1.1" 404 1251 "-" "Mozilla/5.0 (Windows NT 10.0; Win64; x64) AppleWebKit/537.36 (KHTML, like Gecko) Chrome/120.0.0.0 Safari/537.36"
20.195.181.252 - - [17/Jul/2026:00:39:05 +0000] "GET /wp-content/themes/alera/alpha.php HTTP/1.1" 404 16598 "-" "Mozilla/5.0 (Windows NT 10.0; Win64; x64) AppleWebKit/537.36 (KHTML, like Gecko) Chrome/120.0.0.0 Safari/537.36"
20.195.181.252 - - [17/Jul/2026:00:39:12 +0000] "GET /wp-includes/SimplePie/about.php HTTP/1.1" 404 16605 "-" "Mozilla/5.0 (Windows NT 10.0; Win64; x64) AppleWebKit/537.36 (KHTML, like Gecko) Chrome/120.0.0.0 Safari/537.36"
20.195.181.252 - - [17/Jul/2026:00:39:20 +0000] "GET /wp-content/plugins/linkpreview/index.php HTTP/1.1" 301 0 "-" "Mozilla/5.0 (Windows NT 10.0; Win64; x64) AppleWebKit/537.36 (KHTML, like Gecko) Chrome/120.0.0.0 Safari/537.36"
20.195.181.252 - - [17/Jul/2026:00:39:24 +0000] "GET /edit.php HTTP/1.1" 404 16564 "-" "Mozilla/5.0 (Windows NT 10.0; Win64; x64) AppleWebKit/537.36 (KHTML, like Gecko) Chrome/120.0.0.0 Safari/537.36"
20.195.181.252 - - [17/Jul/2026:00:39:30 +0000] "GET /wp-includes/block-supports/ HTTP/1.1" 404 1251 "-" "Mozilla/5.0 (Windows NT 10.0; Win64; x64) AppleWebKit/537.36 (KHTML, like Gecko) Chrome/120.0.0.0 Safari/537.36"
20.195.181.252 - - [17/Jul/2026:00:39:30 +0000] "GET /wp-content/ HTTP/1.1" 200 0 "-" "Mozilla/5.0 (Windows NT 10.0; Win64; x64) AppleWebKit/537.36 (KHTML, like Gecko) Chrome/120.0.0.0 Safari/537.36"
65.181.116.207 - - [17/Jul/2026:00:39:36 +0000] "POST /wp-cron.php?doing_wp_cron=1784248776.7968161106109619140625 HTTP/2" 200 0 "-" "WordPress/7.0.1; https://www.iptv-portugal.com"
20.195.181.252 - - [17/Jul/2026:00:39:30 +0000] "GET /file5.php HTTP/1.1" 404 16549 "-" "Mozilla/5.0 (Windows NT 10.0; Win64; x64) AppleWebKit/537.36 (KHTML, like Gecko) Chrome/120.0.0.0 Safari/537.36"
20.195.181.252 - - [17/Jul/2026:00:39:37 +0000] "GET /sf.php HTTP/1.1" 404 16585 "-" "Mozilla/5.0 (Windows NT 10.0; Win64; x64) AppleWebKit/537.36 (KHTML, like Gecko) Chrome/120.0.0.0 Safari/537.36"
20.195.181.252 - - [17/Jul/2026:00:39:42 +0000] "GET /404.php HTTP/1.1" 404 16560 "-" "Mozilla/5.0 (Windows NT 10.0; Win64; x64) AppleWebKit/537.36 (KHTML, like Gecko) Chrome/120.0.0.0 Safari/537.36"
20.195.181.252 - - [17/Jul/2026:00:39:48 +0000] "GET /wp-admin/js/widgets/ HTTP/1.1" 404 1251 "-" "Mozilla/5.0 (Windows NT 10.0; Win64; x64) AppleWebKit/537.36 (KHTML, like Gecko) Chrome/120.0.0.0 Safari/537.36"
20.195.181.252 - - [17/Jul/2026:00:39:48 +0000] "GET /wso.php HTTP/1.1" 404 16559 "-" "Mozilla/5.0 (Windows NT 10.0; Win64; x64) AppleWebKit/537.36 (KHTML, like Gecko) Chrome/120.0.0.0 Safari/537.36"
20.195.181.252 - - [17/Jul/2026:00:39:53 +0000] "GET /ioxi-o.php HTTP/1.1" 404 16549 "-" "Mozilla/5.0 (Windows NT 10.0; Win64; x64) AppleWebKit/537.36 (KHTML, like Gecko) Chrome/120.0.0.0 Safari/537.36"
20.195.181.252 - - [17/Jul/2026:00:40:00 +0000] "GET /file56.php HTTP/1.1" 404 16550 "-" "Mozilla/5.0 (Windows NT 10.0; Win64; x64) AppleWebKit/537.36 (KHTML, like Gecko) Chrome/120.0.0.0 Safari/537.36"
20.195.181.252 - - [17/Jul/2026:00:40:08 +0000] "GET /wp-includes/PHPMailer/admin.php HTTP/1.1" 404 16605 "-" "Mozilla/5.0 (Windows NT 10.0; Win64; x64) AppleWebKit/537.36 (KHTML, like Gecko) Chrome/120.0.0.0 Safari/537.36"
20.195.181.252 - - [17/Jul/2026:00:40:16 +0000] "GET /wp-admin/css/index.php HTTP/1.1" 301 0 "-" "Mozilla/5.0 (Windows NT 10.0; Win64; x64) AppleWebKit/537.36 (KHTML, like Gecko) Chrome/120.0.0.0 Safari/537.36"
20.195.181.252 - - [17/Jul/2026:00:40:21 +0000] "GET /wp-content/edit.php HTTP/1.1" 404 16571 "-" "Mozilla/5.0 (Windows NT 10.0; Win64; x64) AppleWebKit/537.36 (KHTML, like Gecko) Chrome/120.0.0.0 Safari/537.36"
20.195.181.252 - - [17/Jul/2026:00:40:28 +0000] "GET /2.php HTTP/1.1" 404 16580 "-" "Mozilla/5.0 (Windows NT 10.0; Win64; x64) AppleWebKit/537.36 (KHTML, like Gecko) Chrome/120.0.0.0 Safari/537.36"
20.195.181.252 - - [17/Jul/2026:00:40:32 +0000] "GET /wp-content/uploads/admin.php HTTP/1.1" 404 16602 "-" "Mozilla/5.0 (Windows NT 10.0; Win64; x64) AppleWebKit/537.36 (KHTML, like Gecko) Chrome/120.0.0.0 Safari/537.36"
43.134.38.171 - - [17/Jul/2026:00:40:38 +0000] "GET /nn_Sent/nn_Sent HTTP/2" 404 16486 "-" "Mozilla/5.0 (iPhone; CPU iPhone OS 13_2_3 like Mac OS X) AppleWebKit/605.1.15 (KHTML, like Gecko) Version/13.0.3 Mobile/15E148 Safari/604.1"
20.195.181.252 - - [17/Jul/2026:00:40:37 +0000] "GET /mah.php HTTP/1.1" 404 16561 "-" "Mozilla/5.0 (Windows NT 10.0; Win64; x64) AppleWebKit/537.36 (KHTML, like Gecko) Chrome/120.0.0.0 Safari/537.36"
65.181.116.207 - - [17/Jul/2026:00:40:47 +0000] "POST /wp-cron.php?doing_wp_cron=1784248847.2743000984191894531250 HTTP/2" 200 0 "-" "WordPress/7.0.1; https://www.iptv-portugal.com"
20.195.181.252 - - [17/Jul/2026:00:40:41 +0000] "GET /send.php HTTP/1.1" 404 16563 "-" "Mozilla/5.0 (Windows NT 10.0; Win64; x64) AppleWebKit/537.36 (KHTML, like Gecko) Chrome/120.0.0.0 Safari/537.36"
20.195.181.252 - - [17/Jul/2026:00:40:47 +0000] "GET /wp-content/plugins/dummyyummy/wp-signup.php HTTP/1.1" 404 16589 "-" "Mozilla/5.0 (Windows NT 10.0; Win64; x64) AppleWebKit/537.36 (KHTML, like Gecko) Chrome/120.0.0.0 Safari/537.36"
20.195.181.252 - - [17/Jul/2026:00:40:51 +0000] "GET /wp-includes/js/crop/ HTTP/1.1" 404 1251 "-" "Mozilla/5.0 (Windows NT 10.0; Win64; x64) AppleWebKit/537.36 (KHTML, like Gecko) Chrome/120.0.0.0 Safari/537.36"
20.195.181.252 - - [17/Jul/2026:00:40:51 +0000] "GET /about.php HTTP/1.1" 404 16549 "-" "Mozilla/5.0 (Windows NT 10.0; Win64; x64) AppleWebKit/537.36 (KHTML, like Gecko) Chrome/120.0.0.0 Safari/537.36"
20.195.181.252 - - [17/Jul/2026:00:40:54 +0000] "GET /options.php HTTP/1.1" 404 16551 "-" "Mozilla/5.0 (Windows NT 10.0; Win64; x64) AppleWebKit/537.36 (KHTML, like Gecko) Chrome/120.0.0.0 Safari/537.36"
20.195.181.252 - - [17/Jul/2026:00:40:59 +0000] "GET /wp-content/themes/index.php HTTP/1.1" 200 0 "-" "Mozilla/5.0 (Windows NT 10.0; Win64; x64) AppleWebKit/537.36 (KHTML, like Gecko) Chrome/120.0.0.0 Safari/537.36"
20.195.181.252 - - [17/Jul/2026:00:40:59 +0000] "GET /wp-file.php HTTP/1.1" 404 16574 "-" "Mozilla/5.0 (Windows NT 10.0; Win64; x64) AppleWebKit/537.36 (KHTML, like Gecko) Chrome/120.0.0.0 Safari/537.36"
20.195.181.252 - - [17/Jul/2026:00:41:04 +0000] "GET /init.php HTTP/1.1" 404 16563 "-" "Mozilla/5.0 (Windows NT 10.0; Win64; x64) AppleWebKit/537.36 (KHTML, like Gecko) Chrome/120.0.0.0 Safari/537.36"
20.195.181.252 - - [17/Jul/2026:00:41:08 +0000] "GET /sid3.php HTTP/1.1" 404 16564 "-" "Mozilla/5.0 (Windows NT 10.0; Win64; x64) AppleWebKit/537.36 (KHTML, like Gecko) Chrome/120.0.0.0 Safari/537.36"
20.195.181.252 - - [17/Jul/2026:00:41:12 +0000] "GET /themes.php HTTP/1.1" 404 16549 "-" "Mozilla/5.0 (Windows NT 10.0; Win64; x64) AppleWebKit/537.36 (KHTML, like Gecko) Chrome/120.0.0.0 Safari/537.36"
20.195.181.252 - - [17/Jul/2026:00:41:19 +0000] "GET /wp-content/plugins/index.php HTTP/1.1" 200 0 "-" "Mozilla/5.0 (Windows NT 10.0; Win64; x64) AppleWebKit/537.36 (KHTML, like Gecko) Chrome/120.0.0.0 Safari/537.36"
20.195.181.252 - - [17/Jul/2026:00:41:19 +0000] "GET /admin/controller/extension/extension/ HTTP/1.1" 404 16603 "-" "Mozilla/5.0 (Windows NT 10.0; Win64; x64) AppleWebKit/537.36 (KHTML, like Gecko) Chrome/120.0.0.0 Safari/537.36"
20.195.181.252 - - [17/Jul/2026:00:41:25 +0000] "GET /goods.php HTTP/1.1" 404 16549 "-" "Mozilla/5.0 (Windows NT 10.0; Win64; x64) AppleWebKit/537.36 (KHTML, like Gecko) Chrome/120.0.0.0 Safari/537.36"
20.195.181.252 - - [17/Jul/2026:00:41:32 +0000] "GET /wp-includes/css/dist/widgets/ HTTP/1.1" 404 1251 "-" "Mozilla/5.0 (Windows NT 10.0; Win64; x64) AppleWebKit/537.36 (KHTML, like Gecko) Chrome/120.0.0.0 Safari/537.36"
20.195.181.252 - - [17/Jul/2026:00:41:32 +0000] "GET /wp-admin/images/index.php HTTP/1.1" 301 0 "-" "Mozilla/5.0 (Windows NT 10.0; Win64; x64) AppleWebKit/537.36 (KHTML, like Gecko) Chrome/120.0.0.0 Safari/537.36"
20.195.181.252 - - [17/Jul/2026:00:41:36 +0000] "GET /num.php HTTP/1.1" 404 16561 "-" "Mozilla/5.0 (Windows NT 10.0; Win64; x64) AppleWebKit/537.36 (KHTML, like Gecko) Chrome/120.0.0.0 Safari/537.36"
65.181.116.207 - - [17/Jul/2026:00:50:44 +0000] "POST /wp-cron.php?doing_wp_cron=1784249444.6441268920898437500000 HTTP/2" 200 0 "-" "WordPress/7.0.1; https://www.iptv-portugal.com"
170.106.113.159 - - [17/Jul/2026:00:50:38 +0000] "GET /2026/03/24/hello-world/ HTTP/2" 200 18598 "-" "Mozilla/5.0 (iPhone; CPU iPhone OS 13_2_3 like Mac OS X) AppleWebKit/605.1.15 (KHTML, like Gecko) Version/13.0.3 Mobile/15E148 Safari/604.1"
65.181.116.207 - - [17/Jul/2026:00:51:45 +0000] "POST /wp-cron.php?doing_wp_cron=1784249505.1726870536804199218750 HTTP/2" 200 0 "-" "WordPress/7.0.1; https://www.iptv-portugal.com"
2a03:2880:f812:10:: - - [17/Jul/2026:00:51:41 +0000] "GET /wp-sitemap-posts-post-3.xml HTTP/2" 404 16524 "-" "Mozilla/5.0 (Macintosh; Intel Mac OS X 10_15_7) AppleWebKit/537.36 (KHTML, like Gecko) Chrome/145.0.0.0 Safari/537.36 (compatible; meta-webindexer/1.1 (+https://developers.facebook.com/docs/sharing/webmasters/crawler))"
65.181.116.207 - - [17/Jul/2026:00:51:46 +0000] "POST /wp-cron.php?doing_wp_cron=1784249506.4140770435333251953125 HTTP/2" 200 0 "-" "WordPress/7.0.1; https://www.iptv-portugal.com"
43.157.147.3 - - [17/Jul/2026:00:51:40 +0000] "GET / HTTP/2" 200 37365 "http://www.iptv-portugal.com" "Mozilla/5.0 (iPhone; CPU iPhone OS 13_2_3 like Mac OS X) AppleWebKit/605.1.15 (KHTML, like Gecko) Version/13.0.3 Mobile/15E148 Safari/604.1"
65.181.116.207 - - [17/Jul/2026:00:57:39 +0000] "POST /wp-cron.php?doing_wp_cron=1784249859.4454460144042968750000 HTTP/2" 200 0 "-" "WordPress/7.0.1; https://www.iptv-portugal.com"
124.156.179.141 - - [17/Jul/2026:00:57:35 +0000] "GET /2026/03/24/hello-world/nn_Sent/nn_Sent HTTP/2" 404 16492 "-" "Mozilla/5.0 (iPhone; CPU iPhone OS 13_2_3 like Mac OS X) AppleWebKit/605.1.15 (KHTML, like Gecko) Version/13.0.3 Mobile/15E148 Safari/604.1"
20.226.60.151 - - [17/Jul/2026:01:00:08 +0000] "GET /wp-login.php HTTP/2" 200 1841 "-" "-"
216.73.217.87 - - [17/Jul/2026:01:04:00 +0000] "GET /robots.txt HTTP/2" 301 0 "-" "Mozilla/5.0 AppleWebKit/537.36 (KHTML, like Gecko; compatible; Claude-SearchBot/1.0; [email protected])"
216.73.217.87 - - [17/Jul/2026:01:04:04 +0000] "GET /sitemap.xml HTTP/2" 301 0 "-" "Mozilla/5.0 AppleWebKit/537.36 (KHTML, like Gecko; compatible; Claude-SearchBot/1.0; [email protected])"
216.73.217.87 - - [17/Jul/2026:01:04:12 +0000] "GET /sitemaps.xml HTTP/2" 200 242 "https://iptv-portugal.com/sitemap.xml" "Mozilla/5.0 AppleWebKit/537.36 (KHTML, like Gecko; compatible; Claude-SearchBot/1.0; [email protected])"
173.239.224.28 - - [17/Jul/2026:01:05:47 +0000] "POST /wp-login.php HTTP/2" 200 1925 "-" "Mozilla/5.0 (Windows NT 10.0; Win64; rv:143.0) Gecko/20100101 Firefox/143.0"
65.181.116.207 - - [17/Jul/2026:01:09:28 +0000] "POST /wp-cron.php?doing_wp_cron=1784250568.3445370197296142578125 HTTP/2" 200 0 "-" "WordPress/7.0.1; https://www.iptv-portugal.com"
43.130.32.245 - - [17/Jul/2026:01:09:23 +0000] "GET /2026/03/24/hello-world/nn_Sent/nn_Sent HTTP/2" 404 16492 "-" "Mozilla/5.0 (iPhone; CPU iPhone OS 13_2_3 like Mac OS X) AppleWebKit/605.1.15 (KHTML, like Gecko) Version/13.0.3 Mobile/15E148 Safari/604.1"
65.181.116.207 - - [17/Jul/2026:01:10:33 +0000] "POST /wp-cron.php?doing_wp_cron=1784250633.5167169570922851562500 HTTP/2" 200 0 "-" "WordPress/7.0.1; https://www.iptv-portugal.com"
216.73.217.87 - - [17/Jul/2026:01:10:30 +0000] "GET /robots.txt HTTP/2" 200 97 "-" "Mozilla/5.0 AppleWebKit/537.36 (KHTML, like Gecko; compatible; Claude-SearchBot/1.0; [email protected])"
216.73.217.87 - - [17/Jul/2026:01:10:33 +0000] "GET /sitemaps.xml HTTP/2" 200 242 "-" "Mozilla/5.0 AppleWebKit/537.36 (KHTML, like Gecko; compatible; Claude-SearchBot/1.0; [email protected])"
65.181.116.207 - - [17/Jul/2026:01:16:46 +0000] "POST /wp-cron.php?doing_wp_cron=1784251006.4401938915252685546875 HTTP/2" 200 0 "-" "WordPress/7.0.1; https://www.iptv-portugal.com"
43.166.251.233 - - [17/Jul/2026:01:16:39 +0000] "GET /nn_Sent/nn_Sent/nn_Sent HTTP/2" 404 16516 "-" "Mozilla/5.0 (iPhone; CPU iPhone OS 13_2_3 like Mac OS X) AppleWebKit/605.1.15 (KHTML, like Gecko) Version/13.0.3 Mobile/15E148 Safari/604.1"
65.181.116.207 - - [17/Jul/2026:01:17:36 +0000] "POST /wp-cron.php?doing_wp_cron=1784251056.7114439010620117187500 HTTP/2" 200 0 "-" "WordPress/7.0.1; https://www.iptv-portugal.com"
49.234.192.248 - - [17/Jul/2026:01:17:29 +0000] "GET / HTTP/2" 200 37365 "http://www.iptv-portugal.com" "Mozilla/5.0 (iPhone; CPU iPhone OS 13_2_3 like Mac OS X) AppleWebKit/605.1.15 (KHTML, like Gecko) Version/13.0.3 Mobile/15E148 Safari/604.1"
94.154.43.185 - - [17/Jul/2026:01:17:50 +0000] "GET / HTTP/2" 400 52 "-" "Mozilla/5.0 (Windows NT 10.0; Win64; x64) AppleWebKit/537.36 (KHTML, like Gecko) Chrome/147.0.0.0 Safari/537.36"
94.154.43.187 - - [17/Jul/2026:01:17:50 +0000] "GET / HTTP/2" 200 12491 "-" "Mozilla/5.0 (Windows NT 10.0; Win64; x64) AppleWebKit/537.36 (KHTML, like Gecko) Chrome/147.0.0.0 Safari/537.36"
94.154.43.186 - - [17/Jul/2026:01:17:50 +0000] "GET / HTTP/2" 401 53 "-" "Mozilla/5.0 (Windows NT 10.0; Win64; x64) AppleWebKit/537.36 (KHTML, like Gecko) Chrome/147.0.0.0 Safari/537.36"
94.154.43.185 - - [17/Jul/2026:01:17:50 +0000] "GET / HTTP/2" 401 53 "-" "Mozilla/5.0 (Windows NT 10.0; Win64; x64) AppleWebKit/537.36 (KHTML, like Gecko) Chrome/147.0.0.0 Safari/537.36"
94.154.43.183 - - [17/Jul/2026:01:17:50 +0000] "GET / HTTP/2" 401 53 "-" "Mozilla/5.0 (Windows NT 10.0; Win64; x64) AppleWebKit/537.36 (KHTML, like Gecko) Chrome/147.0.0.0 Safari/537.36"
94.154.43.186 - - [17/Jul/2026:01:17:50 +0000] "GET / HTTP/2" 200 12496 "-" "Mozilla/5.0 (Windows NT 10.0; Win64; x64) AppleWebKit/537.36 (KHTML, like Gecko) Chrome/147.0.0.0 Safari/537.36"
176.61.146.250 - - [17/Jul/2026:01:20:07 +0000] "GET / HTTP/2" 301 0 "-" "Mozilla/5.0 (compatible; RecScan/2.0)"
65.181.116.207 - - [17/Jul/2026:01:28:30 +0000] "POST /wp-cron.php?doing_wp_cron=1784251710.6285820007324218750000 HTTP/2" 200 0 "-" "WordPress/7.0.1; https://www.iptv-portugal.com"
101.32.15.141 - - [17/Jul/2026:01:28:25 +0000] "GET /nn_Sent/nn_Sent/nn_Sent HTTP/2" 404 16516 "-" "Mozilla/5.0 (iPhone; CPU iPhone OS 13_2_3 like Mac OS X) AppleWebKit/605.1.15 (KHTML, like Gecko) Version/13.0.3 Mobile/15E148 Safari/604.1"
34.74.242.206 - - [17/Jul/2026:01:33:19 +0000] "GET /robots.txt HTTP/2" 200 97 "-" "ZoominfoBot (zoominfobot at zoominfo dot com)"
34.74.242.206 - - [17/Jul/2026:01:33:23 +0000] "GET / HTTP/2" 200 37365 "-" "ZoominfoBot (zoominfobot at zoominfo dot com)"
65.181.116.207 - - [17/Jul/2026:01:34:03 +0000] "POST /wp-cron.php?doing_wp_cron=1784252043.2168240547180175781250 HTTP/2" 200 0 "-" "WordPress/7.0.1; https://www.iptv-portugal.com"
134.209.94.221 - - [17/Jul/2026:01:33:57 +0000] "GET / HTTP/2" 200 37365 "-" "Mozilla/5.0 (X11; Linux x86_64) AppleWebKit/537.36 (KHTML, like Gecko) Chrome/142.0.0.0 Safari/537.36"
65.181.116.207 - - [17/Jul/2026:01:37:49 +0000] "POST /wp-cron.php?doing_wp_cron=1784252269.5060870647430419921875 HTTP/2" 200 0 "-" "WordPress/7.0.1; https://www.iptv-portugal.com"
2a01:4f9:4a:2aa5::2 - - [17/Jul/2026:01:37:46 +0000] "GET /robots.txt HTTP/2" 200 97 "-" "Mozilla/5.0 (compatible; MJ12bot/v1.4.8; http://mj12bot.com/)"
2a01:4f9:4a:2aa5::2 - - [17/Jul/2026:01:37:51 +0000] "GET /2025/11/07/freispiele-highway-kings-je-symbole-exklusive-einzahlung-2025-%D8%A8%D9%84%D8%A7%DA%AF-%D8%A7%D8%B3%D8%AA%D9%88%D8%B1/feed/ HTTP/2" 200 544 "-" "Mozilla/5.0 (compatible; MJ12bot/v1.4.8; http://mj12bot.com/)"
2a01:4f9:4a:2aa5::2 - - [17/Jul/2026:01:37:56 +0000] "GET /2025/11/07/freispiele-highway-kings-je-symbole-exklusive-einzahlung-2025-%D8%A8%D9%84%D8%A7%DA%AF-%D8%A7%D8%B3%D8%AA%D9%88%D8%B1/ HTTP/2" 404 16604 "-" "Mozilla/5.0 (compatible; MJ12bot/v1.4.8; http://mj12bot.com/)"
2a01:4f9:4a:2aa5::2 - - [17/Jul/2026:01:38:05 +0000] "GET /2025/11/26/%CE%B5%CF%80%CE%B9%CF%87%CE%B5%CE%AF%CF%81%CE%B7%CF%83%CE%B7-%CF%84%CF%85%CF%87%CE%B5%CF%81%CF%8E%CE%BD-%CF%80%CE%B1%CE%B9%CF%87%CE%BD%CE%B9%CE%B4%CE%B9%CF%8E%CE%BD-step-one-put-extra-best-step-1-buc/ HTTP/2" 404 16626 "-" "Mozilla/5.0 (compatible; MJ12bot/v1.4.8; http://mj12bot.com/)"
2a01:4f9:4a:2aa5::2 - - [17/Jul/2026:01:38:12 +0000] "GET /2025/11/26/%CF%80%CE%B1%CE%B9%CF%87%CE%BD%CE%AF%CE%B4%CE%B9-vintage-%CE%B1%CE%BD%CE%B1%CE%B2%CE%AC%CE%B8%CE%BC%CE%B9%CF%83%CE%B7-%CE%B3%CE%B9%CE%B1-%CE%BD%CE%B1-%CE%B1%CF%80%CE%BF%CE%BA%CF%84%CE%AE%CF%83%CE%B5/ HTTP/2" 404 16623 "-" "Mozilla/5.0 (compatible; MJ12bot/v1.4.8; http://mj12bot.com/)"
2a01:4f9:4a:2aa5::2 - - [17/Jul/2026:01:38:19 +0000] "GET /2025/11/26/online-%CE%BA%CE%BB%CE%B9%CE%BA-%CE%B3%CE%B9%CE%B1-%CE%BA%CE%AC%CE%B8%CE%B5-%CE%B4%CE%B5%CF%8D%CF%84%CE%B5%CF%81%CE%BF-%CE%B4%CE%B5%CE%AF%CE%B3%CE%BC%CE%B1/ HTTP/2" 404 16576 "-" "Mozilla/5.0 (compatible; MJ12bot/v1.4.8; http://mj12bot.com/)"
2a01:4f9:4a:2aa5::2 - - [17/Jul/2026:01:38:26 +0000] "GET /2025/11/27/50-totally-free-spins-gambling-enterprises-%EF%B8%8F-no-casino-optibet-lv-100-free-spins-deposit-no-choice/ HTTP/2" 404 16606 "-" "Mozilla/5.0 (compatible; MJ12bot/v1.4.8; http://mj12bot.com/)"
65.181.116.207 - - [17/Jul/2026:01:38:38 +0000] "POST /wp-cron.php?doing_wp_cron=1784252318.4014239311218261718750 HTTP/2" 200 0 "-" "WordPress/7.0.1; https://www.iptv-portugal.com"
2a01:4f9:4a:2aa5::2 - - [17/Jul/2026:01:38:35 +0000] "GET /2025/11/27/50-totally-free-spins-gambling-enterprises-%EF%B8%8F-no-casino-optibet-lv-100-free-spins-deposit-no-choice/feed/ HTTP/2" 200 528 "-" "Mozilla/5.0 (compatible; MJ12bot/v1.4.8; http://mj12bot.com/)"
2a01:4f9:4a:2aa5::2 - - [17/Jul/2026:01:38:56 +0000] "GET /2025/11/28/%D8%AD%D9%88%D8%A7%D9%81%D8%B2-%D9%83%D8%A7%D8%B2%D9%8A%D9%86%D9%88%D9%87%D8%A7%D8%AA-%D8%A7%D9%84%D8%A5%D9%8A%D8%AF%D8%A7%D8%B9-%D8%A8%D9%82%D9%8A%D9%85%D8%A9-5-%D8%AF%D9%88%D9%84%D8%A7%D8%B1%D8%A7/ HTTP/2" 404 16620 "-" "Mozilla/5.0 (compatible; MJ12bot/v1.4.8; http://mj12bot.com/)"
2a01:4f9:4a:2aa5::2 - - [17/Jul/2026:01:39:05 +0000] "GET /2025/11/28/%D8%AD%D9%88%D8%A7%D9%81%D8%B2-%D9%83%D8%A7%D8%B2%D9%8A%D9%86%D9%88%D9%87%D8%A7%D8%AA-%D8%A7%D9%84%D8%A5%D9%8A%D8%AF%D8%A7%D8%B9-%D8%A8%D9%82%D9%8A%D9%85%D8%A9-5-%D8%AF%D9%88%D9%84%D8%A7%D8%B1%D8%A7/feed/ HTTP/2" 200 546 "-" "Mozilla/5.0 (compatible; MJ12bot/v1.4.8; http://mj12bot.com/)"
2a01:4f9:4a:2aa5::2 - - [17/Jul/2026:01:39:12 +0000] "GET /2025/12/03/%CE%BA%CE%B1%CE%BB%CF%8D%CF%84%CE%B5%CF%81%CE%B1-%CE%BA%CE%B1%CE%B6%CE%AF%CE%BD%CE%BF-%CF%83%CF%84%CE%BF-%CE%B4%CE%B9%CE%B1%CE%B4%CE%AF%CE%BA%CF%84%CF%85%CE%BF-%CF%83%CF%84%CE%B7%CE%BD-%CE%B1%CF%85/feed/ HTTP/2" 200 542 "-" "Mozilla/5.0 (compatible; MJ12bot/v1.4.8; http://mj12bot.com/)"
2a01:4f9:4a:2aa5::2 - - [17/Jul/2026:01:39:17 +0000] "GET /2025/12/03/%CE%BA%CE%B1%CE%BB%CF%8D%CF%84%CE%B5%CF%81%CE%B1-%CE%BA%CE%B1%CE%B6%CE%AF%CE%BD%CE%BF-%CF%83%CF%84%CE%BF-%CE%B4%CE%B9%CE%B1%CE%B4%CE%AF%CE%BA%CF%84%CF%85%CE%BF-%CF%83%CF%84%CE%B7%CE%BD-%CE%B1%CF%85/ HTTP/2" 404 16604 "-" "Mozilla/5.0 (compatible; MJ12bot/v1.4.8; http://mj12bot.com/)"
43.130.174.37 - - [17/Jul/2026:01:40:13 +0000] "GET /wp-comments-post.php HTTP/2" 405 0 "-" "Mozilla/5.0 (iPhone; CPU iPhone OS 13_2_3 like Mac OS X) AppleWebKit/605.1.15 (KHTML, like Gecko) Version/13.0.3 Mobile/15E148 Safari/604.1"
172.120.9.47 - - [17/Jul/2026:01:42:25 +0000] "GET / HTTP/2" 200 37365 "-" "Mozilla/5.0 (compatible; Baiduspider/2.0; +http://www.baidu.com/search/spider.html)"
65.181.116.207 - - [17/Jul/2026:01:49:23 +0000] "POST /wp-cron.php?doing_wp_cron=1784252963.3032579421997070312500 HTTP/2" 200 0 "-" "WordPress/7.0.1; https://www.iptv-portugal.com"
170.106.179.68 - - [17/Jul/2026:01:49:16 +0000] "GET /2026/03/24/hello-world/?replytocom=1 HTTP/2" 200 18564 "-" "Mozilla/5.0 (iPhone; CPU iPhone OS 13_2_3 like Mac OS X) AppleWebKit/605.1.15 (KHTML, like Gecko) Version/13.0.3 Mobile/15E148 Safari/604.1"
65.181.116.207 - - [17/Jul/2026:01:50:00 +0000] "POST /wp-cron.php?doing_wp_cron=1784253000.1636168956756591796875 HTTP/2" 200 0 "-" "WordPress/7.0.1; https://www.iptv-portugal.com"
173.239.224.24 - - [17/Jul/2026:01:49:56 +0000] "POST /wp-login.php HTTP/2" 200 1925 "-" "Mozilla/5.0 (Macintosh; Intel Mac OS X 10_15_7) AppleWebKit/605.1.15 Version/17.0 Safari/605.1.15"
65.181.116.207 - - [17/Jul/2026:01:58:56 +0000] "POST /wp-cron.php?doing_wp_cron=1784253536.5186860561370849609375 HTTP/2" 200 0 "-" "WordPress/7.0.1; https://www.iptv-portugal.com"
43.153.119.119 - - [17/Jul/2026:01:58:50 +0000] "GET /2026/03/24/hello-world/nn_Sent/nn_Sent/nn_Sent HTTP/2" 404 16672 "-" "Mozilla/5.0 (iPhone; CPU iPhone OS 13_2_3 like Mac OS X) AppleWebKit/605.1.15 (KHTML, like Gecko) Version/13.0.3 Mobile/15E148 Safari/604.1"
65.181.116.207 - - [17/Jul/2026:02:00:32 +0000] "POST /wp-cron.php?doing_wp_cron=1784253632.4278740882873535156250 HTTP/2" 200 0 "-" "WordPress/7.0.1; https://www.iptv-portugal.com"
2a03:2880:f812:b:: - - [17/Jul/2026:02:00:26 +0000] "GET /category-sitemap1.xml HTTP/2" 200 200 "-" "Mozilla/5.0 (Windows NT 10.0; Win64; x64) AppleWebKit/537.36 (KHTML, like Gecko) Chrome/145.0.0.0 Safari/537.36 (compatible; meta-webindexer/1.1 (+https://developers.facebook.com/docs/sharing/webmasters/crawler))"
65.181.116.207 - - [17/Jul/2026:02:04:52 +0000] "POST /wp-cron.php?doing_wp_cron=1784253892.3232040405273437500000 HTTP/2" 200 0 "-" "WordPress/7.0.1; https://www.iptv-portugal.com"
216.73.217.1 - - [17/Jul/2026:02:04:48 +0000] "GET /robots.txt HTTP/2" 301 0 "-" "Mozilla/5.0 AppleWebKit/537.36 (KHTML, like Gecko; compatible; ClaudeBot/1.0; [email protected])"
65.181.116.207 - - [17/Jul/2026:02:10:20 +0000] "POST /wp-cron.php?doing_wp_cron=1784254220.8387739658355712890625 HTTP/2" 200 0 "-" "WordPress/7.0.1; https://www.iptv-portugal.com"
43.159.35.188 - - [17/Jul/2026:02:10:12 +0000] "GET /nn_Sent/nn_Sent/nn_Sent/nn_Sent HTTP/2" 404 16506 "-" "Mozilla/5.0 (iPhone; CPU iPhone OS 13_2_3 like Mac OS X) AppleWebKit/605.1.15 (KHTML, like Gecko) Version/13.0.3 Mobile/15E148 Safari/604.1"
65.181.116.207 - - [17/Jul/2026:02:11:07 +0000] "POST /wp-cron.php?doing_wp_cron=1784254267.3212850093841552734375 HTTP/2" 200 0 "-" "WordPress/7.0.1; https://www.iptv-portugal.com"
216.73.217.1 - - [17/Jul/2026:02:11:03 +0000] "GET /robots.txt HTTP/2" 200 97 "-" "Mozilla/5.0 AppleWebKit/537.36 (KHTML, like Gecko; compatible; ClaudeBot/1.0; [email protected])"
65.181.116.207 - - [17/Jul/2026:02:14:32 +0000] "POST /wp-cron.php?doing_wp_cron=1784254472.6068239212036132812500 HTTP/2" 200 0 "-" "WordPress/7.0.1; https://www.iptv-portugal.com"
190.83.98.204 - - [17/Jul/2026:02:14:28 +0000] "GET /2025/09/03/100-1-roulette-strategy-uk/ HTTP/2" 404 16522 "-" "Mozilla/5.0 (X11; Linux x86_64) AppleWebKit/537.36 (KHTML, like Gecko) Chrome/150.0.0.0 Safari/537.36"
190.83.98.204 - - [17/Jul/2026:02:14:39 +0000] "GET /wp-includes/js/jquery/jquery-migrate.min.js?ver=3.4.1 HTTP/2" 200 4678 "https://www.iptv-portugal.com/2025/09/03/100-1-roulette-strategy-uk/" "Mozilla/5.0 (X11; Linux x86_64) AppleWebKit/537.36 (KHTML, like Gecko) Chrome/150.0.0.0 Safari/537.36"
190.83.98.204 - - [17/Jul/2026:02:14:39 +0000] "GET /wp-includes/js/jquery/jquery.min.js?ver=3.7.1 HTTP/2" 200 29744 "https://www.iptv-portugal.com/2025/09/03/100-1-roulette-strategy-uk/" "Mozilla/5.0 (X11; Linux x86_64) AppleWebKit/537.36 (KHTML, like Gecko) Chrome/150.0.0.0 Safari/537.36"
43.134.93.164 - - [17/Jul/2026:02:18:31 +0000] "GET /wp-content/uploads/2026/03/RTP1-1.webp HTTP/2" 200 4320 "-" "Mozilla/5.0 (iPhone; CPU iPhone OS 13_2_3 like Mac OS X) AppleWebKit/605.1.15 (KHTML, like Gecko) Version/13.0.3 Mobile/15E148 Safari/604.1"
65.181.116.207 - - [17/Jul/2026:02:18:43 +0000] "POST /wp-cron.php?doing_wp_cron=1784254723.5857150554656982421875 HTTP/2" 200 0 "-" "WordPress/7.0.1; https://www.iptv-portugal.com"
2a03:2880:f812:34:: - - [17/Jul/2026:02:18:38 +0000] "GET /wp-sitemap-users-1.xml HTTP/2" 404 16697 "-" "Mozilla/5.0 (Windows NT 10.0; Win64; x64) AppleWebKit/537.36 (KHTML, like Gecko) Chrome/145.0.0.0 Safari/537.36 (compatible; meta-webindexer/1.1 (+https://developers.facebook.com/docs/sharing/webmasters/crawler))"
65.181.116.207 - - [17/Jul/2026:02:21:21 +0000] "POST /wp-cron.php?doing_wp_cron=1784254880.9763879776000976562500 HTTP/2" 200 0 "-" "WordPress/7.0.1; https://www.iptv-portugal.com"
114.119.153.122 - - [17/Jul/2026:02:21:16 +0000] "GET /robots.txt HTTP/2" 200 97 "https://www.iptv-portugal.com/robots.txt" "Mozilla/5.0 (compatible;PetalBot;+https://webmaster.petalsearch.com/site/petalbot)"
65.181.116.207 - - [17/Jul/2026:02:29:27 +0000] "POST /wp-cron.php?doing_wp_cron=1784255367.4346539974212646484375 HTTP/2" 200 0 "-" "WordPress/7.0.1; https://www.iptv-portugal.com"
43.163.86.65 - - [17/Jul/2026:02:29:23 +0000] "GET /wp-json/wp/v2/posts/1 HTTP/2" 200 723 "-" "Mozilla/5.0 (iPhone; CPU iPhone OS 13_2_3 like Mac OS X) AppleWebKit/605.1.15 (KHTML, like Gecko) Version/13.0.3 Mobile/15E148 Safari/604.1"
65.181.116.207 - - [17/Jul/2026:02:34:12 +0000] "POST /wp-cron.php?doing_wp_cron=1784255652.3849709033966064453125 HTTP/2" 200 0 "-" "WordPress/7.0.1; https://www.iptv-portugal.com"
142.111.152.145 - - [17/Jul/2026:02:34:09 +0000] "GET /wp-login.php HTTP/2" 200 1841 "-" "Mozilla/5.0 (Windows NT 10.0; Win64; rv:143.0) Gecko/20100101 Firefox/143.0"
142.111.152.145 - - [17/Jul/2026:02:34:14 +0000] "GET /?author=1 HTTP/2" 301 0 "-" "Mozilla/5.0 (Windows NT 10.0; Win64; x64) AppleWebKit/537.36 Chrome/129.0.0.0 Safari/537.36"
142.111.152.145 - - [17/Jul/2026:02:34:16 +0000] "GET /?rest_route=/wp/v2/users HTTP/2" 200 415 "-" "Mozilla/5.0 (Windows NT 10.0; Win64; rv:143.0) Gecko/20100101 Firefox/143.0"
65.181.116.207 - - [17/Jul/2026:02:35:55 +0000] "POST /wp-cron.php?doing_wp_cron=1784255755.1083068847656250000000 HTTP/2" 200 0 "-" "WordPress/7.0.1; https://www.iptv-portugal.com"
173.239.224.27 - - [17/Jul/2026:02:35:51 +0000] "POST /wp-login.php HTTP/2" 200 1925 "-" "Mozilla/5.0 (Windows NT 10.0; Win64; rv:143.0) Gecko/20100101 Firefox/143.0"
65.181.116.207 - - [17/Jul/2026:02:38:39 +0000] "POST /wp-cron.php?doing_wp_cron=1784255919.8395040035247802734375 HTTP/2" 200 0 "-" "WordPress/7.0.1; https://www.iptv-portugal.com"
43.159.135.203 - - [17/Jul/2026:02:38:33 +0000] "GET /author/cwvgg/ HTTP/2" 200 16717 "-" "Mozilla/5.0 (iPhone; CPU iPhone OS 13_2_3 like Mac OS X) AppleWebKit/605.1.15 (KHTML, like Gecko) Version/13.0.3 Mobile/15E148 Safari/604.1"
65.181.116.207 - - [17/Jul/2026:02:44:50 +0000] "POST /wp-cron.php?doing_wp_cron=1784256289.8529450893402099609375 HTTP/2" 200 0 "-" "WordPress/7.0.1; https://www.iptv-portugal.com"
2a03:2880:18ff:7:: - - [17/Jul/2026:02:44:45 +0000] "GET /robots.txt HTTP/2" 200 97 "-" "facebookexternalhit/1.1 (+http://www.facebook.com/externalhit_uatext.php)"
65.181.116.207 - - [17/Jul/2026:02:48:42 +0000] "POST /wp-cron.php?doing_wp_cron=1784256521.9501969814300537109375 HTTP/2" 200 0 "-" "WordPress/7.0.1; https://www.iptv-portugal.com"
43.134.163.229 - - [17/Jul/2026:02:48:33 +0000] "GET /2026/03/24/hello-world/ HTTP/2" 200 18598 "-" "Mozilla/5.0 (iPhone; CPU iPhone OS 13_2_3 like Mac OS X) AppleWebKit/605.1.15 (KHTML, like Gecko) Version/13.0.3 Mobile/15E148 Safari/604.1"
65.181.116.207 - - [17/Jul/2026:02:59:06 +0000] "POST /wp-cron.php?doing_wp_cron=1784257146.3547019958496093750000 HTTP/2" 200 0 "-" "WordPress/7.0.1; https://www.iptv-portugal.com"
173.208.148.34 - - [17/Jul/2026:02:59:01 +0000] "GET / HTTP/2" 301 0 "-" "Mozilla/5.0 (Windows NT 10.0; Win64; x64) AppleWebKit/537.36 (KHTML, like Gecko) Chrome/131.0.0.0 Safari/537.36"
173.208.148.34 - - [17/Jul/2026:02:59:06 +0000] "GET / HTTP/2" 200 37365 "-" "Mozilla/5.0 (Windows NT 10.0; Win64; x64) AppleWebKit/537.36 (KHTML, like Gecko) Chrome/131.0.0.0 Safari/537.36"
173.208.148.34 - - [17/Jul/2026:02:59:11 +0000] "GET / HTTP/2" 301 0 "-" "Mozilla/5.0 (compatible; Googlebot/2.1; +http://www.google.com/bot.html)"
173.208.148.34 - - [17/Jul/2026:02:59:16 +0000] "GET / HTTP/2" 200 37354 "-" "Mozilla/5.0 (compatible; Googlebot/2.1; +http://www.google.com/bot.html)"
173.208.148.34 - - [17/Jul/2026:02:59:26 +0000] "GET /?params=1 HTTP/2" 200 37365 "-" "Mozilla/5.0 (Windows NT 10.0; Win64; x64) AppleWebKit/537.36 (KHTML, like Gecko) Chrome/131.0.0.0 Safari/537.36"
65.181.116.207 - - [17/Jul/2026:03:00:52 +0000] "POST /wp-cron.php?doing_wp_cron=1784257252.6641690731048583984375 HTTP/2" 200 0 "-" "WordPress/7.0.1; https://www.iptv-portugal.com"
216.73.217.87 - - [17/Jul/2026:03:00:47 +0000] "GET /sitemaps.xml HTTP/2" 200 242 "-" "Mozilla/5.0 AppleWebKit/537.36 (KHTML, like Gecko; compatible; Claude-SearchBot/1.0; [email protected])"
65.181.116.207 - - [17/Jul/2026:03:03:27 +0000] "POST /wp-cron.php?doing_wp_cron=1784257407.2414000034332275390625 HTTP/2" 200 0 "-" "WordPress/7.0.1; https://www.iptv-portugal.com"
216.73.217.87 - - [17/Jul/2026:03:03:22 +0000] "GET /sitemap.xml HTTP/2" 301 0 "-" "Mozilla/5.0 AppleWebKit/537.36 (KHTML, like Gecko; compatible; Claude-SearchBot/1.0; [email protected])"
