82.102.23.178 - - [16/Jul/2026:16:56:44 +0000] "GET /wp-includes/js/jquery/jquery.min.js?ver=3.7.1 HTTP/2" 200 29744 "https://www.iptv-portugal.com/wp-login.php" "Mozilla/5.0 (Windows NT 10.0; Win64; x64) AppleWebKit/537.36 (KHTML, like Gecko) Chrome/149.0.0.0 Safari/537.36"
82.102.23.178 - - [16/Jul/2026:16:56:44 +0000] "GET /wp-includes/js/jquery/jquery-migrate.min.js?ver=3.4.1 HTTP/2" 200 4678 "https://www.iptv-portugal.com/wp-login.php" "Mozilla/5.0 (Windows NT 10.0; Win64; x64) AppleWebKit/537.36 (KHTML, like Gecko) Chrome/149.0.0.0 Safari/537.36"
82.102.23.178 - - [16/Jul/2026:16:56:45 +0000] "GET /wp-admin/images/wordpress-logo-gray.svg?ver=20260303 HTTP/2" 200 759 "https://www.iptv-portugal.com/wp-admin/css/login.min.css?ver=7.0.1" "Mozilla/5.0 (Windows NT 10.0; Win64; x64) AppleWebKit/537.36 (KHTML, like Gecko) Chrome/149.0.0.0 Safari/537.36"
82.102.23.178 - - [16/Jul/2026:16:56:45 +0000] "GET /wp-content/uploads/2026/06/faviconpt-.webp HTTP/2" 200 2916 "https://www.iptv-portugal.com/wp-login.php" "Mozilla/5.0 (Windows NT 10.0; Win64; x64) AppleWebKit/537.36 (KHTML, like Gecko) Chrome/149.0.0.0 Safari/537.36"
82.102.23.178 - - [16/Jul/2026:16:56:46 +0000] "GET /wp-includes/js/zxcvbn.min.js HTTP/2" 200 389493 "https://www.iptv-portugal.com/wp-login.php" "Mozilla/5.0 (Windows NT 10.0; Win64; x64) AppleWebKit/537.36 (KHTML, like Gecko) Chrome/149.0.0.0 Safari/537.36"
82.102.23.178 - - [16/Jul/2026:16:56:49 +0000] "POST /wp-login.php HTTP/2" 200 1926 "https://www.iptv-portugal.com/wp-login.php" "Mozilla/5.0 (Windows NT 10.0; Win64; x64) AppleWebKit/537.36 (KHTML, like Gecko) Chrome/149.0.0.0 Safari/537.36"
82.102.23.178 - - [16/Jul/2026:16:56:56 +0000] "POST /xmlrpc.php HTTP/2" 403 1242 "https://www.iptv-portugal.com/" "Mozilla/5.0 (Windows NT 10.0; Win64; x64) AppleWebKit/537.36 (KHTML, like Gecko) Chrome/122.0.0.0 Safari/537.36"
173.239.224.33 - - [16/Jul/2026:16:57:19 +0000] "POST /wp-login.php HTTP/2" 200 1924 "-" "Mozilla/5.0 (Windows NT 10.0; Win64; x64) AppleWebKit/537.36 Chrome/129.0.0.0 Safari/537.36"
65.181.116.207 - - [16/Jul/2026:17:04:52 +0000] "POST /wp-cron.php?doing_wp_cron=1784221492.2615630626678466796875 HTTP/2" 200 0 "-" "WordPress/7.0.1; https://www.iptv-portugal.com"
43.159.135.203 - - [16/Jul/2026:17:04:46 +0000] "GET /wp-json/wp/v2/pages/262 HTTP/2" 200 4554 "-" "Mozilla/5.0 (iPhone; CPU iPhone OS 13_2_3 like Mac OS X) AppleWebKit/605.1.15 (KHTML, like Gecko) Version/13.0.3 Mobile/15E148 Safari/604.1"
65.181.116.207 - - [16/Jul/2026:17:12:26 +0000] "POST /wp-cron.php?doing_wp_cron=1784221946.3483839035034179687500 HTTP/2" 200 0 "-" "WordPress/7.0.1; https://www.iptv-portugal.com"
2a03:2880:f812:6c:: - - [16/Jul/2026:17:12:18 +0000] "GET /lista-de-canais/ HTTP/2" 200 76016 "-" "Mozilla/5.0 (Windows NT 10.0; Win64; x64) AppleWebKit/537.36 (KHTML, like Gecko) Chrome/145.0.0.0 Safari/537.36 (compatible; meta-webindexer/1.1 (+https://developers.facebook.com/docs/sharing/webmasters/crawler))"
65.181.116.207 - - [16/Jul/2026:17:13:07 +0000] "POST /wp-cron.php?doing_wp_cron=1784221987.3706190586090087890625 HTTP/2" 200 0 "-" "WordPress/7.0.1; https://www.iptv-portugal.com"
43.153.71.132 - - [16/Jul/2026:17:12:57 +0000] "GET /termos-e-condicoes/nn_Sent HTTP/2" 404 16522 "-" "Mozilla/5.0 (iPhone; CPU iPhone OS 13_2_3 like Mac OS X) AppleWebKit/605.1.15 (KHTML, like Gecko) Version/13.0.3 Mobile/15E148 Safari/604.1"
65.181.116.207 - - [16/Jul/2026:17:15:06 +0000] "POST /wp-cron.php?doing_wp_cron=1784222106.9420049190521240234375 HTTP/2" 200 0 "-" "WordPress/7.0.1; https://www.iptv-portugal.com"
37.120.155.34 - - [16/Jul/2026:17:15:01 +0000] "GET /wp-login.php HTTP/2" 200 1841 "https://www.iptv-portugal.com/" "Mozilla/5.0 (Windows NT 10.0; Win64; x64) AppleWebKit/537.36 (KHTML, like Gecko) Chrome/149.0.0.0 Safari/537.36"
37.120.155.34 - - [16/Jul/2026:17:15:14 +0000] "POST /wp-login.php HTTP/2" 200 1926 "https://www.iptv-portugal.com/wp-login.php" "Mozilla/5.0 (Windows NT 10.0; Win64; x64) AppleWebKit/537.36 (KHTML, like Gecko) Chrome/149.0.0.0 Safari/537.36"
37.120.155.34 - - [16/Jul/2026:17:15:22 +0000] "POST /xmlrpc.php HTTP/2" 403 1242 "https://www.iptv-portugal.com/" "Mozilla/5.0 (Windows NT 10.0; Win64; x64) AppleWebKit/537.36 (KHTML, like Gecko) Chrome/122.0.0.0 Safari/537.36"
170.106.113.235 - - [16/Jul/2026:17:21:17 +0000] "GET /xmlrpc.php?rsd HTTP/2" 403 1242 "-" "Mozilla/5.0 (iPhone; CPU iPhone OS 13_2_3 like Mac OS X) AppleWebKit/605.1.15 (KHTML, like Gecko) Version/13.0.3 Mobile/15E148 Safari/604.1"
45.148.10.21 - - [16/Jul/2026:17:23:43 +0000] "GET /wp-content/plugins/smtp-mailer/readme.txt HTTP/2" 401 53 "https://cpcalendars.iptv-portugal.com/wp-login.php" "Mozilla/5.0 (Macintosh; Intel Mac OS X 10_15_7) AppleWebKit/605.1.15 (KHTML, like Gecko) Version/17.5 Safari/605.1.15"
45.148.10.21 - - [16/Jul/2026:17:23:43 +0000] "GET /wp-content/plugins/smtp-mailer/readme.txt HTTP/2" 401 53 "https://cpcontacts.iptv-portugal.com/wp-login.php" "Mozilla/5.0 (Windows NT 10.0; Win64; x64) AppleWebKit/537.36 (KHTML, like Gecko) Chrome/125.0.0.0 Safari/537.36"
45.148.10.21 - - [16/Jul/2026:17:23:43 +0000] "GET /wp-content/plugins/smtp-mailer/readme.txt HTTP/2" 404 3418 "https://webmail.iptv-portugal.com/wp-login.php" "Mozilla/5.0 (Linux; Android 6.0.1; Nexus 5X Build/MMB29P) AppleWebKit/537.36 (KHTML, like Gecko) Chrome/125.0.0.0 Mobile Safari/537.36 (compatible; Googlebot/2.1; +http://www.google.com/bot.html)"
45.148.10.21 - - [16/Jul/2026:17:23:43 +0000] "GET /wp-content/plugins/smtp-mailer/readme.txt HTTP/2" 404 3415 "https://cpanel.iptv-portugal.com/wp-login.php" "Mozilla/5.0 (Linux; Android 6.0.1; Nexus 5X Build/MMB29P) AppleWebKit/537.36 (KHTML, like Gecko) Chrome/125.0.0.0 Mobile Safari/537.36 (compatible; Googlebot/2.1; +http://www.google.com/bot.html)"
45.148.10.21 - - [16/Jul/2026:17:23:43 +0000] "GET /wp-content/plugins/smtp-mailer/readme.txt HTTP/2" 401 53 "https://webdisk.iptv-portugal.com/wp-login.php" "Mozilla/5.0 (Macintosh; Intel Mac OS X 10_15_7) AppleWebKit/605.1.15 (KHTML, like Gecko) Version/17.5 Safari/605.1.15"
65.181.116.207 - - [16/Jul/2026:17:24:41 +0000] "POST /wp-cron.php?doing_wp_cron=1784222681.5028378963470458984375 HTTP/2" 200 0 "-" "WordPress/7.0.1; https://www.iptv-portugal.com"
45.92.229.23 - - [16/Jul/2026:17:24:36 +0000] "GET /wp-login.php HTTP/2" 200 1841 "-" "Mozilla/5.0 (Windows NT 10.0; Win64; x64) AppleWebKit/537.36 Chrome/129.0.0.0 Safari/537.36"
45.92.229.23 - - [16/Jul/2026:17:24:45 +0000] "GET /?author=1 HTTP/2" 301 0 "-" "Mozilla/5.0 (Windows NT 10.0; Win64; x64) AppleWebKit/537.36 Chrome/129.0.0.0 Safari/537.36"
45.92.229.23 - - [16/Jul/2026:17:24:50 +0000] "GET /?rest_route=/wp/v2/users HTTP/2" 200 415 "-" "Mozilla/5.0 (Macintosh; Intel Mac OS X 10_15_7) AppleWebKit/605.1.15 Version/17.0 Safari/605.1.15"
65.181.116.207 - - [16/Jul/2026:17:26:03 +0000] "POST /wp-cron.php?doing_wp_cron=1784222763.3361968994140625000000 HTTP/2" 200 0 "-" "WordPress/7.0.1; https://www.iptv-portugal.com"
37.120.155.34 - - [16/Jul/2026:17:25:57 +0000] "GET /wp-login.php HTTP/2" 200 1841 "https://www.iptv-portugal.com/" "Mozilla/5.0 (Windows NT 10.0; Win64; x64) AppleWebKit/537.36 (KHTML, like Gecko) Chrome/148.0.0.0 Safari/537.36"
37.120.155.34 - - [16/Jul/2026:17:26:11 +0000] "POST /wp-login.php HTTP/2" 200 1926 "https://www.iptv-portugal.com/wp-login.php" "Mozilla/5.0 (Windows NT 10.0; Win64; x64) AppleWebKit/537.36 (KHTML, like Gecko) Chrome/148.0.0.0 Safari/537.36"
37.120.155.34 - - [16/Jul/2026:17:26:22 +0000] "POST /xmlrpc.php HTTP/2" 403 1242 "https://www.iptv-portugal.com/" "Mozilla/5.0 (Windows NT 10.0; Win64; x64) AppleWebKit/537.36 (KHTML, like Gecko) Chrome/122.0.0.0 Safari/537.36"
65.181.116.207 - - [16/Jul/2026:17:31:32 +0000] "POST /wp-cron.php?doing_wp_cron=1784223092.3995940685272216796875 HTTP/2" 200 0 "-" "WordPress/7.0.1; https://www.iptv-portugal.com"
148.251.41.182 - - [16/Jul/2026:17:31:28 +0000] "GET /robots.txt HTTP/2" 200 97 "-" "Mozilla/5.0 (compatible; SERankingBacklinksBot/1.0; +https://seranking.com/backlinks-crawler)"
148.251.41.182 - - [16/Jul/2026:17:31:33 +0000] "GET /sitemaps.xml HTTP/2" 200 243 "-" "Mozilla/5.0 (compatible; SERankingBacklinksBot/1.0; +https://seranking.com/backlinks-crawler)"
148.251.41.182 - - [16/Jul/2026:17:31:49 +0000] "GET /gdpr/ HTTP/2" 200 19641 "-" "Mozilla/5.0 (compatible; SERankingBacklinksBot/1.0; +https://seranking.com/backlinks-crawler)"
148.251.41.182 - - [16/Jul/2026:17:32:09 +0000] "GET /contate-nos/ HTTP/2" 200 20117 "-" "Mozilla/5.0 (compatible; SERankingBacklinksBot/1.0; +https://seranking.com/backlinks-crawler)"
65.181.116.207 - - [16/Jul/2026:17:32:36 +0000] "POST /wp-cron.php?doing_wp_cron=1784223156.7606348991394042968750 HTTP/2" 200 0 "-" "WordPress/7.0.1; https://www.iptv-portugal.com"
148.251.41.182 - - [16/Jul/2026:17:32:28 +0000] "GET /lista-de-canais/ HTTP/2" 200 76016 "-" "Mozilla/5.0 (compatible; SERankingBacklinksBot/1.0; +https://seranking.com/backlinks-crawler)"
148.251.41.182 - - [16/Jul/2026:17:32:48 +0000] "GET /termos-e-condicoes/ HTTP/2" 200 19250 "-" "Mozilla/5.0 (compatible; SERankingBacklinksBot/1.0; +https://seranking.com/backlinks-crawler)"
148.251.41.182 - - [16/Jul/2026:17:33:06 +0000] "GET /perguntas-frequentes/ HTTP/2" 200 20299 "-" "Mozilla/5.0 (compatible; SERankingBacklinksBot/1.0; +https://seranking.com/backlinks-crawler)"
43.166.128.187 - - [16/Jul/2026:17:33:17 +0000] "GET /wp-content/plugins/creame-whatsapp-me/public/img/joinchat-ok.webm HTTP/2" 200 35914 "-" "Mozilla/5.0 (iPhone; CPU iPhone OS 13_2_3 like Mac OS X) AppleWebKit/605.1.15 (KHTML, like Gecko) Version/13.0.3 Mobile/15E148 Safari/604.1"
148.251.41.182 - - [16/Jul/2026:17:33:24 +0000] "GET /politica-de-privacidade/ HTTP/2" 200 17882 "-" "Mozilla/5.0 (compatible; SERankingBacklinksBot/1.0; +https://seranking.com/backlinks-crawler)"
65.181.116.207 - - [16/Jul/2026:17:43:28 +0000] "POST /wp-cron.php?doing_wp_cron=1784223808.0678930282592773437500 HTTP/2" 200 0 "-" "WordPress/7.0.1; https://www.iptv-portugal.com"
43.135.145.77 - - [16/Jul/2026:17:43:21 +0000] "GET /contate-nos/nn_Sent/nn_Sent HTTP/2" 404 16507 "-" "Mozilla/5.0 (iPhone; CPU iPhone OS 13_2_3 like Mac OS X) AppleWebKit/605.1.15 (KHTML, like Gecko) Version/13.0.3 Mobile/15E148 Safari/604.1"
65.181.116.207 - - [16/Jul/2026:17:44:57 +0000] "POST /wp-cron.php?doing_wp_cron=1784223897.4985380172729492187500 HTTP/2" 200 0 "-" "WordPress/7.0.1; https://www.iptv-portugal.com"
173.239.224.40 - - [16/Jul/2026:17:44:52 +0000] "POST /wp-login.php HTTP/2" 200 1924 "-" "Mozilla/5.0 (Macintosh; Intel Mac OS X 10_15_7) AppleWebKit/605.1.15 Version/17.0 Safari/605.1.15"
65.181.116.207 - - [16/Jul/2026:17:47:54 +0000] "POST /wp-cron.php?doing_wp_cron=1784224074.4139831066131591796875 HTTP/2" 200 0 "-" "WordPress/7.0.1; https://www.iptv-portugal.com"
216.73.217.1 - - [16/Jul/2026:17:47:50 +0000] "GET /robots.txt HTTP/2" 301 0 "-" "Mozilla/5.0 AppleWebKit/537.36 (KHTML, like Gecko; compatible; ClaudeBot/1.0; [email protected])"
65.181.116.207 - - [16/Jul/2026:17:49:35 +0000] "POST /wp-cron.php?doing_wp_cron=1784224175.3935129642486572265625 HTTP/2" 200 0 "-" "WordPress/7.0.1; https://www.iptv-portugal.com"
216.73.217.1 - - [16/Jul/2026:17:49:32 +0000] "GET /robots.txt HTTP/2" 200 97 "-" "Mozilla/5.0 AppleWebKit/537.36 (KHTML, like Gecko; compatible; ClaudeBot/1.0; [email protected])"
2a03:2880:f812:1:: - - [16/Jul/2026:17:50:26 +0000] "GET /post-sitemap1.xml HTTP/2" 200 251 "-" "Mozilla/5.0 (Windows NT 10.0; Win64; x64) AppleWebKit/537.36 (KHTML, like Gecko) Chrome/145.0.0.0 Safari/537.36 (compatible; meta-webindexer/1.1 (+https://developers.facebook.com/docs/sharing/webmasters/crawler))"
43.157.52.37 - - [16/Jul/2026:17:50:55 +0000] "GET /wp-content/uploads/2026/06/hilu1.webp HTTP/2" 200 8258 "-" "Mozilla/5.0 (iPhone; CPU iPhone OS 13_2_3 like Mac OS X) AppleWebKit/605.1.15 (KHTML, like Gecko) Version/13.0.3 Mobile/15E148 Safari/604.1"
65.181.116.207 - - [16/Jul/2026:18:03:44 +0000] "POST /wp-cron.php?doing_wp_cron=1784225024.0127339363098144531250 HTTP/2" 200 0 "-" "WordPress/7.0.1; https://www.iptv-portugal.com"
49.51.233.46 - - [16/Jul/2026:18:03:39 +0000] "GET /comments/feed/ HTTP/2" 200 784 "-" "Mozilla/5.0 (iPhone; CPU iPhone OS 13_2_3 like Mac OS X) AppleWebKit/605.1.15 (KHTML, like Gecko) Version/13.0.3 Mobile/15E148 Safari/604.1"
37.120.155.34 - - [16/Jul/2026:18:04:30 +0000] "GET /wp-login.php HTTP/2" 200 1841 "https://www.iptv-portugal.com/" "Mozilla/5.0 (Windows NT 10.0; Win64; x64) AppleWebKit/537.36 (KHTML, like Gecko) Chrome/149.0.0.0 Safari/537.36"
65.181.116.207 - - [16/Jul/2026:18:04:43 +0000] "POST /wp-cron.php?doing_wp_cron=1784225082.9142639636993408203125 HTTP/2" 200 0 "-" "WordPress/7.0.1; https://www.iptv-portugal.com"
37.120.155.34 - - [16/Jul/2026:18:04:39 +0000] "POST /wp-login.php HTTP/2" 200 1926 "https://www.iptv-portugal.com/wp-login.php" "Mozilla/5.0 (Windows NT 10.0; Win64; x64) AppleWebKit/537.36 (KHTML, like Gecko) Chrome/149.0.0.0 Safari/537.36"
37.120.155.34 - - [16/Jul/2026:18:04:46 +0000] "POST /xmlrpc.php HTTP/2" 403 1242 "https://www.iptv-portugal.com/" "Mozilla/5.0 (Windows NT 10.0; Win64; x64) AppleWebKit/537.36 (KHTML, like Gecko) Chrome/122.0.0.0 Safari/537.36"
136.116.198.170 - - [16/Jul/2026:18:14:32 +0000] "GET / HTTP/2" 200 37362 "-" "Mozilla/5.0 (Windows NT 10.0; Win64; x64) AppleWebKit/537.36 (KHTML, like Gecko) Chrome/140.0.0.0 Safari/537.36"
65.181.116.207 - - [16/Jul/2026:18:14:34 +0000] "POST /wp-cron.php?doing_wp_cron=1784225674.2438850402832031250000 HTTP/2" 200 0 "-" "WordPress/7.0.1; https://www.iptv-portugal.com"
136.116.198.170 - - [16/Jul/2026:18:14:33 +0000] "POST / HTTP/2" 200 37363 "https://www.iptv-portugal.com/" "Mozilla/5.0 (Windows NT 10.0; Win64; x64) AppleWebKit/537.36 (KHTML, like Gecko) Chrome/145.0.0.0 Safari/537.36"
136.116.198.170 - - [16/Jul/2026:18:14:34 +0000] "POST / HTTP/2" 200 37429 "https://www.iptv-portugal.com/" "Mozilla/5.0 (Windows NT 10.0; Win64; x64) AppleWebKit/537.36 (KHTML, like Gecko) Chrome/146.0.0.0 Safari/537.36"
170.106.180.153 - - [16/Jul/2026:18:14:34 +0000] "GET /lista-de-canais/ HTTP/2" 200 76016 "-" "Mozilla/5.0 (iPhone; CPU iPhone OS 13_2_3 like Mac OS X) AppleWebKit/605.1.15 (KHTML, like Gecko) Version/13.0.3 Mobile/15E148 Safari/604.1"
51.195.244.144 - - [16/Jul/2026:18:14:42 +0000] "GET /robots.txt HTTP/2" 200 97 "-" "Mozilla/5.0 (compatible; AhrefsBot/7.0; +http://ahrefs.com/robot/)"
51.161.65.237 - - [16/Jul/2026:18:14:44 +0000] "GET /page/71/ HTTP/2" 200 37263 "-" "Mozilla/5.0 (compatible; AhrefsBot/7.0; +http://ahrefs.com/robot/)"
185.242.3.184 - - [16/Jul/2026:18:17:52 +0000] "GET / HTTP/2" 200 37363 "-" "Mozlila/5.0 (Linux; Android 7.0; SM-G892A Bulid/NRD90M; wv) AppleWebKit/537.36 (KHTML, like Gecko) Version/4.0 Chrome/60.0.3112.107 Moblie Safari/537.36"
185.242.3.184 - - [16/Jul/2026:18:17:54 +0000] "GET /wp-content/themes/seotheme/db.php?u HTTP/2" 301 0 "www.google.com" "Mozlila/5.0 (Linux; Android 7.0; SM-G892A Bulid/NRD90M; wv) AppleWebKit/537.36 (KHTML, like Gecko) Version/4.0 Chrome/60.0.3112.107 Moblie Safari/537.36"
185.242.3.184 - - [16/Jul/2026:18:17:54 +0000] "GET /wp-content/plugins/apikey/apikey.php?test=hello HTTP/2" 404 16492 "-" "Mozlila/5.0 (Linux; Android 7.0; SM-G892A Bulid/NRD90M; wv) AppleWebKit/537.36 (KHTML, like Gecko) Version/4.0 Chrome/60.0.3112.107 Moblie Safari/537.36"
185.242.3.184 - - [16/Jul/2026:18:17:55 +0000] "GET /plugins/content/apismtp/apismtp.php?test=hello HTTP/2" 404 16674 "-" "Mozlila/5.0 (Linux; Android 7.0; SM-G892A Bulid/NRD90M; wv) AppleWebKit/537.36 (KHTML, like Gecko) Version/4.0 Chrome/60.0.3112.107 Moblie Safari/537.36"
185.242.3.184 - - [16/Jul/2026:18:17:55 +0000] "GET /wp-content/themes/seotheme/db.php?u HTTP/2" 404 16501 "www.google.com" "Mozlila/5.0 (Linux; Android 7.0; SM-G892A Bulid/NRD90M; wv) AppleWebKit/537.36 (KHTML, like Gecko) Version/4.0 Chrome/60.0.3112.107 Moblie Safari/537.36"
185.242.3.184 - - [16/Jul/2026:18:17:55 +0000] "POST /wp-plain.php HTTP/2" 404 16584 "www.google.com" "Mozilla/5.0 (Linux; Android 7.0; SM-G892A Bulid/NRD90M; wv) AppleWebKit/537.36 (KHTML, like Gecko) Version/4.0 Chrome/60.0.3112.107 Moblie Safari/537.36"
185.242.3.184 - - [16/Jul/2026:18:17:56 +0000] "GET /emhriyvl.php?Fox=d3wL7 HTTP/2" 301 0 "www.google.com" "Mozilla/5.0 (Linux; Android 7.0; SM-G892A Bulid/NRD90M; wv) AppleWebKit/537.36 (KHTML, like Gecko) Version/4.0 Chrome/60.0.3112.107 Moblie Safari/537.36"
185.242.3.184 - - [16/Jul/2026:18:17:56 +0000] "GET /wp-content/plugins/apikey/apikey.php.suspected?test=hello HTTP/2" 404 16495 "-" "Mozlila/5.0 (Linux; Android 7.0; SM-G892A Bulid/NRD90M; wv) AppleWebKit/537.36 (KHTML, like Gecko) Version/4.0 Chrome/60.0.3112.107 Moblie Safari/537.36"
185.242.3.184 - - [16/Jul/2026:18:17:58 +0000] "GET /emhriyvl.php?Fox=d3wL7 HTTP/2" 404 16485 "www.google.com" "Mozilla/5.0 (Linux; Android 7.0; SM-G892A Bulid/NRD90M; wv) AppleWebKit/537.36 (KHTML, like Gecko) Version/4.0 Chrome/60.0.3112.107 Moblie Safari/537.36"
185.242.3.184 - - [16/Jul/2026:18:17:58 +0000] "GET /plugins/content/apismtp/apismtp.php.suspected?test=hello HTTP/2" 404 16503 "-" "Mozlila/5.0 (Linux; Android 7.0; SM-G892A Bulid/NRD90M; wv) AppleWebKit/537.36 (KHTML, like Gecko) Version/4.0 Chrome/60.0.3112.107 Moblie Safari/537.36"
65.181.116.207 - - [16/Jul/2026:18:23:08 +0000] "POST /wp-cron.php?doing_wp_cron=1784226188.4840159416198730468750 HTTP/2" 200 0 "-" "WordPress/7.0.1; https://www.iptv-portugal.com"
49.51.253.26 - - [16/Jul/2026:18:23:07 +0000] "GET /contate-nos/nn_Sent/nn_Sent/nn_Sent HTTP/2" 404 16488 "-" "Mozilla/5.0 (iPhone; CPU iPhone OS 13_2_3 like Mac OS X) AppleWebKit/605.1.15 (KHTML, like Gecko) Version/13.0.3 Mobile/15E148 Safari/604.1"
216.75.132.74 - - [16/Jul/2026:18:28:11 +0000] "GET /wp-content/uploads/2026/06/4-5-1.webp HTTP/2" 200 6078 "https://www.iptv-portugal.com/" "Mozilla/5.0 (Windows NT 10.0; Win64; x64) AppleWebKit/537.36 (KHTML, like Gecko) Chrome/120.0.0.0 Safari/537.36"
65.181.116.207 - - [16/Jul/2026:18:33:36 +0000] "POST /wp-cron.php?doing_wp_cron=1784226816.4402730464935302734375 HTTP/2" 200 0 "-" "WordPress/7.0.1; https://www.iptv-portugal.com"
173.239.224.31 - - [16/Jul/2026:18:33:35 +0000] "POST /wp-login.php HTTP/2" 200 1924 "-" "Mozilla/5.0 (Windows NT 10.0; Win64; x64) AppleWebKit/537.36 Chrome/129.0.0.0 Safari/537.36"
162.62.231.139 - - [16/Jul/2026:18:33:54 +0000] "GET /politica-de-privacidade/ HTTP/2" 200 17901 "-" "Mozilla/5.0 (iPhone; CPU iPhone OS 13_2_3 like Mac OS X) AppleWebKit/605.1.15 (KHTML, like Gecko) Version/13.0.3 Mobile/15E148 Safari/604.1"
216.73.217.87 - - [16/Jul/2026:18:34:32 +0000] "GET /sitemaps.xml HTTP/2" 200 243 "-" "Mozilla/5.0 AppleWebKit/537.36 (KHTML, like Gecko; compatible; Claude-SearchBot/1.0; [email protected])"
65.181.116.207 - - [16/Jul/2026:18:35:34 +0000] "POST /wp-cron.php?doing_wp_cron=1784226934.7587718963623046875000 HTTP/2" 200 0 "-" "WordPress/7.0.1; https://www.iptv-portugal.com"
216.73.217.87 - - [16/Jul/2026:18:35:34 +0000] "GET /sitemap.xml HTTP/2" 301 0 "-" "Mozilla/5.0 AppleWebKit/537.36 (KHTML, like Gecko; compatible; Claude-SearchBot/1.0; [email protected])"
216.73.217.87 - - [16/Jul/2026:18:35:36 +0000] "GET /sitemaps.xml HTTP/2" 200 243 "https://iptv-portugal.com/sitemap.xml" "Mozilla/5.0 AppleWebKit/537.36 (KHTML, like Gecko; compatible; Claude-SearchBot/1.0; [email protected])"
65.181.116.207 - - [16/Jul/2026:18:38:38 +0000] "POST /wp-cron.php?doing_wp_cron=1784227117.9927558898925781250000 HTTP/2" 200 0 "-" "WordPress/7.0.1; https://www.iptv-portugal.com"
98.93.142.96 - - [16/Jul/2026:18:38:36 +0000] "GET / HTTP/2" 200 37363 "-" "Mozilla/5.0 (compatible; DotBot/1.1; http://www.opensiteexplorer.org/dotbot, [email protected])"
142.44.228.32 - - [16/Jul/2026:18:38:51 +0000] "GET /termos-e-condicoes/ HTTP/2" 200 19250 "-" "Mozilla/5.0 (compatible; AhrefsBot/7.0; +http://ahrefs.com/robot/)"
65.181.116.207 - - [16/Jul/2026:18:42:31 +0000] "POST /wp-cron.php?doing_wp_cron=1784227351.3193221092224121093750 HTTP/2" 200 0 "-" "WordPress/7.0.1; https://www.iptv-portugal.com"
43.153.85.46 - - [16/Jul/2026:18:42:29 +0000] "GET /gdpr/ HTTP/2" 200 19641 "-" "Mozilla/5.0 (iPhone; CPU iPhone OS 13_2_3 like Mac OS X) AppleWebKit/605.1.15 (KHTML, like Gecko) Version/13.0.3 Mobile/15E148 Safari/604.1"
65.181.116.207 - - [16/Jul/2026:18:46:30 +0000] "POST /wp-cron.php?doing_wp_cron=1784227590.1846380233764648437500 HTTP/2" 200 0 "-" "WordPress/7.0.1; https://www.iptv-portugal.com"
216.73.217.87 - - [16/Jul/2026:18:46:29 +0000] "GET /sitemap.xml HTTP/2" 301 0 "-" "Mozilla/5.0 AppleWebKit/537.36 (KHTML, like Gecko; compatible; Claude-SearchBot/1.0; [email protected])"
65.181.116.207 - - [16/Jul/2026:18:46:35 +0000] "POST /wp-cron.php?doing_wp_cron=1784227595.4188499450683593750000 HTTP/2" 200 0 "-" "WordPress/7.0.1; https://www.iptv-portugal.com"
216.73.217.87 - - [16/Jul/2026:18:46:34 +0000] "GET /sitemaps.xml HTTP/2" 200 243 "https://iptv-portugal.com/sitemap.xml" "Mozilla/5.0 AppleWebKit/537.36 (KHTML, like Gecko; compatible; Claude-SearchBot/1.0; [email protected])"
65.181.116.207 - - [16/Jul/2026:18:57:09 +0000] "POST /wp-cron.php?doing_wp_cron=1784228229.3744161128997802734375 HTTP/2" 200 0 "-" "WordPress/7.0.1; https://www.iptv-portugal.com"
98.93.142.96 - - [16/Jul/2026:18:57:08 +0000] "GET /robots.txt HTTP/2" 301 0 "-" "Mozilla/5.0 (compatible; DotBot/1.1; http://www.opensiteexplorer.org/dotbot, [email protected])"
138.246.253.24 - - [16/Jul/2026:18:57:09 +0000] "GET /robots.txt HTTP/2" 301 0 "-" "Mozilla/5.0 (Windows NT 10.0; Win64; x64) AppleWebKit/537.36 (KHTML, like Gecko) Chrome/103.0.5060.134 Safari/537.36"
98.93.142.96 - - [16/Jul/2026:18:57:09 +0000] "GET / HTTP/2" 200 37363 "-" "Mozilla/5.0 (compatible; DotBot/1.1; http://www.opensiteexplorer.org/dotbot, [email protected])"
98.93.142.96 - - [16/Jul/2026:18:57:11 +0000] "GET /feed/ HTTP/2" 200 850 "-" "Mozilla/5.0 (compatible; DotBot/1.1; http://www.opensiteexplorer.org/dotbot, [email protected])"
98.93.142.96 - - [16/Jul/2026:18:57:12 +0000] "GET /comments/feed/ HTTP/2" 200 784 "-" "Mozilla/5.0 (compatible; DotBot/1.1; http://www.opensiteexplorer.org/dotbot, [email protected])"
98.93.142.96 - - [16/Jul/2026:18:57:12 +0000] "GET /lista-de-canais/ HTTP/2" 200 76087 "-" "Mozilla/5.0 (compatible; DotBot/1.1; http://www.opensiteexplorer.org/dotbot, [email protected])"
98.93.142.96 - - [16/Jul/2026:18:57:15 +0000] "GET /perguntas-frequentes/ HTTP/2" 200 20299 "-" "Mozilla/5.0 (compatible; DotBot/1.1; http://www.opensiteexplorer.org/dotbot, [email protected])"
98.93.142.96 - - [16/Jul/2026:18:57:16 +0000] "GET /contate-nos/ HTTP/2" 200 20120 "-" "Mozilla/5.0 (compatible; DotBot/1.1; http://www.opensiteexplorer.org/dotbot, [email protected])"
98.93.142.96 - - [16/Jul/2026:18:57:18 +0000] "GET /politica-de-privacidade/ HTTP/2" 200 17882 "-" "Mozilla/5.0 (compatible; DotBot/1.1; http://www.opensiteexplorer.org/dotbot, [email protected])"
98.93.142.96 - - [16/Jul/2026:18:57:19 +0000] "GET /termos-e-condicoes/ HTTP/2" 200 19250 "-" "Mozilla/5.0 (compatible; DotBot/1.1; http://www.opensiteexplorer.org/dotbot, [email protected])"
98.93.142.96 - - [16/Jul/2026:18:57:20 +0000] "GET /gdpr/ HTTP/2" 200 19641 "-" "Mozilla/5.0 (compatible; DotBot/1.1; http://www.opensiteexplorer.org/dotbot, [email protected])"
65.181.116.207 - - [16/Jul/2026:19:03:04 +0000] "POST /wp-cron.php?doing_wp_cron=1784228584.0199420452117919921875 HTTP/2" 200 0 "-" "WordPress/7.0.1; https://www.iptv-portugal.com"
43.130.39.254 - - [16/Jul/2026:19:03:02 +0000] "GET /?p=1 HTTP/2" 301 0 "-" "Mozilla/5.0 (iPhone; CPU iPhone OS 13_2_3 like Mac OS X) AppleWebKit/605.1.15 (KHTML, like Gecko) Version/13.0.3 Mobile/15E148 Safari/604.1"
43.130.39.254 - - [16/Jul/2026:19:03:07 +0000] "GET /2026/03/24/hello-world/ HTTP/2" 200 18597 "https://www.iptv-portugal.com/?p=1" "Mozilla/5.0 (iPhone; CPU iPhone OS 13_2_3 like Mac OS X) AppleWebKit/605.1.15 (KHTML, like Gecko) Version/13.0.3 Mobile/15E148 Safari/604.1"
65.181.116.207 - - [16/Jul/2026:19:08:51 +0000] "POST /wp-cron.php?doing_wp_cron=1784228931.1604340076446533203125 HTTP/2" 200 0 "-" "WordPress/7.0.1; https://www.iptv-portugal.com"
43.152.72.244 - - [16/Jul/2026:19:08:49 +0000] "GET /2026/03/24/hello-world/ HTTP/2" 200 18597 "-" "Mozilla/5.0 (iPhone; CPU iPhone OS 13_2_3 like Mac OS X) AppleWebKit/605.1.15 (KHTML, like Gecko) Version/13.0.3 Mobile/15E148 Safari/604.1"
65.181.116.207 - - [16/Jul/2026:19:18:03 +0000] "POST /wp-cron.php?doing_wp_cron=1784229483.5611379146575927734375 HTTP/2" 200 0 "-" "WordPress/7.0.1; https://www.iptv-portugal.com"
43.153.47.201 - - [16/Jul/2026:19:18:00 +0000] "GET /lista-de-canais/ HTTP/2" 200 76016 "-" "Mozilla/5.0 (iPhone; CPU iPhone OS 13_2_3 like Mac OS X) AppleWebKit/605.1.15 (KHTML, like Gecko) Version/13.0.3 Mobile/15E148 Safari/604.1"
65.181.116.207 - - [16/Jul/2026:19:22:29 +0000] "POST /wp-cron.php?doing_wp_cron=1784229748.9699289798736572265625 HTTP/2" 200 0 "-" "WordPress/7.0.1; https://www.iptv-portugal.com"
52.203.79.108 - - [16/Jul/2026:19:22:27 +0000] "GET /robots.txt HTTP/2" 301 0 "-" "Mozilla/5.0 (Macintosh; Intel Mac OS X 10_10_1) AppleWebKit/600.2.5 (KHTML, like Gecko) Version/8.0.2 Safari/600.2.5 (Gort)"
65.181.116.207 - - [16/Jul/2026:19:23:34 +0000] "POST /wp-cron.php?doing_wp_cron=1784229814.2233040332794189453125 HTTP/2" 200 0 "-" "WordPress/7.0.1; https://www.iptv-portugal.com"
37.120.155.2 - - [16/Jul/2026:19:23:32 +0000] "GET /wp-login.php HTTP/2" 200 1841 "https://www.iptv-portugal.com/" "Mozilla/5.0 (Windows NT 10.0; Win64; x64) AppleWebKit/537.36 (KHTML, like Gecko) Chrome/148.0.0.0 Safari/537.36"
37.120.155.2 - - [16/Jul/2026:19:23:39 +0000] "POST /wp-login.php HTTP/2" 200 1926 "https://www.iptv-portugal.com/wp-login.php" "Mozilla/5.0 (Windows NT 10.0; Win64; x64) AppleWebKit/537.36 (KHTML, like Gecko) Chrome/148.0.0.0 Safari/537.36"
37.120.155.2 - - [16/Jul/2026:19:23:44 +0000] "POST /xmlrpc.php HTTP/2" 403 1242 "https://www.iptv-portugal.com/" "Mozilla/5.0 (Windows NT 10.0; Win64; x64) AppleWebKit/537.36 (KHTML, like Gecko) Chrome/122.0.0.0 Safari/537.36"
173.239.224.43 - - [16/Jul/2026:19:23:45 +0000] "POST /wp-login.php HTTP/2" 200 1924 "-" "Mozilla/5.0 (Macintosh; Intel Mac OS X 10_15_7) AppleWebKit/605.1.15 Version/17.0 Safari/605.1.15"
65.181.116.207 - - [16/Jul/2026:19:30:48 +0000] "POST /wp-cron.php?doing_wp_cron=1784230248.0964009761810302734375 HTTP/2" 200 0 "-" "WordPress/7.0.1; https://www.iptv-portugal.com"
43.130.141.193 - - [16/Jul/2026:19:30:45 +0000] "GET /wp-admin/admin-ajax.php HTTP/2" 400 5 "-" "Mozilla/5.0 (iPhone; CPU iPhone OS 13_2_3 like Mac OS X) AppleWebKit/605.1.15 (KHTML, like Gecko) Version/13.0.3 Mobile/15E148 Safari/604.1"
148.251.41.182 - - [16/Jul/2026:19:32:22 +0000] "GET /sitemaps.xml HTTP/2" 200 243 "-" "Mozilla/5.0 (compatible; SERankingBacklinksBot/1.0; +https://seranking.com/backlinks-crawler)"
65.181.116.207 - - [16/Jul/2026:19:39:43 +0000] "POST /wp-cron.php?doing_wp_cron=1784230783.9220139980316162109375 HTTP/2" 200 0 "-" "WordPress/7.0.1; https://www.iptv-portugal.com"
74.7.228.14 - - [16/Jul/2026:19:39:42 +0000] "GET /robots.txt HTTP/2" 200 97 "-" "Mozilla/5.0 (Macintosh; Intel Mac OS X 10_15_7) AppleWebKit/537.36 (KHTML, like Gecko) Chrome/131.0.0.0 Safari/537.36; compatible; OAI-SearchBot/1.4; robots.txt; +https://openai.com/searchbot"
65.181.116.207 - - [16/Jul/2026:19:41:34 +0000] "POST /wp-cron.php?doing_wp_cron=1784230894.3490378856658935546875 HTTP/2" 200 0 "-" "WordPress/7.0.1; https://www.iptv-portugal.com"
43.159.128.155 - - [16/Jul/2026:19:41:30 +0000] "GET /wp-json/oembed/1.0/embed?url=https%3A%2F%2Fwww.iptv-portugal.com%2Fpolitica-de-privacidade%2F HTTP/2" 200 1045 "-" "Mozilla/5.0 (iPhone; CPU iPhone OS 13_2_3 like Mac OS X) AppleWebKit/605.1.15 (KHTML, like Gecko) Version/13.0.3 Mobile/15E148 Safari/604.1"
65.181.116.207 - - [16/Jul/2026:19:50:41 +0000] "POST /wp-cron.php?doing_wp_cron=1784231441.7590498924255371093750 HTTP/2" 200 0 "-" "WordPress/7.0.1; https://www.iptv-portugal.com"
74.7.228.16 - - [16/Jul/2026:19:50:38 +0000] "GET /robots.txt HTTP/2" 301 0 "-" "Mozilla/5.0 (Macintosh; Intel Mac OS X 10_15_7) AppleWebKit/537.36 (KHTML, like Gecko) Chrome/131.0.0.0 Safari/537.36; compatible; OAI-SearchBot/1.4; robots.txt; +https://openai.com/searchbot"
49.51.180.2 - - [16/Jul/2026:19:50:45 +0000] "GET /category/uncategorized/ HTTP/2" 200 16769 "-" "Mozilla/5.0 (iPhone; CPU iPhone OS 13_2_3 like Mac OS X) AppleWebKit/605.1.15 (KHTML, like Gecko) Version/13.0.3 Mobile/15E148 Safari/604.1"
65.181.116.207 - - [16/Jul/2026:19:52:08 +0000] "POST /wp-cron.php?doing_wp_cron=1784231528.2148110866546630859375 HTTP/2" 200 0 "-" "WordPress/7.0.1; https://www.iptv-portugal.com"
119.181.20.204 - - [16/Jul/2026:19:52:01 +0000] "GET / HTTP/2" 200 37363 "https://www.iptv-portugal.com/" "Mozilla/5.0 (Windows NT 6.1; WOW64) AppleWebKit/537.36 (KHTML, like Gecko) Chrome/50.0.2661.102 Safari/537.36"
65.181.116.207 - - [16/Jul/2026:19:54:07 +0000] "POST /wp-cron.php?doing_wp_cron=1784231646.8574240207672119140625 HTTP/2" 200 0 "-" "WordPress/7.0.1; https://www.iptv-portugal.com"
216.73.217.1 - - [16/Jul/2026:19:54:03 +0000] "GET /robots.txt HTTP/2" 301 0 "-" "Mozilla/5.0 AppleWebKit/537.36 (KHTML, like Gecko; compatible; ClaudeBot/1.0; [email protected])"
65.181.116.207 - - [16/Jul/2026:19:57:01 +0000] "POST /wp-cron.php?doing_wp_cron=1784231821.1756680011749267578125 HTTP/2" 200 0 "-" "WordPress/7.0.1; https://www.iptv-portugal.com"
43.134.91.35 - - [16/Jul/2026:19:56:57 +0000] "GET /2026/03/24/hello-world/feed/ HTTP/2" 200 777 "-" "Mozilla/5.0 (iPhone; CPU iPhone OS 13_2_3 like Mac OS X) AppleWebKit/605.1.15 (KHTML, like Gecko) Version/13.0.3 Mobile/15E148 Safari/604.1"
65.181.116.207 - - [16/Jul/2026:19:57:43 +0000] "POST /wp-cron.php?doing_wp_cron=1784231863.4045379161834716796875 HTTP/2" 200 0 "-" "WordPress/7.0.1; https://www.iptv-portugal.com"
216.73.217.1 - - [16/Jul/2026:19:57:40 +0000] "GET /robots.txt HTTP/2" 200 97 "-" "Mozilla/5.0 AppleWebKit/537.36 (KHTML, like Gecko; compatible; ClaudeBot/1.0; [email protected])"
65.181.116.207 - - [16/Jul/2026:19:58:38 +0000] "POST /wp-cron.php?doing_wp_cron=1784231917.9720480442047119140625 HTTP/2" 200 0 "-" "WordPress/7.0.1; https://www.iptv-portugal.com"
35.168.181.24 - - [16/Jul/2026:19:58:34 +0000] "GET / HTTP/2" 301 0 "-" "Mozilla/5.0 AppleWebKit/537.36 (KHTML, like Gecko; compatible; Amzn-SearchBot/0.1) Chrome/119.0.6045.214 Safari/537.36"
98.95.161.103 - - [16/Jul/2026:19:58:38 +0000] "GET / HTTP/2" 200 37429 "-" "Mozilla/5.0 AppleWebKit/537.36 (KHTML, like Gecko; compatible; Amzn-SearchBot/0.1) Chrome/119.0.6045.214 Safari/537.36"
216.73.217.87 - - [16/Jul/2026:19:59:04 +0000] "GET /sitemaps.xml HTTP/2" 200 241 "-" "Mozilla/5.0 AppleWebKit/537.36 (KHTML, like Gecko; compatible; Claude-SearchBot/1.0; [email protected])"
65.181.116.207 - - [16/Jul/2026:20:09:35 +0000] "POST /wp-cron.php?doing_wp_cron=1784232575.1974399089813232421875 HTTP/2" 200 0 "-" "WordPress/7.0.1; https://www.iptv-portugal.com"
43.155.162.41 - - [16/Jul/2026:20:09:29 +0000] "GET /2026/03/24/hello-world/ HTTP/2" 200 18597 "-" "Mozilla/5.0 (iPhone; CPU iPhone OS 13_2_3 like Mac OS X) AppleWebKit/605.1.15 (KHTML, like Gecko) Version/13.0.3 Mobile/15E148 Safari/604.1"
65.181.116.207 - - [16/Jul/2026:20:09:38 +0000] "POST /wp-admin/admin-ajax.php?action=wp_1_wc_privacy_cleanup&nonce=2b63076358 HTTP/2" 200 0 "-" "WordPress/7.0.1; https://www.iptv-portugal.com"
91.92.241.196 - - [16/Jul/2026:20:15:02 +0000] "GET /.env HTTP/2" 200 285 "-" "Mozilla/5.0 (Windows NT 10.0; Win64; x64) AppleWebKit/537.36"
91.92.241.196 - - [16/Jul/2026:20:15:03 +0000] "GET /.env.production HTTP/2" 200 285 "-" "Mozilla/5.0 (Windows NT 10.0; Win64; x64) AppleWebKit/537.36"
91.92.241.196 - - [16/Jul/2026:20:15:04 +0000] "GET /api/.env HTTP/2" 200 285 "-" "Mozilla/5.0 (Windows NT 10.0; Win64; x64) AppleWebKit/537.36"
91.92.241.196 - - [16/Jul/2026:20:15:06 +0000] "GET /.aws/credentials HTTP/2" 200 285 "-" "Mozilla/5.0 (Windows NT 10.0; Win64; x64) AppleWebKit/537.36"
65.181.116.207 - - [16/Jul/2026:20:16:49 +0000] "POST /wp-cron.php?doing_wp_cron=1784233009.0696499347686767578125 HTTP/2" 200 0 "-" "WordPress/7.0.1; https://www.iptv-portugal.com"
173.239.224.22 - - [16/Jul/2026:20:16:45 +0000] "POST /wp-login.php HTTP/2" 200 1924 "-" "Mozilla/5.0 (Windows NT 10.0; Win64; rv:143.0) Gecko/20100101 Firefox/143.0"
65.181.116.207 - - [16/Jul/2026:20:18:52 +0000] "POST /wp-cron.php?doing_wp_cron=1784233132.1226720809936523437500 HTTP/2" 200 0 "-" "WordPress/7.0.1; https://www.iptv-portugal.com"
2a03:2880:f806:23:: - - [16/Jul/2026:20:18:48 +0000] "GET /sitemap.txt HTTP/2" 301 0 "-" "Mozilla/5.0 (X11; Linux x86_64) AppleWebKit/537.36 (KHTML, like Gecko) Chrome/145.0.0.0 Safari/537.36 (compatible; meta-webindexer/1.1 (+https://developers.facebook.com/docs/sharing/webmasters/crawler))"
65.181.116.207 - - [16/Jul/2026:20:21:57 +0000] "POST /wp-cron.php?doing_wp_cron=1784233317.5436670780181884765625 HTTP/2" 200 0 "-" "WordPress/7.0.1; https://www.iptv-portugal.com"
148.251.41.182 - - [16/Jul/2026:20:21:53 +0000] "GET /robots.txt HTTP/2" 301 0 "-" "Mozilla/5.0 (compatible; SERankingBacklinksBot/1.0; +https://seranking.com/backlinks-crawler)"
148.251.41.182 - - [16/Jul/2026:20:21:58 +0000] "GET /sitemap.xml HTTP/2" 301 0 "-" "Mozilla/5.0 (compatible; SERankingBacklinksBot/1.0; +https://seranking.com/backlinks-crawler)"
148.251.41.182 - - [16/Jul/2026:20:22:01 +0000] "GET /sitemaps.xml HTTP/2" 200 243 "-" "Mozilla/5.0 (compatible; SERankingBacklinksBot/1.0; +https://seranking.com/backlinks-crawler)"
162.14.81.106 - - [16/Jul/2026:20:24:16 +0000] "GET / HTTP/2" 200 37363 "http://iptv-portugal.com" "Mozilla/5.0 (iPhone; CPU iPhone OS 13_2_3 like Mac OS X) AppleWebKit/605.1.15 (KHTML, like Gecko) Version/13.0.3 Mobile/15E148 Safari/604.1"
65.181.116.207 - - [16/Jul/2026:20:27:15 +0000] "POST /wp-cron.php?doing_wp_cron=1784233635.6782190799713134765625 HTTP/2" 200 0 "-" "WordPress/7.0.1; https://www.iptv-portugal.com"
43.154.250.181 - - [16/Jul/2026:20:27:07 +0000] "GET /wp-json/wp/v2/pages/103 HTTP/2" 200 59859 "-" "Mozilla/5.0 (iPhone; CPU iPhone OS 13_2_3 like Mac OS X) AppleWebKit/605.1.15 (KHTML, like Gecko) Version/13.0.3 Mobile/15E148 Safari/604.1"
65.181.116.207 - - [16/Jul/2026:20:32:14 +0000] "POST /wp-cron.php?doing_wp_cron=1784233934.8687689304351806640625 HTTP/2" 200 0 "-" "WordPress/7.0.1; https://www.iptv-portugal.com"
43.130.116.87 - - [16/Jul/2026:20:32:09 +0000] "GET /category/uncategorized/feed/ HTTP/2" 200 860 "-" "Mozilla/5.0 (iPhone; CPU iPhone OS 13_2_3 like Mac OS X) AppleWebKit/605.1.15 (KHTML, like Gecko) Version/13.0.3 Mobile/15E148 Safari/604.1"
84.233.212.22 - - [16/Jul/2026:20:35:56 +0000] "GET / HTTP/2" 401 53 "-" "Mozilla/5.0 (Windows NT 10.0; Win64; x64) AppleWebKit/537.36 (KHTML, like Gecko) Chrome/58.0.3029.110 Safari/537.3"
84.233.212.22 - - [16/Jul/2026:20:35:58 +0000] "GET /phpinfo.php HTTP/2" 401 53 "-" "Mozilla/5.0 (Windows NT 10.0; Win64; x64) AppleWebKit/537.36 (KHTML, like Gecko) Chrome/58.0.3029.110 Safari/537.3"
84.233.212.22 - - [16/Jul/2026:20:35:59 +0000] "GET /test.php HTTP/2" 401 53 "-" "Mozilla/5.0 (Windows NT 10.0; Win64; x64) AppleWebKit/537.36 (KHTML, like Gecko) Chrome/58.0.3029.110 Safari/537.3"
84.233.212.22 - - [16/Jul/2026:20:36:00 +0000] "GET /_profiler/phpinfo HTTP/2" 401 53 "-" "Mozilla/5.0 (Windows NT 10.0; Win64; x64) AppleWebKit/537.36 (KHTML, like Gecko) Chrome/58.0.3029.110 Safari/537.3"
84.233.212.22 - - [16/Jul/2026:20:36:02 +0000] "GET /.env HTTP/2" 401 53 "-" "Mozilla/5.0 (Windows NT 10.0; Win64; x64) AppleWebKit/537.36 (KHTML, like Gecko) Chrome/58.0.3029.110 Safari/537.3"
84.233.212.22 - - [16/Jul/2026:20:36:03 +0000] "GET /db.sql HTTP/2" 401 53 "-" "Mozilla/5.0 (Windows NT 10.0; Win64; x64) AppleWebKit/537.36 (KHTML, like Gecko) Chrome/58.0.3029.110 Safari/537.3"
84.233.212.22 - - [16/Jul/2026:20:36:04 +0000] "GET /dump.sql HTTP/2" 401 53 "-" "Mozilla/5.0 (Windows NT 10.0; Win64; x64) AppleWebKit/537.36 (KHTML, like Gecko) Chrome/58.0.3029.110 Safari/537.3"
84.233.212.22 - - [16/Jul/2026:20:36:05 +0000] "GET /database.sql HTTP/2" 401 53 "-" "Mozilla/5.0 (Windows NT 10.0; Win64; x64) AppleWebKit/537.36 (KHTML, like Gecko) Chrome/58.0.3029.110 Safari/537.3"
84.233.212.22 - - [16/Jul/2026:20:36:06 +0000] "GET /backup.sql HTTP/2" 401 53 "-" "Mozilla/5.0 (Windows NT 10.0; Win64; x64) AppleWebKit/537.36 (KHTML, like Gecko) Chrome/58.0.3029.110 Safari/537.3"
84.233.212.22 - - [16/Jul/2026:20:36:08 +0000] "GET /config/db.sql HTTP/2" 401 53 "-" "Mozilla/5.0 (Windows NT 10.0; Win64; x64) AppleWebKit/537.36 (KHTML, like Gecko) Chrome/58.0.3029.110 Safari/537.3"
84.233.212.22 - - [16/Jul/2026:20:36:09 +0000] "GET /sql/db.sql HTTP/2" 401 53 "-" "Mozilla/5.0 (Windows NT 10.0; Win64; x64) AppleWebKit/537.36 (KHTML, like Gecko) Chrome/58.0.3029.110 Safari/537.3"
84.233.212.22 - - [16/Jul/2026:20:36:10 +0000] "GET /data/dump.sql HTTP/2" 401 53 "-" "Mozilla/5.0 (Windows NT 10.0; Win64; x64) AppleWebKit/537.36 (KHTML, like Gecko) Chrome/58.0.3029.110 Safari/537.3"
84.233.212.22 - - [16/Jul/2026:20:36:11 +0000] "GET /backups/database.sql HTTP/2" 401 53 "-" "Mozilla/5.0 (Windows NT 10.0; Win64; x64) AppleWebKit/537.36 (KHTML, like Gecko) Chrome/58.0.3029.110 Safari/537.3"
84.233.212.22 - - [16/Jul/2026:20:36:12 +0000] "GET /mysql.sql HTTP/2" 401 53 "-" "Mozilla/5.0 (Windows NT 10.0; Win64; x64) AppleWebKit/537.36 (KHTML, like Gecko) Chrome/58.0.3029.110 Safari/537.3"
84.233.212.22 - - [16/Jul/2026:20:36:14 +0000] "GET /db_backup.sql HTTP/2" 401 53 "-" "Mozilla/5.0 (Windows NT 10.0; Win64; x64) AppleWebKit/537.36 (KHTML, like Gecko) Chrome/58.0.3029.110 Safari/537.3"
42.83.147.56 - - [16/Jul/2026:20:37:36 +0000] "GET / HTTP/2" 200 37509 "-" "Mozilla/5.0 (Windows NT 6.1; Win64; x64) AppleWebKit/537.36 (KHTML, like Gecko)Chrome/74.0.3729.169 Safari/537.36"
42.83.147.56 - - [16/Jul/2026:20:37:44 +0000] "GET / HTTP/2" 301 0 "-" "Mozilla/5.0 (Windows NT 6.1; Win64; x64) AppleWebKit/537.36 (KHTML, like Gecko)Chrome/74.0.3729.169 Safari/537.36"
42.83.147.56 - - [16/Jul/2026:20:37:49 +0000] "GET / HTTP/2" 200 37363 "-" "Mozilla/5.0 (Windows NT 6.1; Win64; x64) AppleWebKit/537.36 (KHTML, like Gecko)Chrome/74.0.3729.169 Safari/537.36"
216.73.217.87 - - [16/Jul/2026:20:40:08 +0000] "GET /sitemap.xml HTTP/2" 301 0 "-" "Mozilla/5.0 AppleWebKit/537.36 (KHTML, like Gecko; compatible; Claude-SearchBot/1.0; [email protected])"
65.181.116.207 - - [16/Jul/2026:20:40:19 +0000] "POST /wp-cron.php?doing_wp_cron=1784234419.0851199626922607421875 HTTP/2" 200 0 "-" "WordPress/7.0.1; https://www.iptv-portugal.com"
65.181.116.207 - - [16/Jul/2026:20:44:20 +0000] "POST /wp-cron.php?doing_wp_cron=1784234660.0776801109313964843750 HTTP/2" 200 0 "-" "WordPress/7.0.1; https://www.iptv-portugal.com"
43.153.54.138 - - [16/Jul/2026:20:44:12 +0000] "GET /wp-json/ HTTP/2" 200 68876 "-" "Mozilla/5.0 (iPhone; CPU iPhone OS 13_2_3 like Mac OS X) AppleWebKit/605.1.15 (KHTML, like Gecko) Version/13.0.3 Mobile/15E148 Safari/604.1"
65.181.116.207 - - [16/Jul/2026:20:50:39 +0000] "POST /wp-cron.php?doing_wp_cron=1784235039.8055009841918945312500 HTTP/2" 200 0 "-" "WordPress/7.0.1; https://www.iptv-portugal.com"
136.244.106.102 - - [16/Jul/2026:20:50:35 +0000] "GET /wp-json/podlove/v1 HTTP/2" 404 105 "-" "Mozilla/5.0 (X11; Linux x86_64) AppleWebKit/537.36 (KHTML, like Gecko) Chrome/143.0.0.0 Safari/537.36"
43.153.49.151 - - [16/Jul/2026:20:51:06 +0000] "GET /?s= HTTP/2" 200 17827 "-" "Mozilla/5.0 (iPhone; CPU iPhone OS 13_2_3 like Mac OS X) AppleWebKit/605.1.15 (KHTML, like Gecko) Version/13.0.3 Mobile/15E148 Safari/604.1"
119.28.89.249 - - [16/Jul/2026:20:57:28 +0000] "GET /2026/03/24/hello-world/?replytocom=1 HTTP/2" 200 18565 "-" "Mozilla/5.0 (iPhone; CPU iPhone OS 13_2_3 like Mac OS X) AppleWebKit/605.1.15 (KHTML, like Gecko) Version/13.0.3 Mobile/15E148 Safari/604.1"
65.181.116.207 - - [16/Jul/2026:21:09:05 +0000] "POST /wp-cron.php?doing_wp_cron=1784236145.9052219390869140625000 HTTP/2" 200 0 "-" "WordPress/7.0.1; https://www.iptv-portugal.com"
173.239.224.35 - - [16/Jul/2026:21:09:02 +0000] "POST /wp-login.php HTTP/2" 200 1924 "-" "Mozilla/5.0 (Windows NT 10.0; Win64; rv:143.0) Gecko/20100101 Firefox/143.0"
43.157.170.126 - - [16/Jul/2026:21:09:01 +0000] "GET /2026/03/24/hello-world/ HTTP/2" 200 18597 "-" "Mozilla/5.0 (iPhone; CPU iPhone OS 13_2_3 like Mac OS X) AppleWebKit/605.1.15 (KHTML, like Gecko) Version/13.0.3 Mobile/15E148 Safari/604.1"
65.181.116.207 - - [16/Jul/2026:21:09:59 +0000] "POST /wp-cron.php?doing_wp_cron=1784236199.3970301151275634765625 HTTP/2" 200 0 "-" "WordPress/7.0.1; https://www.iptv-portugal.com"
20.46.252.52 - - [16/Jul/2026:21:09:55 +0000] "GET /wk/index.php HTTP/1.1" 301 0 "-" "Mozilla/5.0 (Windows NT 10.0; Win64; x64) AppleWebKit/537.36 (KHTML, like Gecko) Chrome/120.0.0.0 Safari/537.36"
20.46.252.52 - - [16/Jul/2026:21:09:59 +0000] "GET /inputs.php HTTP/1.1" 404 16547 "-" "Mozilla/5.0 (Windows NT 10.0; Win64; x64) AppleWebKit/537.36 (KHTML, like Gecko) Chrome/120.0.0.0 Safari/537.36"
20.46.252.52 - - [16/Jul/2026:21:10:09 +0000] "GET /ioxi-o.php HTTP/1.1" 404 16548 "-" "Mozilla/5.0 (Windows NT 10.0; Win64; x64) AppleWebKit/537.36 (KHTML, like Gecko) Chrome/120.0.0.0 Safari/537.36"
105.116.1.117 - - [16/Jul/2026:21:10:18 +0000] "GET /2025/09/03/100-welcome-bonus/ HTTP/2" 404 16546 "-" "Mozilla/5.0 (X11; Linux x86_64) AppleWebKit/537.36 (KHTML, like Gecko) Chrome/150.0.0.0 Safari/537.36"
20.46.252.52 - - [16/Jul/2026:21:10:16 +0000] "GET /function/function.php HTTP/1.1" 404 16552 "-" "Mozilla/5.0 (Windows NT 10.0; Win64; x64) AppleWebKit/537.36 (KHTML, like Gecko) Chrome/120.0.0.0 Safari/537.36"
20.46.252.52 - - [16/Jul/2026:21:10:22 +0000] "GET /rip.php HTTP/1.1" 404 16559 "-" "Mozilla/5.0 (Windows NT 10.0; Win64; x64) AppleWebKit/537.36 (KHTML, like Gecko) Chrome/120.0.0.0 Safari/537.36"
20.46.252.52 - - [16/Jul/2026:21:10:27 +0000] "GET /admin.php HTTP/1.1" 404 16548 "-" "Mozilla/5.0 (Windows NT 10.0; Win64; x64) AppleWebKit/537.36 (KHTML, like Gecko) Chrome/120.0.0.0 Safari/537.36"
65.181.116.207 - - [16/Jul/2026:21:10:35 +0000] "POST /wp-cron.php?doing_wp_cron=1784236235.7763390541076660156250 HTTP/2" 200 0 "-" "WordPress/7.0.1; https://www.iptv-portugal.com"
20.46.252.52 - - [16/Jul/2026:21:10:32 +0000] "GET /wp-content/uploads/index.php HTTP/1.1" 301 0 "-" "Mozilla/5.0 (Windows NT 10.0; Win64; x64) AppleWebKit/537.36 (KHTML, like Gecko) Chrome/120.0.0.0 Safari/537.36"
20.46.252.52 - - [16/Jul/2026:21:10:35 +0000] "GET /cache.php HTTP/1.1" 404 16549 "-" "Mozilla/5.0 (Windows NT 10.0; Win64; x64) AppleWebKit/537.36 (KHTML, like Gecko) Chrome/120.0.0.0 Safari/537.36"
20.46.252.52 - - [16/Jul/2026:21:10:40 +0000] "GET /themes.php HTTP/1.1" 404 16549 "-" "Mozilla/5.0 (Windows NT 10.0; Win64; x64) AppleWebKit/537.36 (KHTML, like Gecko) Chrome/120.0.0.0 Safari/537.36"
20.46.252.52 - - [16/Jul/2026:21:10:46 +0000] "GET /an.php HTTP/1.1" 404 16585 "-" "Mozilla/5.0 (Windows NT 10.0; Win64; x64) AppleWebKit/537.36 (KHTML, like Gecko) Chrome/120.0.0.0 Safari/537.36"
20.46.252.52 - - [16/Jul/2026:21:10:57 +0000] "GET /index/function.php HTTP/1.1" 404 16549 "-" "Mozilla/5.0 (Windows NT 10.0; Win64; x64) AppleWebKit/537.36 (KHTML, like Gecko) Chrome/120.0.0.0 Safari/537.36"
20.46.252.52 - - [16/Jul/2026:21:11:03 +0000] "GET /randkeyword.PhP7 HTTP/1.1" 404 16584 "-" "Mozilla/5.0 (Windows NT 10.0; Win64; x64) AppleWebKit/537.36 (KHTML, like Gecko) Chrome/120.0.0.0 Safari/537.36"
20.46.252.52 - - [16/Jul/2026:21:11:09 +0000] "GET /ws.php HTTP/1.1" 404 16585 "-" "Mozilla/5.0 (Windows NT 10.0; Win64; x64) AppleWebKit/537.36 (KHTML, like Gecko) Chrome/120.0.0.0 Safari/537.36"
20.46.252.52 - - [16/Jul/2026:21:11:14 +0000] "GET /404.php HTTP/1.1" 404 16560 "-" "Mozilla/5.0 (Windows NT 10.0; Win64; x64) AppleWebKit/537.36 (KHTML, like Gecko) Chrome/120.0.0.0 Safari/537.36"
20.46.252.52 - - [16/Jul/2026:21:11:18 +0000] "GET /wp-admin/user/index.php HTTP/1.1" 302 0 "-" "Mozilla/5.0 (Windows NT 10.0; Win64; x64) AppleWebKit/537.36 (KHTML, like Gecko) Chrome/120.0.0.0 Safari/537.36"
20.46.252.52 - - [16/Jul/2026:21:11:21 +0000] "GET /wp-conf.php HTTP/1.1" 404 16545 "-" "Mozilla/5.0 (Windows NT 10.0; Win64; x64) AppleWebKit/537.36 (KHTML, like Gecko) Chrome/120.0.0.0 Safari/537.36"
20.46.252.52 - - [16/Jul/2026:21:11:27 +0000] "GET /wp-content/themes/hideo/network.php HTTP/1.1" 404 16585 "-" "Mozilla/5.0 (Windows NT 10.0; Win64; x64) AppleWebKit/537.36 (KHTML, like Gecko) Chrome/120.0.0.0 Safari/537.36"
20.46.252.52 - - [16/Jul/2026:21:11:31 +0000] "GET /wp-login.php HTTP/1.1" 200 1841 "-" "Mozilla/5.0 (Windows NT 10.0; Win64; x64) AppleWebKit/537.36 (KHTML, like Gecko) Chrome/120.0.0.0 Safari/537.36"
65.181.116.207 - - [16/Jul/2026:21:11:39 +0000] "POST /wp-cron.php?doing_wp_cron=1784236299.0288269519805908203125 HTTP/2" 200 0 "-" "WordPress/7.0.1; https://www.iptv-portugal.com"
20.46.252.52 - - [16/Jul/2026:21:11:34 +0000] "GET /abc.php HTTP/1.1" 404 16554 "-" "Mozilla/5.0 (Windows NT 10.0; Win64; x64) AppleWebKit/537.36 (KHTML, like Gecko) Chrome/120.0.0.0 Safari/537.36"
20.46.252.52 - - [16/Jul/2026:21:11:39 +0000] "GET /abcd.php HTTP/1.1" 404 16564 "-" "Mozilla/5.0 (Windows NT 10.0; Win64; x64) AppleWebKit/537.36 (KHTML, like Gecko) Chrome/120.0.0.0 Safari/537.36"
20.46.252.52 - - [16/Jul/2026:21:11:42 +0000] "GET /as.php HTTP/1.1" 404 16585 "-" "Mozilla/5.0 (Windows NT 10.0; Win64; x64) AppleWebKit/537.36 (KHTML, like Gecko) Chrome/120.0.0.0 Safari/537.36"
20.46.252.52 - - [16/Jul/2026:21:11:46 +0000] "GET /wp-trackback.php HTTP/1.1" 404 91 "-" "Mozilla/5.0 (Windows NT 10.0; Win64; x64) AppleWebKit/537.36 (KHTML, like Gecko) Chrome/120.0.0.0 Safari/537.36"
20.46.252.52 - - [16/Jul/2026:21:11:49 +0000] "GET /about.php HTTP/1.1" 404 16549 "-" "Mozilla/5.0 (Windows NT 10.0; Win64; x64) AppleWebKit/537.36 (KHTML, like Gecko) Chrome/120.0.0.0 Safari/537.36"
20.46.252.52 - - [16/Jul/2026:21:11:54 +0000] "GET /file.php HTTP/1.1" 404 16564 "-" "Mozilla/5.0 (Windows NT 10.0; Win64; x64) AppleWebKit/537.36 (KHTML, like Gecko) Chrome/120.0.0.0 Safari/537.36"
20.46.252.52 - - [16/Jul/2026:21:12:05 +0000] "GET /adminfuns.php HTTP/1.1" 404 16578 "-" "Mozilla/5.0 (Windows NT 10.0; Win64; x64) AppleWebKit/537.36 (KHTML, like Gecko) Chrome/120.0.0.0 Safari/537.36"
20.46.252.52 - - [16/Jul/2026:21:12:10 +0000] "GET /wp-good.php HTTP/1.1" 404 16572 "-" "Mozilla/5.0 (Windows NT 10.0; Win64; x64) AppleWebKit/537.36 (KHTML, like Gecko) Chrome/120.0.0.0 Safari/537.36"
20.46.252.52 - - [16/Jul/2026:21:12:16 +0000] "GET /xmlrpc.php HTTP/1.1" 403 1242 "-" "Mozilla/5.0 (Windows NT 10.0; Win64; x64) AppleWebKit/537.36 (KHTML, like Gecko) Chrome/120.0.0.0 Safari/537.36"
20.46.252.52 - - [16/Jul/2026:21:12:16 +0000] "GET /goods.php HTTP/1.1" 404 16548 "-" "Mozilla/5.0 (Windows NT 10.0; Win64; x64) AppleWebKit/537.36 (KHTML, like Gecko) Chrome/120.0.0.0 Safari/537.36"
20.46.252.52 - - [16/Jul/2026:21:12:21 +0000] "GET /class-t.api.php HTTP/1.1" 404 16591 "-" "Mozilla/5.0 (Windows NT 10.0; Win64; x64) AppleWebKit/537.36 (KHTML, like Gecko) Chrome/120.0.0.0 Safari/537.36"
20.46.252.52 - - [16/Jul/2026:21:12:26 +0000] "GET /sf.php HTTP/1.1" 404 16584 "-" "Mozilla/5.0 (Windows NT 10.0; Win64; x64) AppleWebKit/537.36 (KHTML, like Gecko) Chrome/120.0.0.0 Safari/537.36"
20.46.252.52 - - [16/Jul/2026:21:12:29 +0000] "GET /kbfr.php HTTP/1.1" 404 16564 "-" "Mozilla/5.0 (Windows NT 10.0; Win64; x64) AppleWebKit/537.36 (KHTML, like Gecko) Chrome/120.0.0.0 Safari/537.36"
65.181.116.207 - - [16/Jul/2026:21:12:37 +0000] "POST /wp-cron.php?doing_wp_cron=1784236357.2741739749908447265625 HTTP/2" 200 0 "-" "WordPress/7.0.1; https://www.iptv-portugal.com"
20.46.252.52 - - [16/Jul/2026:21:12:34 +0000] "GET /autoload_classmap.php HTTP/1.1" 404 16578 "-" "Mozilla/5.0 (Windows NT 10.0; Win64; x64) AppleWebKit/537.36 (KHTML, like Gecko) Chrome/120.0.0.0 Safari/537.36"
20.46.252.52 - - [16/Jul/2026:21:12:37 +0000] "GET /chosen.php?p= HTTP/1.1" 301 0 "-" "Mozilla/5.0 (Windows NT 10.0; Win64; x64) AppleWebKit/537.36 (KHTML, like Gecko) Chrome/120.0.0.0 Safari/537.36"
20.46.252.52 - - [16/Jul/2026:21:12:39 +0000] "GET /classwithtostring.php HTTP/1.1" 404 16579 "-" "Mozilla/5.0 (Windows NT 10.0; Win64; x64) AppleWebKit/537.36 (KHTML, like Gecko) Chrome/120.0.0.0 Safari/537.36"
20.46.252.52 - - [16/Jul/2026:21:12:44 +0000] "GET /defaults.php HTTP/1.1" 404 16584 "-" "Mozilla/5.0 (Windows NT 10.0; Win64; x64) AppleWebKit/537.36 (KHTML, like Gecko) Chrome/120.0.0.0 Safari/537.36"
20.46.252.52 - - [16/Jul/2026:21:12:49 +0000] "GET /wp-includes/ HTTP/1.1" 404 1251 "-" "Mozilla/5.0 (Windows NT 10.0; Win64; x64) AppleWebKit/537.36 (KHTML, like Gecko) Chrome/120.0.0.0 Safari/537.36"
20.46.252.52 - - [16/Jul/2026:21:12:49 +0000] "GET /.well-known/ HTTP/1.1" 404 1251 "-" "Mozilla/5.0 (Windows NT 10.0; Win64; x64) AppleWebKit/537.36 (KHTML, like Gecko) Chrome/120.0.0.0 Safari/537.36"
20.46.252.52 - - [16/Jul/2026:21:12:50 +0000] "GET /info.php HTTP/1.1" 404 16564 "-" "Mozilla/5.0 (Windows NT 10.0; Win64; x64) AppleWebKit/537.36 (KHTML, like Gecko) Chrome/120.0.0.0 Safari/537.36"
20.46.252.52 - - [16/Jul/2026:21:12:54 +0000] "GET /cgi-bin/ HTTP/1.1" 403 1242 "-" "Mozilla/5.0 (Windows NT 10.0; Win64; x64) AppleWebKit/537.36 (KHTML, like Gecko) Chrome/120.0.0.0 Safari/537.36"
20.46.252.52 - - [16/Jul/2026:21:12:54 +0000] "GET /uploads/ HTTP/1.1" 404 16549 "-" "Mozilla/5.0 (Windows NT 10.0; Win64; x64) AppleWebKit/537.36 (KHTML, like Gecko) Chrome/120.0.0.0 Safari/537.36"
20.46.252.52 - - [16/Jul/2026:21:12:59 +0000] "GET /wp-admin/images/ HTTP/1.1" 404 1251 "-" "Mozilla/5.0 (Windows NT 10.0; Win64; x64) AppleWebKit/537.36 (KHTML, like Gecko) Chrome/120.0.0.0 Safari/537.36"
20.46.252.52 - - [16/Jul/2026:21:12:59 +0000] "GET /wp-includes/Requests/src/Response/about.php HTTP/1.1" 404 16591 "-" "Mozilla/5.0 (Windows NT 10.0; Win64; x64) AppleWebKit/537.36 (KHTML, like Gecko) Chrome/120.0.0.0 Safari/537.36"
