138.68.144.227 - - [17/Jul/2026:05:38:10 +0000] "GET /login.action HTTP/2" 200 285 "-" "Mozilla/5.0 (l9scan/2.0.634323e2531323e27363e2237313; +https://leakix.net)"
167.71.175.236 - - [17/Jul/2026:05:38:10 +0000] "GET /about HTTP/2" 404 3415 "-" "Mozilla/5.0 (l9scan/2.0.830313e21393e21323e2430313; +https://leakix.net)"
138.68.144.227 - - [17/Jul/2026:05:38:10 +0000] "GET /about HTTP/2" 400 52 "-" "Mozilla/5.0 (l9scan/2.0.830313e21393e21323e2430313; +https://leakix.net)"
157.245.113.227 - - [17/Jul/2026:05:38:10 +0000] "GET /about HTTP/2" 401 53 "-" "Mozilla/5.0 (l9scan/2.0.830313e21393e21323e2430313; +https://leakix.net)"
167.172.232.142 - - [17/Jul/2026:05:38:10 +0000] "GET /about HTTP/2" 401 53 "-" "Mozilla/5.0 (l9scan/2.0.634323e2531323e27363e2237313; +https://leakix.net)"
139.59.132.8 - - [17/Jul/2026:05:38:10 +0000] "GET /about HTTP/2" 400 52 "-" "Mozilla/5.0 (l9scan/2.0.634323e2531323e27363e2237313; +https://leakix.net)"
134.122.28.88 - - [17/Jul/2026:05:38:11 +0000] "GET /login.action HTTP/2" 404 3418 "-" "Mozilla/5.0 (l9scan/2.0.634323e2531323e27363e2237313; +https://leakix.net)"
209.38.248.17 - - [17/Jul/2026:05:38:11 +0000] "GET /login.action HTTP/2" 404 3418 "-" "Mozilla/5.0 (l9scan/2.0.830313e21393e21323e2430313; +https://leakix.net)"
167.71.175.236 - - [17/Jul/2026:05:38:11 +0000] "GET /login.action HTTP/2" 401 53 "-" "Mozilla/5.0 (l9scan/2.0.830313e21393e21323e2430313; +https://leakix.net)"
165.22.235.3 - - [17/Jul/2026:05:38:11 +0000] "GET /login.action HTTP/2" 401 53 "-" "Mozilla/5.0 (l9scan/2.0.634323e2531323e27363e2237313; +https://leakix.net)"
138.68.82.23 - - [17/Jul/2026:05:38:11 +0000] "GET /about HTTP/2" 200 285 "-" "Mozilla/5.0 (l9scan/2.0.830313e21393e21323e2430313; +https://leakix.net)"
143.110.217.244 - - [17/Jul/2026:05:38:11 +0000] "GET /login.action HTTP/2" 404 3415 "-" "Mozilla/5.0 (l9scan/2.0.634323e2531323e27363e2237313; +https://leakix.net)"
167.71.175.236 - - [17/Jul/2026:05:38:11 +0000] "GET /login.action HTTP/2" 404 3415 "-" "Mozilla/5.0 (l9scan/2.0.830313e21393e21323e2430313; +https://leakix.net)"
157.245.113.227 - - [17/Jul/2026:05:38:11 +0000] "GET /login.action HTTP/2" 401 53 "-" "Mozilla/5.0 (l9scan/2.0.830313e21393e21323e2430313; +https://leakix.net)"
138.68.144.227 - - [17/Jul/2026:05:38:11 +0000] "GET / HTTP/2" 200 285 "-" "Mozilla/5.0 (l9scan/2.0.634323e2531323e27363e2237313; +https://leakix.net)"
138.68.144.227 - - [17/Jul/2026:05:38:11 +0000] "GET /login.action HTTP/2" 400 52 "-" "Mozilla/5.0 (l9scan/2.0.830313e21393e21323e2430313; +https://leakix.net)"
164.90.208.56 - - [17/Jul/2026:05:38:11 +0000] "GET /about HTTP/2" 401 53 "-" "Mozilla/5.0 (l9scan/2.0.830313e21393e21323e2430313; +https://leakix.net)"
138.68.144.227 - - [17/Jul/2026:05:38:11 +0000] "GET /___proxy_subdomain_whm/login HTTP/2" 200 285 "-" "Mozilla/5.0 (l9scan/2.0.634323e2531323e27363e2237313; +https://leakix.net)"
138.68.144.227 - - [17/Jul/2026:05:38:11 +0000] "GET /___proxy_subdomain_cpanel HTTP/2" 200 285 "-" "Mozilla/5.0 (l9scan/2.0.634323e2531323e27363e2237313; +https://leakix.net)"
164.90.208.56 - - [17/Jul/2026:05:38:12 +0000] "GET /login.action HTTP/2" 401 53 "-" "Mozilla/5.0 (l9scan/2.0.830313e21393e21323e2430313; +https://leakix.net)"
167.172.232.142 - - [17/Jul/2026:05:38:12 +0000] "GET /login.action HTTP/2" 401 53 "-" "Mozilla/5.0 (l9scan/2.0.634323e2531323e27363e2237313; +https://leakix.net)"
138.68.82.23 - - [17/Jul/2026:05:38:12 +0000] "GET /about HTTP/2" 401 53 "-" "Mozilla/5.0 (l9scan/2.0.634323e2531323e27363e2237313; +https://leakix.net)"
138.68.82.23 - - [17/Jul/2026:05:38:12 +0000] "GET /login.action HTTP/2" 200 285 "-" "Mozilla/5.0 (l9scan/2.0.830313e21393e21323e2430313; +https://leakix.net)"
134.122.28.88 - - [17/Jul/2026:05:38:12 +0000] "GET / HTTP/2" 200 12493 "-" "Mozilla/5.0 (l9scan/2.0.634323e2531323e27363e2237313; +https://leakix.net)"
209.38.248.17 - - [17/Jul/2026:05:38:12 +0000] "GET / HTTP/2" 200 12494 "-" "Mozilla/5.0 (l9scan/2.0.830313e21393e21323e2430313; +https://leakix.net)"
138.68.144.227 - - [17/Jul/2026:05:38:12 +0000] "GET / HTTP/2" 400 52 "-" "Mozilla/5.0 (l9scan/2.0.830313e21393e21323e2430313; +https://leakix.net)"
138.68.144.227 - - [17/Jul/2026:05:38:12 +0000] "GET /v2/_catalog HTTP/2" 200 285 "-" "Mozilla/5.0 (l9scan/2.0.634323e2531323e27363e2237313; +https://leakix.net)"
165.22.235.3 - - [17/Jul/2026:05:38:12 +0000] "GET / HTTP/2" 401 53 "-" "Mozilla/5.0 (l9scan/2.0.634323e2531323e27363e2237313; +https://leakix.net)"
143.110.217.244 - - [17/Jul/2026:05:38:12 +0000] "GET / HTTP/2" 200 12495 "-" "Mozilla/5.0 (l9scan/2.0.634323e2531323e27363e2237313; +https://leakix.net)"
134.122.28.88 - - [17/Jul/2026:05:38:12 +0000] "GET /___proxy_subdomain_whm/login HTTP/2" 404 3418 "-" "Mozilla/5.0 (l9scan/2.0.634323e2531323e27363e2237313; +https://leakix.net)"
157.245.113.227 - - [17/Jul/2026:05:38:12 +0000] "GET / HTTP/2" 401 53 "-" "Mozilla/5.0 (l9scan/2.0.830313e21393e21323e2430313; +https://leakix.net)"
139.59.132.8 - - [17/Jul/2026:05:38:12 +0000] "GET /login.action HTTP/2" 400 52 "-" "Mozilla/5.0 (l9scan/2.0.634323e2531323e27363e2237313; +https://leakix.net)"
143.110.217.244 - - [17/Jul/2026:05:38:12 +0000] "GET /___proxy_subdomain_whm/login HTTP/2" 404 3415 "-" "Mozilla/5.0 (l9scan/2.0.634323e2531323e27363e2237313; +https://leakix.net)"
165.22.235.3 - - [17/Jul/2026:05:38:12 +0000] "GET /___proxy_subdomain_whm/login HTTP/2" 401 53 "-" "Mozilla/5.0 (l9scan/2.0.634323e2531323e27363e2237313; +https://leakix.net)"
167.71.175.236 - - [17/Jul/2026:05:38:12 +0000] "GET / HTTP/2" 401 53 "-" "Mozilla/5.0 (l9scan/2.0.830313e21393e21323e2430313; +https://leakix.net)"
134.122.28.88 - - [17/Jul/2026:05:38:12 +0000] "GET /___proxy_subdomain_cpanel HTTP/2" 404 3418 "-" "Mozilla/5.0 (l9scan/2.0.634323e2531323e27363e2237313; +https://leakix.net)"
138.68.144.227 - - [17/Jul/2026:05:38:12 +0000] "GET /___proxy_subdomain_whm/login HTTP/2" 400 52 "-" "Mozilla/5.0 (l9scan/2.0.830313e21393e21323e2430313; +https://leakix.net)"
165.22.235.3 - - [17/Jul/2026:05:38:12 +0000] "GET /___proxy_subdomain_cpanel HTTP/2" 401 53 "-" "Mozilla/5.0 (l9scan/2.0.634323e2531323e27363e2237313; +https://leakix.net)"
134.122.28.88 - - [17/Jul/2026:05:38:12 +0000] "GET /v2/_catalog HTTP/2" 404 3418 "-" "Mozilla/5.0 (l9scan/2.0.634323e2531323e27363e2237313; +https://leakix.net)"
167.71.175.236 - - [17/Jul/2026:05:38:12 +0000] "GET / HTTP/2" 200 12489 "-" "Mozilla/5.0 (l9scan/2.0.830313e21393e21323e2430313; +https://leakix.net)"
165.22.235.3 - - [17/Jul/2026:05:38:12 +0000] "GET /v2/_catalog HTTP/2" 401 53 "-" "Mozilla/5.0 (l9scan/2.0.634323e2531323e27363e2237313; +https://leakix.net)"
157.245.113.227 - - [17/Jul/2026:05:38:12 +0000] "GET /___proxy_subdomain_whm/login HTTP/2" 401 53 "-" "Mozilla/5.0 (l9scan/2.0.830313e21393e21323e2430313; +https://leakix.net)"
138.68.144.227 - - [17/Jul/2026:05:38:12 +0000] "GET /___proxy_subdomain_cpanel HTTP/2" 400 52 "-" "Mozilla/5.0 (l9scan/2.0.830313e21393e21323e2430313; +https://leakix.net)"
143.110.217.244 - - [17/Jul/2026:05:38:12 +0000] "GET /v2/_catalog HTTP/2" 404 3415 "-" "Mozilla/5.0 (l9scan/2.0.634323e2531323e27363e2237313; +https://leakix.net)"
167.71.175.236 - - [17/Jul/2026:05:38:12 +0000] "GET /___proxy_subdomain_whm/login HTTP/2" 401 53 "-" "Mozilla/5.0 (l9scan/2.0.830313e21393e21323e2430313; +https://leakix.net)"
157.245.113.227 - - [17/Jul/2026:05:38:12 +0000] "GET /___proxy_subdomain_cpanel HTTP/2" 401 53 "-" "Mozilla/5.0 (l9scan/2.0.830313e21393e21323e2430313; +https://leakix.net)"
167.172.232.142 - - [17/Jul/2026:05:38:12 +0000] "GET / HTTP/2" 401 53 "-" "Mozilla/5.0 (l9scan/2.0.634323e2531323e27363e2237313; +https://leakix.net)"
167.71.175.236 - - [17/Jul/2026:05:38:12 +0000] "GET /___proxy_subdomain_cpanel HTTP/2" 401 53 "-" "Mozilla/5.0 (l9scan/2.0.830313e21393e21323e2430313; +https://leakix.net)"
167.71.175.236 - - [17/Jul/2026:05:38:12 +0000] "GET /___proxy_subdomain_whm/login HTTP/2" 404 3415 "-" "Mozilla/5.0 (l9scan/2.0.830313e21393e21323e2430313; +https://leakix.net)"
209.38.248.17 - - [17/Jul/2026:05:38:12 +0000] "GET /___proxy_subdomain_whm/login HTTP/2" 404 3418 "-" "Mozilla/5.0 (l9scan/2.0.830313e21393e21323e2430313; +https://leakix.net)"
138.68.144.227 - - [17/Jul/2026:05:38:12 +0000] "GET /v2/_catalog HTTP/2" 400 52 "-" "Mozilla/5.0 (l9scan/2.0.830313e21393e21323e2430313; +https://leakix.net)"
167.172.232.142 - - [17/Jul/2026:05:38:12 +0000] "GET /___proxy_subdomain_whm/login HTTP/2" 401 53 "-" "Mozilla/5.0 (l9scan/2.0.634323e2531323e27363e2237313; +https://leakix.net)"
167.71.175.236 - - [17/Jul/2026:05:38:12 +0000] "GET /v2/_catalog HTTP/2" 401 53 "-" "Mozilla/5.0 (l9scan/2.0.830313e21393e21323e2430313; +https://leakix.net)"
138.68.82.23 - - [17/Jul/2026:05:38:12 +0000] "GET / HTTP/2" 200 285 "-" "Mozilla/5.0 (l9scan/2.0.830313e21393e21323e2430313; +https://leakix.net)"
139.59.132.8 - - [17/Jul/2026:05:38:13 +0000] "GET / HTTP/2" 400 52 "-" "Mozilla/5.0 (l9scan/2.0.634323e2531323e27363e2237313; +https://leakix.net)"
157.245.113.227 - - [17/Jul/2026:05:38:13 +0000] "GET /v2/_catalog HTTP/2" 401 53 "-" "Mozilla/5.0 (l9scan/2.0.830313e21393e21323e2430313; +https://leakix.net)"
167.172.232.142 - - [17/Jul/2026:05:38:13 +0000] "GET /___proxy_subdomain_cpanel HTTP/2" 401 53 "-" "Mozilla/5.0 (l9scan/2.0.634323e2531323e27363e2237313; +https://leakix.net)"
164.90.208.56 - - [17/Jul/2026:05:38:13 +0000] "GET / HTTP/2" 401 53 "-" "Mozilla/5.0 (l9scan/2.0.830313e21393e21323e2430313; +https://leakix.net)"
138.68.82.23 - - [17/Jul/2026:05:38:13 +0000] "GET /login.action HTTP/2" 401 53 "-" "Mozilla/5.0 (l9scan/2.0.634323e2531323e27363e2237313; +https://leakix.net)"
167.172.232.142 - - [17/Jul/2026:05:38:13 +0000] "GET /v2/_catalog HTTP/2" 401 53 "-" "Mozilla/5.0 (l9scan/2.0.634323e2531323e27363e2237313; +https://leakix.net)"
167.71.175.236 - - [17/Jul/2026:05:38:13 +0000] "GET /v2/_catalog HTTP/2" 404 3415 "-" "Mozilla/5.0 (l9scan/2.0.830313e21393e21323e2430313; +https://leakix.net)"
209.38.248.17 - - [17/Jul/2026:05:38:13 +0000] "GET /___proxy_subdomain_cpanel HTTP/2" 404 3418 "-" "Mozilla/5.0 (l9scan/2.0.830313e21393e21323e2430313; +https://leakix.net)"
139.59.132.8 - - [17/Jul/2026:05:38:13 +0000] "GET /___proxy_subdomain_whm/login HTTP/2" 400 52 "-" "Mozilla/5.0 (l9scan/2.0.634323e2531323e27363e2237313; +https://leakix.net)"
138.68.144.227 - - [17/Jul/2026:05:38:13 +0000] "GET /.DS_Store HTTP/2" 200 285 "-" "Mozilla/5.0 (l9scan/2.0.634323e2531323e27363e2237313; +https://leakix.net)"
138.68.82.23 - - [17/Jul/2026:05:38:13 +0000] "GET /___proxy_subdomain_whm/login HTTP/2" 200 285 "-" "Mozilla/5.0 (l9scan/2.0.830313e21393e21323e2430313; +https://leakix.net)"
209.38.248.17 - - [17/Jul/2026:05:38:13 +0000] "GET /v2/_catalog HTTP/2" 404 3418 "-" "Mozilla/5.0 (l9scan/2.0.830313e21393e21323e2430313; +https://leakix.net)"
165.22.235.3 - - [17/Jul/2026:05:38:13 +0000] "GET /.DS_Store HTTP/2" 401 53 "-" "Mozilla/5.0 (l9scan/2.0.634323e2531323e27363e2237313; +https://leakix.net)"
138.68.82.23 - - [17/Jul/2026:05:38:13 +0000] "GET / HTTP/2" 401 53 "-" "Mozilla/5.0 (l9scan/2.0.634323e2531323e27363e2237313; +https://leakix.net)"
134.122.28.88 - - [17/Jul/2026:05:38:13 +0000] "GET /.DS_Store HTTP/2" 404 3418 "-" "Mozilla/5.0 (l9scan/2.0.634323e2531323e27363e2237313; +https://leakix.net)"
164.90.208.56 - - [17/Jul/2026:05:38:13 +0000] "GET /___proxy_subdomain_whm/login HTTP/2" 401 53 "-" "Mozilla/5.0 (l9scan/2.0.830313e21393e21323e2430313; +https://leakix.net)"
143.110.217.244 - - [17/Jul/2026:05:38:13 +0000] "GET /.DS_Store HTTP/2" 404 3415 "-" "Mozilla/5.0 (l9scan/2.0.634323e2531323e27363e2237313; +https://leakix.net)"
138.68.144.227 - - [17/Jul/2026:05:38:13 +0000] "GET /.DS_Store HTTP/2" 400 52 "-" "Mozilla/5.0 (l9scan/2.0.830313e21393e21323e2430313; +https://leakix.net)"
138.68.82.23 - - [17/Jul/2026:05:38:14 +0000] "GET /___proxy_subdomain_cpanel HTTP/2" 200 285 "-" "Mozilla/5.0 (l9scan/2.0.830313e21393e21323e2430313; +https://leakix.net)"
167.71.175.236 - - [17/Jul/2026:05:38:14 +0000] "GET /.DS_Store HTTP/2" 401 53 "-" "Mozilla/5.0 (l9scan/2.0.830313e21393e21323e2430313; +https://leakix.net)"
157.245.113.227 - - [17/Jul/2026:05:38:14 +0000] "GET /.DS_Store HTTP/2" 401 53 "-" "Mozilla/5.0 (l9scan/2.0.830313e21393e21323e2430313; +https://leakix.net)"
167.172.232.142 - - [17/Jul/2026:05:38:14 +0000] "GET /.DS_Store HTTP/2" 401 53 "-" "Mozilla/5.0 (l9scan/2.0.634323e2531323e27363e2237313; +https://leakix.net)"
139.59.132.8 - - [17/Jul/2026:05:38:14 +0000] "GET /___proxy_subdomain_cpanel HTTP/2" 400 52 "-" "Mozilla/5.0 (l9scan/2.0.634323e2531323e27363e2237313; +https://leakix.net)"
167.71.175.236 - - [17/Jul/2026:05:38:14 +0000] "GET /.DS_Store HTTP/2" 404 3415 "-" "Mozilla/5.0 (l9scan/2.0.830313e21393e21323e2430313; +https://leakix.net)"
138.68.144.227 - - [17/Jul/2026:05:38:14 +0000] "GET /.env HTTP/2" 200 285 "-" "Mozilla/5.0 (l9scan/2.0.634323e2531323e27363e2237313; +https://leakix.net)"
139.59.132.8 - - [17/Jul/2026:05:38:14 +0000] "GET /v2/_catalog HTTP/2" 400 52 "-" "Mozilla/5.0 (l9scan/2.0.634323e2531323e27363e2237313; +https://leakix.net)"
134.122.28.88 - - [17/Jul/2026:05:38:14 +0000] "GET /.env HTTP/2" 404 3418 "-" "Mozilla/5.0 (l9scan/2.0.634323e2531323e27363e2237313; +https://leakix.net)"
164.90.208.56 - - [17/Jul/2026:05:38:14 +0000] "GET /___proxy_subdomain_cpanel HTTP/2" 401 53 "-" "Mozilla/5.0 (l9scan/2.0.830313e21393e21323e2430313; +https://leakix.net)"
165.22.235.3 - - [17/Jul/2026:05:38:14 +0000] "GET /.env HTTP/2" 401 53 "-" "Mozilla/5.0 (l9scan/2.0.634323e2531323e27363e2237313; +https://leakix.net)"
138.68.82.23 - - [17/Jul/2026:05:38:14 +0000] "GET /___proxy_subdomain_whm/login HTTP/2" 401 53 "-" "Mozilla/5.0 (l9scan/2.0.634323e2531323e27363e2237313; +https://leakix.net)"
209.38.248.17 - - [17/Jul/2026:05:38:14 +0000] "GET /.DS_Store HTTP/2" 404 3418 "-" "Mozilla/5.0 (l9scan/2.0.830313e21393e21323e2430313; +https://leakix.net)"
143.110.217.244 - - [17/Jul/2026:05:38:14 +0000] "GET /.env HTTP/2" 404 3415 "-" "Mozilla/5.0 (l9scan/2.0.634323e2531323e27363e2237313; +https://leakix.net)"
138.68.82.23 - - [17/Jul/2026:05:38:14 +0000] "GET /v2/_catalog HTTP/2" 200 285 "-" "Mozilla/5.0 (l9scan/2.0.830313e21393e21323e2430313; +https://leakix.net)"
138.68.144.227 - - [17/Jul/2026:05:38:14 +0000] "GET /.env HTTP/2" 400 52 "-" "Mozilla/5.0 (l9scan/2.0.830313e21393e21323e2430313; +https://leakix.net)"
167.71.175.236 - - [17/Jul/2026:05:38:14 +0000] "GET /.env HTTP/2" 401 53 "-" "Mozilla/5.0 (l9scan/2.0.830313e21393e21323e2430313; +https://leakix.net)"
157.245.113.227 - - [17/Jul/2026:05:38:15 +0000] "GET /.env HTTP/2" 401 53 "-" "Mozilla/5.0 (l9scan/2.0.830313e21393e21323e2430313; +https://leakix.net)"
167.172.232.142 - - [17/Jul/2026:05:38:15 +0000] "GET /.env HTTP/2" 401 53 "-" "Mozilla/5.0 (l9scan/2.0.634323e2531323e27363e2237313; +https://leakix.net)"
164.90.208.56 - - [17/Jul/2026:05:38:15 +0000] "GET /v2/_catalog HTTP/2" 401 53 "-" "Mozilla/5.0 (l9scan/2.0.830313e21393e21323e2430313; +https://leakix.net)"
167.71.175.236 - - [17/Jul/2026:05:38:15 +0000] "GET /.env HTTP/2" 404 3415 "-" "Mozilla/5.0 (l9scan/2.0.830313e21393e21323e2430313; +https://leakix.net)"
138.68.82.23 - - [17/Jul/2026:05:38:15 +0000] "GET /.DS_Store HTTP/2" 200 285 "-" "Mozilla/5.0 (l9scan/2.0.830313e21393e21323e2430313; +https://leakix.net)"
138.68.82.23 - - [17/Jul/2026:05:38:15 +0000] "GET /___proxy_subdomain_cpanel HTTP/2" 401 53 "-" "Mozilla/5.0 (l9scan/2.0.634323e2531323e27363e2237313; +https://leakix.net)"
139.59.132.8 - - [17/Jul/2026:05:38:15 +0000] "GET /.DS_Store HTTP/2" 400 52 "-" "Mozilla/5.0 (l9scan/2.0.634323e2531323e27363e2237313; +https://leakix.net)"
209.38.248.17 - - [17/Jul/2026:05:38:15 +0000] "GET /.env HTTP/2" 404 3418 "-" "Mozilla/5.0 (l9scan/2.0.830313e21393e21323e2430313; +https://leakix.net)"
138.68.144.227 - - [17/Jul/2026:05:38:16 +0000] "GET /ecp/Current/exporttool/microsoft.exchange.ediscovery.exporttool.application HTTP/2" 200 285 "-" "Mozilla/5.0 (l9scan/2.0.634323e2531323e27363e2237313; +https://leakix.net)"
138.68.82.23 - - [17/Jul/2026:05:38:16 +0000] "GET /v2/_catalog HTTP/2" 401 53 "-" "Mozilla/5.0 (l9scan/2.0.634323e2531323e27363e2237313; +https://leakix.net)"
164.90.208.56 - - [17/Jul/2026:05:38:16 +0000] "GET /.DS_Store HTTP/2" 401 53 "-" "Mozilla/5.0 (l9scan/2.0.830313e21393e21323e2430313; +https://leakix.net)"
139.59.132.8 - - [17/Jul/2026:05:38:16 +0000] "GET /.env HTTP/2" 400 52 "-" "Mozilla/5.0 (l9scan/2.0.634323e2531323e27363e2237313; +https://leakix.net)"
134.122.28.88 - - [17/Jul/2026:05:38:16 +0000] "GET /ecp/Current/exporttool/microsoft.exchange.ediscovery.exporttool.application HTTP/2" 404 3418 "-" "Mozilla/5.0 (l9scan/2.0.634323e2531323e27363e2237313; +https://leakix.net)"
138.68.82.23 - - [17/Jul/2026:05:38:16 +0000] "GET /.env HTTP/2" 200 285 "-" "Mozilla/5.0 (l9scan/2.0.830313e21393e21323e2430313; +https://leakix.net)"
165.22.235.3 - - [17/Jul/2026:05:38:16 +0000] "GET /ecp/Current/exporttool/microsoft.exchange.ediscovery.exporttool.application HTTP/2" 401 53 "-" "Mozilla/5.0 (l9scan/2.0.634323e2531323e27363e2237313; +https://leakix.net)"
143.110.217.244 - - [17/Jul/2026:05:38:16 +0000] "GET /ecp/Current/exporttool/microsoft.exchange.ediscovery.exporttool.application HTTP/2" 404 3415 "-" "Mozilla/5.0 (l9scan/2.0.634323e2531323e27363e2237313; +https://leakix.net)"
138.68.144.227 - - [17/Jul/2026:05:38:16 +0000] "GET /ecp/Current/exporttool/microsoft.exchange.ediscovery.exporttool.application HTTP/2" 400 52 "-" "Mozilla/5.0 (l9scan/2.0.830313e21393e21323e2430313; +https://leakix.net)"
167.71.175.236 - - [17/Jul/2026:05:38:16 +0000] "GET /ecp/Current/exporttool/microsoft.exchange.ediscovery.exporttool.application HTTP/2" 401 53 "-" "Mozilla/5.0 (l9scan/2.0.830313e21393e21323e2430313; +https://leakix.net)"
157.245.113.227 - - [17/Jul/2026:05:38:17 +0000] "GET /ecp/Current/exporttool/microsoft.exchange.ediscovery.exporttool.application HTTP/2" 401 53 "-" "Mozilla/5.0 (l9scan/2.0.830313e21393e21323e2430313; +https://leakix.net)"
167.172.232.142 - - [17/Jul/2026:05:38:17 +0000] "GET /ecp/Current/exporttool/microsoft.exchange.ediscovery.exporttool.application HTTP/2" 401 53 "-" "Mozilla/5.0 (l9scan/2.0.634323e2531323e27363e2237313; +https://leakix.net)"
164.90.208.56 - - [17/Jul/2026:05:38:17 +0000] "GET /.env HTTP/2" 401 53 "-" "Mozilla/5.0 (l9scan/2.0.830313e21393e21323e2430313; +https://leakix.net)"
138.68.82.23 - - [17/Jul/2026:05:38:17 +0000] "GET /.DS_Store HTTP/2" 401 53 "-" "Mozilla/5.0 (l9scan/2.0.634323e2531323e27363e2237313; +https://leakix.net)"
167.71.175.236 - - [17/Jul/2026:05:38:17 +0000] "GET /ecp/Current/exporttool/microsoft.exchange.ediscovery.exporttool.application HTTP/2" 404 3415 "-" "Mozilla/5.0 (l9scan/2.0.830313e21393e21323e2430313; +https://leakix.net)"
209.38.248.17 - - [17/Jul/2026:05:38:17 +0000] "GET /ecp/Current/exporttool/microsoft.exchange.ediscovery.exporttool.application HTTP/2" 404 3418 "-" "Mozilla/5.0 (l9scan/2.0.830313e21393e21323e2430313; +https://leakix.net)"
138.68.144.227 - - [17/Jul/2026:05:38:18 +0000] "GET /.git/config HTTP/2" 200 285 "-" "Mozilla/5.0 (l9scan/2.0.634323e2531323e27363e2237313; +https://leakix.net)"
138.68.82.23 - - [17/Jul/2026:05:38:18 +0000] "GET /.env HTTP/2" 401 53 "-" "Mozilla/5.0 (l9scan/2.0.634323e2531323e27363e2237313; +https://leakix.net)"
134.122.28.88 - - [17/Jul/2026:05:38:18 +0000] "GET /.git/config HTTP/2" 404 3418 "-" "Mozilla/5.0 (l9scan/2.0.634323e2531323e27363e2237313; +https://leakix.net)"
165.22.235.3 - - [17/Jul/2026:05:38:18 +0000] "GET /.git/config HTTP/2" 401 53 "-" "Mozilla/5.0 (l9scan/2.0.634323e2531323e27363e2237313; +https://leakix.net)"
138.68.82.23 - - [17/Jul/2026:05:38:18 +0000] "GET /ecp/Current/exporttool/microsoft.exchange.ediscovery.exporttool.application HTTP/2" 200 285 "-" "Mozilla/5.0 (l9scan/2.0.830313e21393e21323e2430313; +https://leakix.net)"
139.59.132.8 - - [17/Jul/2026:05:38:18 +0000] "GET /ecp/Current/exporttool/microsoft.exchange.ediscovery.exporttool.application HTTP/2" 400 52 "-" "Mozilla/5.0 (l9scan/2.0.634323e2531323e27363e2237313; +https://leakix.net)"
143.110.217.244 - - [17/Jul/2026:05:38:18 +0000] "GET /.git/config HTTP/2" 404 3415 "-" "Mozilla/5.0 (l9scan/2.0.634323e2531323e27363e2237313; +https://leakix.net)"
167.71.175.236 - - [17/Jul/2026:05:38:18 +0000] "GET /.git/config HTTP/2" 401 53 "-" "Mozilla/5.0 (l9scan/2.0.830313e21393e21323e2430313; +https://leakix.net)"
157.245.113.227 - - [17/Jul/2026:05:38:19 +0000] "GET /.git/config HTTP/2" 401 53 "-" "Mozilla/5.0 (l9scan/2.0.830313e21393e21323e2430313; +https://leakix.net)"
138.68.144.227 - - [17/Jul/2026:05:38:19 +0000] "GET /.git/config HTTP/2" 400 52 "-" "Mozilla/5.0 (l9scan/2.0.830313e21393e21323e2430313; +https://leakix.net)"
167.172.232.142 - - [17/Jul/2026:05:38:19 +0000] "GET /.git/config HTTP/2" 401 53 "-" "Mozilla/5.0 (l9scan/2.0.634323e2531323e27363e2237313; +https://leakix.net)"
167.71.175.236 - - [17/Jul/2026:05:38:19 +0000] "GET /.git/config HTTP/2" 404 3415 "-" "Mozilla/5.0 (l9scan/2.0.830313e21393e21323e2430313; +https://leakix.net)"
209.38.248.17 - - [17/Jul/2026:05:38:19 +0000] "GET /.git/config HTTP/2" 404 3418 "-" "Mozilla/5.0 (l9scan/2.0.830313e21393e21323e2430313; +https://leakix.net)"
134.122.28.88 - - [17/Jul/2026:05:38:19 +0000] "POST /graphql HTTP/2" 404 3418 "-" "Mozilla/5.0 (l9scan/2.0.634323e2531323e27363e2237313; +https://leakix.net)"
138.68.144.227 - - [17/Jul/2026:05:38:19 +0000] "POST /graphql HTTP/2" 200 285 "-" "Mozilla/5.0 (l9scan/2.0.634323e2531323e27363e2237313; +https://leakix.net)"
165.22.235.3 - - [17/Jul/2026:05:38:19 +0000] "POST /graphql HTTP/2" 401 53 "-" "Mozilla/5.0 (l9scan/2.0.634323e2531323e27363e2237313; +https://leakix.net)"
164.90.208.56 - - [17/Jul/2026:05:38:19 +0000] "GET /ecp/Current/exporttool/microsoft.exchange.ediscovery.exporttool.application HTTP/2" 401 53 "-" "Mozilla/5.0 (l9scan/2.0.830313e21393e21323e2430313; +https://leakix.net)"
134.122.28.88 - - [17/Jul/2026:05:38:19 +0000] "POST /api HTTP/2" 404 3418 "-" "Mozilla/5.0 (l9scan/2.0.634323e2531323e27363e2237313; +https://leakix.net)"
165.22.235.3 - - [17/Jul/2026:05:38:19 +0000] "POST /api HTTP/2" 401 53 "-" "Mozilla/5.0 (l9scan/2.0.634323e2531323e27363e2237313; +https://leakix.net)"
138.68.144.227 - - [17/Jul/2026:05:38:19 +0000] "POST /api HTTP/2" 200 285 "-" "Mozilla/5.0 (l9scan/2.0.634323e2531323e27363e2237313; +https://leakix.net)"
143.110.217.244 - - [17/Jul/2026:05:38:19 +0000] "POST /graphql HTTP/2" 404 3415 "-" "Mozilla/5.0 (l9scan/2.0.634323e2531323e27363e2237313; +https://leakix.net)"
143.110.217.244 - - [17/Jul/2026:05:38:19 +0000] "POST /api HTTP/2" 404 3415 "-" "Mozilla/5.0 (l9scan/2.0.634323e2531323e27363e2237313; +https://leakix.net)"
138.68.144.227 - - [17/Jul/2026:05:38:19 +0000] "POST /graphql HTTP/2" 400 52 "-" "Mozilla/5.0 (l9scan/2.0.830313e21393e21323e2430313; +https://leakix.net)"
138.68.144.227 - - [17/Jul/2026:05:38:19 +0000] "POST /api/graphql HTTP/2" 200 285 "-" "Mozilla/5.0 (l9scan/2.0.634323e2531323e27363e2237313; +https://leakix.net)"
143.110.217.244 - - [17/Jul/2026:05:38:20 +0000] "POST /api/graphql HTTP/2" 404 3415 "-" "Mozilla/5.0 (l9scan/2.0.634323e2531323e27363e2237313; +https://leakix.net)"
134.122.28.88 - - [17/Jul/2026:05:38:20 +0000] "POST /api/graphql HTTP/2" 404 3418 "-" "Mozilla/5.0 (l9scan/2.0.634323e2531323e27363e2237313; +https://leakix.net)"
143.110.217.244 - - [17/Jul/2026:05:38:20 +0000] "POST /graphql/api HTTP/2" 404 3415 "-" "Mozilla/5.0 (l9scan/2.0.634323e2531323e27363e2237313; +https://leakix.net)"
165.22.235.3 - - [17/Jul/2026:05:38:20 +0000] "POST /api/graphql HTTP/2" 401 53 "-" "Mozilla/5.0 (l9scan/2.0.634323e2531323e27363e2237313; +https://leakix.net)"
143.110.217.244 - - [17/Jul/2026:05:38:20 +0000] "POST /api/gql HTTP/2" 404 3415 "-" "Mozilla/5.0 (l9scan/2.0.634323e2531323e27363e2237313; +https://leakix.net)"
138.68.144.227 - - [17/Jul/2026:05:38:20 +0000] "POST /graphql/api HTTP/2" 200 285 "-" "Mozilla/5.0 (l9scan/2.0.634323e2531323e27363e2237313; +https://leakix.net)"
167.71.175.236 - - [17/Jul/2026:05:38:20 +0000] "POST /graphql HTTP/2" 401 53 "-" "Mozilla/5.0 (l9scan/2.0.830313e21393e21323e2430313; +https://leakix.net)"
134.122.28.88 - - [17/Jul/2026:05:38:20 +0000] "POST /graphql/api HTTP/2" 404 3418 "-" "Mozilla/5.0 (l9scan/2.0.634323e2531323e27363e2237313; +https://leakix.net)"
157.245.113.227 - - [17/Jul/2026:05:38:20 +0000] "POST /graphql HTTP/2" 401 53 "-" "Mozilla/5.0 (l9scan/2.0.830313e21393e21323e2430313; +https://leakix.net)"
138.68.82.23 - - [17/Jul/2026:05:38:20 +0000] "GET /ecp/Current/exporttool/microsoft.exchange.ediscovery.exporttool.application HTTP/2" 401 53 "-" "Mozilla/5.0 (l9scan/2.0.634323e2531323e27363e2237313; +https://leakix.net)"
165.22.235.3 - - [17/Jul/2026:05:38:20 +0000] "POST /graphql/api HTTP/2" 401 53 "-" "Mozilla/5.0 (l9scan/2.0.634323e2531323e27363e2237313; +https://leakix.net)"
138.68.144.227 - - [17/Jul/2026:05:38:20 +0000] "POST /api HTTP/2" 400 52 "-" "Mozilla/5.0 (l9scan/2.0.830313e21393e21323e2430313; +https://leakix.net)"
157.245.113.227 - - [17/Jul/2026:05:38:20 +0000] "POST /api HTTP/2" 401 53 "-" "Mozilla/5.0 (l9scan/2.0.830313e21393e21323e2430313; +https://leakix.net)"
134.122.28.88 - - [17/Jul/2026:05:38:20 +0000] "POST /api/gql HTTP/2" 404 3418 "-" "Mozilla/5.0 (l9scan/2.0.634323e2531323e27363e2237313; +https://leakix.net)"
165.22.235.3 - - [17/Jul/2026:05:38:20 +0000] "POST /api/gql HTTP/2" 401 53 "-" "Mozilla/5.0 (l9scan/2.0.634323e2531323e27363e2237313; +https://leakix.net)"
167.71.175.236 - - [17/Jul/2026:05:38:20 +0000] "POST /graphql HTTP/2" 404 3415 "-" "Mozilla/5.0 (l9scan/2.0.830313e21393e21323e2430313; +https://leakix.net)"
167.71.175.236 - - [17/Jul/2026:05:38:20 +0000] "POST /api HTTP/2" 401 53 "-" "Mozilla/5.0 (l9scan/2.0.830313e21393e21323e2430313; +https://leakix.net)"
157.245.113.227 - - [17/Jul/2026:05:38:20 +0000] "POST /api/graphql HTTP/2" 401 53 "-" "Mozilla/5.0 (l9scan/2.0.830313e21393e21323e2430313; +https://leakix.net)"
167.71.175.236 - - [17/Jul/2026:05:38:20 +0000] "POST /api HTTP/2" 404 3415 "-" "Mozilla/5.0 (l9scan/2.0.830313e21393e21323e2430313; +https://leakix.net)"
157.245.113.227 - - [17/Jul/2026:05:38:20 +0000] "POST /graphql/api HTTP/2" 401 53 "-" "Mozilla/5.0 (l9scan/2.0.830313e21393e21323e2430313; +https://leakix.net)"
167.71.175.236 - - [17/Jul/2026:05:38:20 +0000] "POST /api/graphql HTTP/2" 401 53 "-" "Mozilla/5.0 (l9scan/2.0.830313e21393e21323e2430313; +https://leakix.net)"
138.68.82.23 - - [17/Jul/2026:05:38:20 +0000] "GET /.git/config HTTP/2" 200 285 "-" "Mozilla/5.0 (l9scan/2.0.830313e21393e21323e2430313; +https://leakix.net)"
138.68.144.227 - - [17/Jul/2026:05:38:20 +0000] "POST /api/gql HTTP/2" 200 285 "-" "Mozilla/5.0 (l9scan/2.0.634323e2531323e27363e2237313; +https://leakix.net)"
209.38.248.17 - - [17/Jul/2026:05:38:20 +0000] "POST /graphql HTTP/2" 404 3418 "-" "Mozilla/5.0 (l9scan/2.0.830313e21393e21323e2430313; +https://leakix.net)"
167.172.232.142 - - [17/Jul/2026:05:38:20 +0000] "POST /graphql HTTP/2" 401 53 "-" "Mozilla/5.0 (l9scan/2.0.634323e2531323e27363e2237313; +https://leakix.net)"
167.71.175.236 - - [17/Jul/2026:05:38:20 +0000] "POST /api/graphql HTTP/2" 404 3415 "-" "Mozilla/5.0 (l9scan/2.0.830313e21393e21323e2430313; +https://leakix.net)"
139.59.132.8 - - [17/Jul/2026:05:38:20 +0000] "GET /.git/config HTTP/2" 400 52 "-" "Mozilla/5.0 (l9scan/2.0.634323e2531323e27363e2237313; +https://leakix.net)"
134.122.28.88 - - [17/Jul/2026:05:38:20 +0000] "GET /s/634323e2531323e27363e2237313/_/;/META-INF/maven/com.atlassian.jira/jira-webapp-dist/pom.properties HTTP/2" 404 3418 "-" "Mozilla/5.0 (l9scan/2.0.634323e2531323e27363e2237313; +https://leakix.net)"
157.245.113.227 - - [17/Jul/2026:05:38:20 +0000] "POST /api/gql HTTP/2" 401 53 "-" "Mozilla/5.0 (l9scan/2.0.830313e21393e21323e2430313; +https://leakix.net)"
167.71.175.236 - - [17/Jul/2026:05:38:20 +0000] "POST /graphql/api HTTP/2" 404 3415 "-" "Mozilla/5.0 (l9scan/2.0.830313e21393e21323e2430313; +https://leakix.net)"
165.22.235.3 - - [17/Jul/2026:05:38:20 +0000] "GET /s/634323e2531323e27363e2237313/_/;/META-INF/maven/com.atlassian.jira/jira-webapp-dist/pom.properties HTTP/2" 401 53 "-" "Mozilla/5.0 (l9scan/2.0.634323e2531323e27363e2237313; +https://leakix.net)"
138.68.144.227 - - [17/Jul/2026:05:38:20 +0000] "GET /s/634323e2531323e27363e2237313/_/;/META-INF/maven/com.atlassian.jira/jira-webapp-dist/pom.properties HTTP/2" 200 285 "-" "Mozilla/5.0 (l9scan/2.0.634323e2531323e27363e2237313; +https://leakix.net)"
138.68.144.227 - - [17/Jul/2026:05:38:20 +0000] "POST /api/graphql HTTP/2" 400 52 "-" "Mozilla/5.0 (l9scan/2.0.830313e21393e21323e2430313; +https://leakix.net)"
167.71.175.236 - - [17/Jul/2026:05:38:20 +0000] "POST /api/gql HTTP/2" 404 3415 "-" "Mozilla/5.0 (l9scan/2.0.830313e21393e21323e2430313; +https://leakix.net)"
209.38.248.17 - - [17/Jul/2026:05:38:20 +0000] "POST /api HTTP/2" 404 3418 "-" "Mozilla/5.0 (l9scan/2.0.830313e21393e21323e2430313; +https://leakix.net)"
167.71.175.236 - - [17/Jul/2026:05:38:20 +0000] "POST /graphql/api HTTP/2" 401 53 "-" "Mozilla/5.0 (l9scan/2.0.830313e21393e21323e2430313; +https://leakix.net)"
167.172.232.142 - - [17/Jul/2026:05:38:20 +0000] "POST /api HTTP/2" 401 53 "-" "Mozilla/5.0 (l9scan/2.0.634323e2531323e27363e2237313; +https://leakix.net)"
143.110.217.244 - - [17/Jul/2026:05:38:20 +0000] "GET /s/634323e2531323e27363e2237313/_/;/META-INF/maven/com.atlassian.jira/jira-webapp-dist/pom.properties HTTP/2" 404 3415 "-" "Mozilla/5.0 (l9scan/2.0.634323e2531323e27363e2237313; +https://leakix.net)"
167.71.175.236 - - [17/Jul/2026:05:38:20 +0000] "POST /api/gql HTTP/2" 401 53 "-" "Mozilla/5.0 (l9scan/2.0.830313e21393e21323e2430313; +https://leakix.net)"
138.68.144.227 - - [17/Jul/2026:05:38:20 +0000] "POST /graphql/api HTTP/2" 400 52 "-" "Mozilla/5.0 (l9scan/2.0.830313e21393e21323e2430313; +https://leakix.net)"
167.172.232.142 - - [17/Jul/2026:05:38:20 +0000] "POST /api/graphql HTTP/2" 401 53 "-" "Mozilla/5.0 (l9scan/2.0.634323e2531323e27363e2237313; +https://leakix.net)"
167.71.175.236 - - [17/Jul/2026:05:38:20 +0000] "GET /s/830313e21393e21323e2430313/_/;/META-INF/maven/com.atlassian.jira/jira-webapp-dist/pom.properties HTTP/2" 401 53 "-" "Mozilla/5.0 (l9scan/2.0.830313e21393e21323e2430313; +https://leakix.net)"
157.245.113.227 - - [17/Jul/2026:05:38:21 +0000] "GET /s/830313e21393e21323e2430313/_/;/META-INF/maven/com.atlassian.jira/jira-webapp-dist/pom.properties HTTP/2" 401 53 "-" "Mozilla/5.0 (l9scan/2.0.830313e21393e21323e2430313; +https://leakix.net)"
167.172.232.142 - - [17/Jul/2026:05:38:21 +0000] "POST /graphql/api HTTP/2" 401 53 "-" "Mozilla/5.0 (l9scan/2.0.634323e2531323e27363e2237313; +https://leakix.net)"
167.172.232.142 - - [17/Jul/2026:05:38:21 +0000] "POST /api/gql HTTP/2" 401 53 "-" "Mozilla/5.0 (l9scan/2.0.634323e2531323e27363e2237313; +https://leakix.net)"
167.172.232.142 - - [17/Jul/2026:05:38:21 +0000] "GET /s/634323e2531323e27363e2237313/_/;/META-INF/maven/com.atlassian.jira/jira-webapp-dist/pom.properties HTTP/2" 401 53 "-" "Mozilla/5.0 (l9scan/2.0.634323e2531323e27363e2237313; +https://leakix.net)"
167.71.175.236 - - [17/Jul/2026:05:38:21 +0000] "GET /s/830313e21393e21323e2430313/_/;/META-INF/maven/com.atlassian.jira/jira-webapp-dist/pom.properties HTTP/2" 404 3415 "-" "Mozilla/5.0 (l9scan/2.0.830313e21393e21323e2430313; +https://leakix.net)"
138.68.144.227 - - [17/Jul/2026:05:38:21 +0000] "POST /api/gql HTTP/2" 400 52 "-" "Mozilla/5.0 (l9scan/2.0.830313e21393e21323e2430313; +https://leakix.net)"
138.68.144.227 - - [17/Jul/2026:05:38:21 +0000] "GET /s/830313e21393e21323e2430313/_/;/META-INF/maven/com.atlassian.jira/jira-webapp-dist/pom.properties HTTP/2" 400 52 "-" "Mozilla/5.0 (l9scan/2.0.830313e21393e21323e2430313; +https://leakix.net)"
209.38.248.17 - - [17/Jul/2026:05:38:21 +0000] "POST /api/graphql HTTP/2" 404 3418 "-" "Mozilla/5.0 (l9scan/2.0.830313e21393e21323e2430313; +https://leakix.net)"
139.59.132.8 - - [17/Jul/2026:05:38:21 +0000] "POST /graphql HTTP/2" 400 52 "-" "Mozilla/5.0 (l9scan/2.0.634323e2531323e27363e2237313; +https://leakix.net)"
138.68.82.23 - - [17/Jul/2026:05:38:21 +0000] "POST /graphql HTTP/2" 200 285 "-" "Mozilla/5.0 (l9scan/2.0.830313e21393e21323e2430313; +https://leakix.net)"
134.122.28.88 - - [17/Jul/2026:05:38:21 +0000] "GET /config.json HTTP/2" 404 3418 "-" "Mozilla/5.0 (l9scan/2.0.634323e2531323e27363e2237313; +https://leakix.net)"
138.68.144.227 - - [17/Jul/2026:05:38:21 +0000] "GET /config.json HTTP/2" 200 285 "-" "Mozilla/5.0 (l9scan/2.0.634323e2531323e27363e2237313; +https://leakix.net)"
165.22.235.3 - - [17/Jul/2026:05:38:21 +0000] "GET /config.json HTTP/2" 401 53 "-" "Mozilla/5.0 (l9scan/2.0.634323e2531323e27363e2237313; +https://leakix.net)"
164.90.208.56 - - [17/Jul/2026:05:38:21 +0000] "GET /.git/config HTTP/2" 401 53 "-" "Mozilla/5.0 (l9scan/2.0.830313e21393e21323e2430313; +https://leakix.net)"
139.59.132.8 - - [17/Jul/2026:05:38:21 +0000] "POST /api HTTP/2" 400 52 "-" "Mozilla/5.0 (l9scan/2.0.634323e2531323e27363e2237313; +https://leakix.net)"
138.68.82.23 - - [17/Jul/2026:05:38:21 +0000] "POST /api HTTP/2" 200 285 "-" "Mozilla/5.0 (l9scan/2.0.830313e21393e21323e2430313; +https://leakix.net)"
143.110.217.244 - - [17/Jul/2026:05:38:21 +0000] "GET /config.json HTTP/2" 404 3415 "-" "Mozilla/5.0 (l9scan/2.0.634323e2531323e27363e2237313; +https://leakix.net)"
209.38.248.17 - - [17/Jul/2026:05:38:21 +0000] "POST /graphql/api HTTP/2" 404 3418 "-" "Mozilla/5.0 (l9scan/2.0.830313e21393e21323e2430313; +https://leakix.net)"
139.59.132.8 - - [17/Jul/2026:05:38:21 +0000] "POST /api/graphql HTTP/2" 400 52 "-" "Mozilla/5.0 (l9scan/2.0.634323e2531323e27363e2237313; +https://leakix.net)"
138.68.82.23 - - [17/Jul/2026:05:38:22 +0000] "POST /api/graphql HTTP/2" 200 285 "-" "Mozilla/5.0 (l9scan/2.0.830313e21393e21323e2430313; +https://leakix.net)"
167.71.175.236 - - [17/Jul/2026:05:38:22 +0000] "GET /config.json HTTP/2" 401 53 "-" "Mozilla/5.0 (l9scan/2.0.830313e21393e21323e2430313; +https://leakix.net)"
157.245.113.227 - - [17/Jul/2026:05:38:22 +0000] "GET /config.json HTTP/2" 401 53 "-" "Mozilla/5.0 (l9scan/2.0.830313e21393e21323e2430313; +https://leakix.net)"
209.38.248.17 - - [17/Jul/2026:05:38:22 +0000] "POST /api/gql HTTP/2" 404 3418 "-" "Mozilla/5.0 (l9scan/2.0.830313e21393e21323e2430313; +https://leakix.net)"
164.90.208.56 - - [17/Jul/2026:05:38:22 +0000] "POST /graphql HTTP/2" 401 53 "-" "Mozilla/5.0 (l9scan/2.0.830313e21393e21323e2430313; +https://leakix.net)"
139.59.132.8 - - [17/Jul/2026:05:38:22 +0000] "POST /graphql/api HTTP/2" 400 52 "-" "Mozilla/5.0 (l9scan/2.0.634323e2531323e27363e2237313; +https://leakix.net)"
138.68.82.23 - - [17/Jul/2026:05:38:22 +0000] "POST /graphql/api HTTP/2" 200 285 "-" "Mozilla/5.0 (l9scan/2.0.830313e21393e21323e2430313; +https://leakix.net)"
138.68.82.23 - - [17/Jul/2026:05:38:22 +0000] "GET /.git/config HTTP/2" 401 53 "-" "Mozilla/5.0 (l9scan/2.0.634323e2531323e27363e2237313; +https://leakix.net)"
209.38.248.17 - - [17/Jul/2026:05:38:22 +0000] "GET /s/830313e21393e21323e2430313/_/;/META-INF/maven/com.atlassian.jira/jira-webapp-dist/pom.properties HTTP/2" 404 3418 "-" "Mozilla/5.0 (l9scan/2.0.830313e21393e21323e2430313; +https://leakix.net)"
167.71.175.236 - - [17/Jul/2026:05:38:22 +0000] "GET /config.json HTTP/2" 404 3415 "-" "Mozilla/5.0 (l9scan/2.0.830313e21393e21323e2430313; +https://leakix.net)"
164.90.208.56 - - [17/Jul/2026:05:38:22 +0000] "POST /api HTTP/2" 401 53 "-" "Mozilla/5.0 (l9scan/2.0.830313e21393e21323e2430313; +https://leakix.net)"
138.68.82.23 - - [17/Jul/2026:05:38:22 +0000] "POST /api/gql HTTP/2" 200 285 "-" "Mozilla/5.0 (l9scan/2.0.830313e21393e21323e2430313; +https://leakix.net)"
167.172.232.142 - - [17/Jul/2026:05:38:22 +0000] "GET /config.json HTTP/2" 401 53 "-" "Mozilla/5.0 (l9scan/2.0.634323e2531323e27363e2237313; +https://leakix.net)"
138.68.82.23 - - [17/Jul/2026:05:38:22 +0000] "GET /s/830313e21393e21323e2430313/_/;/META-INF/maven/com.atlassian.jira/jira-webapp-dist/pom.properties HTTP/2" 200 285 "-" "Mozilla/5.0 (l9scan/2.0.830313e21393e21323e2430313; +https://leakix.net)"
139.59.132.8 - - [17/Jul/2026:05:38:22 +0000] "POST /api/gql HTTP/2" 400 52 "-" "Mozilla/5.0 (l9scan/2.0.634323e2531323e27363e2237313; +https://leakix.net)"
138.68.144.227 - - [17/Jul/2026:05:38:22 +0000] "GET /telescope/requests HTTP/2" 200 285 "-" "Mozilla/5.0 (l9scan/2.0.634323e2531323e27363e2237313; +https://leakix.net)"
138.68.144.227 - - [17/Jul/2026:05:38:22 +0000] "GET /config.json HTTP/2" 400 52 "-" "Mozilla/5.0 (l9scan/2.0.830313e21393e21323e2430313; +https://leakix.net)"
164.90.208.56 - - [17/Jul/2026:05:38:22 +0000] "POST /api/graphql HTTP/2" 401 53 "-" "Mozilla/5.0 (l9scan/2.0.830313e21393e21323e2430313; +https://leakix.net)"
139.59.132.8 - - [17/Jul/2026:05:38:23 +0000] "GET /s/634323e2531323e27363e2237313/_/;/META-INF/maven/com.atlassian.jira/jira-webapp-dist/pom.properties HTTP/2" 400 52 "-" "Mozilla/5.0 (l9scan/2.0.634323e2531323e27363e2237313; +https://leakix.net)"
164.90.208.56 - - [17/Jul/2026:05:38:23 +0000] "POST /graphql/api HTTP/2" 401 53 "-" "Mozilla/5.0 (l9scan/2.0.830313e21393e21323e2430313; +https://leakix.net)"
209.38.248.17 - - [17/Jul/2026:05:38:23 +0000] "GET /config.json HTTP/2" 404 3418 "-" "Mozilla/5.0 (l9scan/2.0.830313e21393e21323e2430313; +https://leakix.net)"
134.122.28.88 - - [17/Jul/2026:05:38:23 +0000] "GET /telescope/requests HTTP/2" 404 3418 "-" "Mozilla/5.0 (l9scan/2.0.634323e2531323e27363e2237313; +https://leakix.net)"
138.68.82.23 - - [17/Jul/2026:05:38:23 +0000] "GET /config.json HTTP/2" 200 285 "-" "Mozilla/5.0 (l9scan/2.0.830313e21393e21323e2430313; +https://leakix.net)"
165.22.235.3 - - [17/Jul/2026:05:38:23 +0000] "GET /telescope/requests HTTP/2" 401 53 "-" "Mozilla/5.0 (l9scan/2.0.634323e2531323e27363e2237313; +https://leakix.net)"
138.68.144.227 - - [17/Jul/2026:05:38:23 +0000] "GET /info.php HTTP/2" 200 285 "-" "Mozilla/5.0 (l9scan/2.0.634323e2531323e27363e2237313; +https://leakix.net)"
134.122.28.88 - - [17/Jul/2026:05:38:23 +0000] "GET /info.php HTTP/2" 404 3418 "-" "Mozilla/5.0 (l9scan/2.0.634323e2531323e27363e2237313; +https://leakix.net)"
138.68.82.23 - - [17/Jul/2026:05:38:23 +0000] "POST /graphql HTTP/2" 401 53 "-" "Mozilla/5.0 (l9scan/2.0.634323e2531323e27363e2237313; +https://leakix.net)"
165.22.235.3 - - [17/Jul/2026:05:38:23 +0000] "GET /info.php HTTP/2" 401 53 "-" "Mozilla/5.0 (l9scan/2.0.634323e2531323e27363e2237313; +https://leakix.net)"
143.110.217.244 - - [17/Jul/2026:05:38:23 +0000] "GET /telescope/requests HTTP/2" 404 3415 "-" "Mozilla/5.0 (l9scan/2.0.634323e2531323e27363e2237313; +https://leakix.net)"
143.110.217.244 - - [17/Jul/2026:05:38:23 +0000] "GET /info.php HTTP/2" 404 3415 "-" "Mozilla/5.0 (l9scan/2.0.634323e2531323e27363e2237313; +https://leakix.net)"
139.59.132.8 - - [17/Jul/2026:05:38:23 +0000] "GET /config.json HTTP/2" 400 52 "-" "Mozilla/5.0 (l9scan/2.0.634323e2531323e27363e2237313; +https://leakix.net)"
167.71.175.236 - - [17/Jul/2026:05:38:23 +0000] "GET /telescope/requests HTTP/2" 401 53 "-" "Mozilla/5.0 (l9scan/2.0.830313e21393e21323e2430313; +https://leakix.net)"
164.90.208.56 - - [17/Jul/2026:05:38:24 +0000] "POST /api/gql HTTP/2" 401 53 "-" "Mozilla/5.0 (l9scan/2.0.830313e21393e21323e2430313; +https://leakix.net)"
138.68.82.23 - - [17/Jul/2026:05:38:24 +0000] "POST /api HTTP/2" 401 53 "-" "Mozilla/5.0 (l9scan/2.0.634323e2531323e27363e2237313; +https://leakix.net)"
157.245.113.227 - - [17/Jul/2026:05:38:24 +0000] "GET /telescope/requests HTTP/2" 401 53 "-" "Mozilla/5.0 (l9scan/2.0.830313e21393e21323e2430313; +https://leakix.net)"
167.71.175.236 - - [17/Jul/2026:05:38:24 +0000] "GET /info.php HTTP/2" 401 53 "-" "Mozilla/5.0 (l9scan/2.0.830313e21393e21323e2430313; +https://leakix.net)"
164.90.208.56 - - [17/Jul/2026:05:38:24 +0000] "GET /s/830313e21393e21323e2430313/_/;/META-INF/maven/com.atlassian.jira/jira-webapp-dist/pom.properties HTTP/2" 401 53 "-" "Mozilla/5.0 (l9scan/2.0.830313e21393e21323e2430313; +https://leakix.net)"
157.245.113.227 - - [17/Jul/2026:05:38:24 +0000] "GET /info.php HTTP/2" 401 53 "-" "Mozilla/5.0 (l9scan/2.0.830313e21393e21323e2430313; +https://leakix.net)"
138.68.82.23 - - [17/Jul/2026:05:38:24 +0000] "POST /api/graphql HTTP/2" 401 53 "-" "Mozilla/5.0 (l9scan/2.0.634323e2531323e27363e2237313; +https://leakix.net)"
167.172.232.142 - - [17/Jul/2026:05:38:24 +0000] "GET /telescope/requests HTTP/2" 401 53 "-" "Mozilla/5.0 (l9scan/2.0.634323e2531323e27363e2237313; +https://leakix.net)"
167.172.232.142 - - [17/Jul/2026:05:38:24 +0000] "GET /info.php HTTP/2" 401 53 "-" "Mozilla/5.0 (l9scan/2.0.634323e2531323e27363e2237313; +https://leakix.net)"
138.68.144.227 - - [17/Jul/2026:05:38:24 +0000] "GET /telescope/requests HTTP/2" 400 52 "-" "Mozilla/5.0 (l9scan/2.0.830313e21393e21323e2430313; +https://leakix.net)"
167.71.175.236 - - [17/Jul/2026:05:38:24 +0000] "GET /telescope/requests HTTP/2" 404 3415 "-" "Mozilla/5.0 (l9scan/2.0.830313e21393e21323e2430313; +https://leakix.net)"
138.68.82.23 - - [17/Jul/2026:05:38:24 +0000] "POST /graphql/api HTTP/2" 401 53 "-" "Mozilla/5.0 (l9scan/2.0.634323e2531323e27363e2237313; +https://leakix.net)"
138.68.82.23 - - [17/Jul/2026:05:38:24 +0000] "GET /telescope/requests HTTP/2" 200 285 "-" "Mozilla/5.0 (l9scan/2.0.830313e21393e21323e2430313; +https://leakix.net)"
167.71.175.236 - - [17/Jul/2026:05:38:24 +0000] "GET /info.php HTTP/2" 404 3415 "-" "Mozilla/5.0 (l9scan/2.0.830313e21393e21323e2430313; +https://leakix.net)"
138.68.144.227 - - [17/Jul/2026:05:38:24 +0000] "GET /info.php HTTP/2" 400 52 "-" "Mozilla/5.0 (l9scan/2.0.830313e21393e21323e2430313; +https://leakix.net)"
138.68.144.227 - - [17/Jul/2026:05:38:24 +0000] "GET /.well-known/security.txt HTTP/2" 200 285 "-" "Mozilla/5.0 (l9scan/2.0.634323e2531323e27363e2237313; +https://leakix.net)"
134.122.28.88 - - [17/Jul/2026:05:38:24 +0000] "GET /.well-known/security.txt HTTP/2" 404 3418 "-" "Mozilla/5.0 (l9scan/2.0.634323e2531323e27363e2237313; +https://leakix.net)"
165.22.235.3 - - [17/Jul/2026:05:38:24 +0000] "GET /.well-known/security.txt HTTP/2" 401 53 "-" "Mozilla/5.0 (l9scan/2.0.634323e2531323e27363e2237313; +https://leakix.net)"
143.110.217.244 - - [17/Jul/2026:05:38:24 +0000] "GET /.well-known/security.txt HTTP/2" 404 3415 "-" "Mozilla/5.0 (l9scan/2.0.634323e2531323e27363e2237313; +https://leakix.net)"
167.71.175.236 - - [17/Jul/2026:05:38:25 +0000] "GET /.well-known/security.txt HTTP/2" 401 53 "-" "Mozilla/5.0 (l9scan/2.0.830313e21393e21323e2430313; +https://leakix.net)"
157.245.113.227 - - [17/Jul/2026:05:38:25 +0000] "GET /.well-known/security.txt HTTP/2" 401 53 "-" "Mozilla/5.0 (l9scan/2.0.830313e21393e21323e2430313; +https://leakix.net)"
138.68.82.23 - - [17/Jul/2026:05:38:25 +0000] "POST /api/gql HTTP/2" 401 53 "-" "Mozilla/5.0 (l9scan/2.0.634323e2531323e27363e2237313; +https://leakix.net)"
167.172.232.142 - - [17/Jul/2026:05:38:25 +0000] "GET /.well-known/security.txt HTTP/2" 401 53 "-" "Mozilla/5.0 (l9scan/2.0.634323e2531323e27363e2237313; +https://leakix.net)"
209.38.248.17 - - [17/Jul/2026:05:38:25 +0000] "GET /telescope/requests HTTP/2" 404 3418 "-" "Mozilla/5.0 (l9scan/2.0.830313e21393e21323e2430313; +https://leakix.net)"
167.71.175.236 - - [17/Jul/2026:05:38:25 +0000] "GET /.well-known/security.txt HTTP/2" 404 3415 "-" "Mozilla/5.0 (l9scan/2.0.830313e21393e21323e2430313; +https://leakix.net)"
164.90.208.56 - - [17/Jul/2026:05:38:25 +0000] "GET /config.json HTTP/2" 401 53 "-" "Mozilla/5.0 (l9scan/2.0.830313e21393e21323e2430313; +https://leakix.net)"
209.38.248.17 - - [17/Jul/2026:05:38:25 +0000] "GET /info.php HTTP/2" 404 3418 "-" "Mozilla/5.0 (l9scan/2.0.830313e21393e21323e2430313; +https://leakix.net)"
138.68.82.23 - - [17/Jul/2026:05:38:25 +0000] "GET /info.php HTTP/2" 200 285 "-" "Mozilla/5.0 (l9scan/2.0.830313e21393e21323e2430313; +https://leakix.net)"
134.122.28.88 - - [17/Jul/2026:05:38:25 +0000] "GET /actuator/env HTTP/2" 404 3418 "-" "Mozilla/5.0 (l9scan/2.0.634323e2531323e27363e2237313; +https://leakix.net)"
165.22.235.3 - - [17/Jul/2026:05:38:25 +0000] "GET /actuator/env HTTP/2" 401 53 "-" "Mozilla/5.0 (l9scan/2.0.634323e2531323e27363e2237313; +https://leakix.net)"
138.68.144.227 - - [17/Jul/2026:05:38:25 +0000] "GET /.well-known/security.txt HTTP/2" 400 52 "-" "Mozilla/5.0 (l9scan/2.0.830313e21393e21323e2430313; +https://leakix.net)"
143.110.217.244 - - [17/Jul/2026:05:38:25 +0000] "GET /actuator/env HTTP/2" 404 3415 "-" "Mozilla/5.0 (l9scan/2.0.634323e2531323e27363e2237313; +https://leakix.net)"
138.68.144.227 - - [17/Jul/2026:05:38:25 +0000] "GET /actuator/env HTTP/2" 200 285 "-" "Mozilla/5.0 (l9scan/2.0.634323e2531323e27363e2237313; +https://leakix.net)"
139.59.132.8 - - [17/Jul/2026:05:38:25 +0000] "GET /telescope/requests HTTP/2" 400 52 "-" "Mozilla/5.0 (l9scan/2.0.634323e2531323e27363e2237313; +https://leakix.net)"
138.68.82.23 - - [17/Jul/2026:05:38:26 +0000] "GET /s/634323e2531323e27363e2237313/_/;/META-INF/maven/com.atlassian.jira/jira-webapp-dist/pom.properties HTTP/2" 401 53 "-" "Mozilla/5.0 (l9scan/2.0.634323e2531323e27363e2237313; +https://leakix.net)"
167.71.175.236 - - [17/Jul/2026:05:38:26 +0000] "GET /actuator/env HTTP/2" 401 53 "-" "Mozilla/5.0 (l9scan/2.0.830313e21393e21323e2430313; +https://leakix.net)"
157.245.113.227 - - [17/Jul/2026:05:38:26 +0000] "GET /actuator/env HTTP/2" 401 53 "-" "Mozilla/5.0 (l9scan/2.0.830313e21393e21323e2430313; +https://leakix.net)"
139.59.132.8 - - [17/Jul/2026:05:38:26 +0000] "GET /info.php HTTP/2" 400 52 "-" "Mozilla/5.0 (l9scan/2.0.634323e2531323e27363e2237313; +https://leakix.net)"
167.172.232.142 - - [17/Jul/2026:05:38:26 +0000] "GET /actuator/env HTTP/2" 401 53 "-" "Mozilla/5.0 (l9scan/2.0.634323e2531323e27363e2237313; +https://leakix.net)"
138.68.144.227 - - [17/Jul/2026:05:38:26 +0000] "GET /actuator/env HTTP/2" 400 52 "-" "Mozilla/5.0 (l9scan/2.0.830313e21393e21323e2430313; +https://leakix.net)"
209.38.248.17 - - [17/Jul/2026:05:38:26 +0000] "GET /.well-known/security.txt HTTP/2" 404 3418 "-" "Mozilla/5.0 (l9scan/2.0.830313e21393e21323e2430313; +https://leakix.net)"
138.68.144.227 - - [17/Jul/2026:05:38:26 +0000] "GET /trace.axd HTTP/2" 200 285 "-" "Mozilla/5.0 (l9scan/2.0.634323e2531323e27363e2237313; +https://leakix.net)"
167.71.175.236 - - [17/Jul/2026:05:38:26 +0000] "GET /actuator/env HTTP/2" 404 3415 "-" "Mozilla/5.0 (l9scan/2.0.830313e21393e21323e2430313; +https://leakix.net)"
134.122.28.88 - - [17/Jul/2026:05:38:26 +0000] "GET /trace.axd HTTP/2" 404 3418 "-" "Mozilla/5.0 (l9scan/2.0.634323e2531323e27363e2237313; +https://leakix.net)"
165.22.235.3 - - [17/Jul/2026:05:38:26 +0000] "GET /trace.axd HTTP/2" 401 53 "-" "Mozilla/5.0 (l9scan/2.0.634323e2531323e27363e2237313; +https://leakix.net)"
143.110.217.244 - - [17/Jul/2026:05:38:26 +0000] "GET /trace.axd HTTP/2" 404 3415 "-" "Mozilla/5.0 (l9scan/2.0.634323e2531323e27363e2237313; +https://leakix.net)"
138.68.82.23 - - [17/Jul/2026:05:38:27 +0000] "GET /.well-known/security.txt HTTP/2" 200 285 "-" "Mozilla/5.0 (l9scan/2.0.830313e21393e21323e2430313; +https://leakix.net)"
138.68.82.23 - - [17/Jul/2026:05:38:27 +0000] "GET /config.json HTTP/2" 401 53 "-" "Mozilla/5.0 (l9scan/2.0.634323e2531323e27363e2237313; +https://leakix.net)"
167.71.175.236 - - [17/Jul/2026:05:38:27 +0000] "GET /trace.axd HTTP/2" 401 53 "-" "Mozilla/5.0 (l9scan/2.0.830313e21393e21323e2430313; +https://leakix.net)"
157.245.113.227 - - [17/Jul/2026:05:38:27 +0000] "GET /trace.axd HTTP/2" 401 53 "-" "Mozilla/5.0 (l9scan/2.0.830313e21393e21323e2430313; +https://leakix.net)"
167.172.232.142 - - [17/Jul/2026:05:38:27 +0000] "GET /trace.axd HTTP/2" 401 53 "-" "Mozilla/5.0 (l9scan/2.0.634323e2531323e27363e2237313; +https://leakix.net)"
164.90.208.56 - - [17/Jul/2026:05:38:27 +0000] "GET /telescope/requests HTTP/2" 401 53 "-" "Mozilla/5.0 (l9scan/2.0.830313e21393e21323e2430313; +https://leakix.net)"
139.59.132.8 - - [17/Jul/2026:05:38:27 +0000] "GET /.well-known/security.txt HTTP/2" 400 52 "-" "Mozilla/5.0 (l9scan/2.0.634323e2531323e27363e2237313; +https://leakix.net)"
138.68.82.23 - - [17/Jul/2026:05:38:27 +0000] "GET /actuator/env HTTP/2" 200 285 "-" "Mozilla/5.0 (l9scan/2.0.830313e21393e21323e2430313; +https://leakix.net)"
167.71.175.236 - - [17/Jul/2026:05:38:27 +0000] "GET /trace.axd HTTP/2" 404 3415 "-" "Mozilla/5.0 (l9scan/2.0.830313e21393e21323e2430313; +https://leakix.net)"
138.68.144.227 - - [17/Jul/2026:05:38:27 +0000] "GET /trace.axd HTTP/2" 400 52 "-" "Mozilla/5.0 (l9scan/2.0.830313e21393e21323e2430313; +https://leakix.net)"
134.122.28.88 - - [17/Jul/2026:05:38:27 +0000] "GET /@vite/env HTTP/2" 404 3418 "-" "Mozilla/5.0 (l9scan/2.0.634323e2531323e27363e2237313; +https://leakix.net)"
138.68.144.227 - - [17/Jul/2026:05:38:27 +0000] "GET /@vite/env HTTP/2" 200 285 "-" "Mozilla/5.0 (l9scan/2.0.634323e2531323e27363e2237313; +https://leakix.net)"
164.90.208.56 - - [17/Jul/2026:05:38:27 +0000] "GET /info.php HTTP/2" 401 53 "-" "Mozilla/5.0 (l9scan/2.0.830313e21393e21323e2430313; +https://leakix.net)"
165.22.235.3 - - [17/Jul/2026:05:38:27 +0000] "GET /@vite/env HTTP/2" 401 53 "-" "Mozilla/5.0 (l9scan/2.0.634323e2531323e27363e2237313; +https://leakix.net)"
209.38.248.17 - - [17/Jul/2026:05:38:27 +0000] "GET /actuator/env HTTP/2" 404 3418 "-" "Mozilla/5.0 (l9scan/2.0.830313e21393e21323e2430313; +https://leakix.net)"
143.110.217.244 - - [17/Jul/2026:05:38:28 +0000] "GET /@vite/env HTTP/2" 404 3415 "-" "Mozilla/5.0 (l9scan/2.0.634323e2531323e27363e2237313; +https://leakix.net)"
139.59.132.8 - - [17/Jul/2026:05:38:28 +0000] "GET /actuator/env HTTP/2" 400 52 "-" "Mozilla/5.0 (l9scan/2.0.634323e2531323e27363e2237313; +https://leakix.net)"
167.71.175.236 - - [17/Jul/2026:05:38:28 +0000] "GET /@vite/env HTTP/2" 401 53 "-" "Mozilla/5.0 (l9scan/2.0.830313e21393e21323e2430313; +https://leakix.net)"
157.245.113.227 - - [17/Jul/2026:05:38:28 +0000] "GET /@vite/env HTTP/2" 401 53 "-" "Mozilla/5.0 (l9scan/2.0.830313e21393e21323e2430313; +https://leakix.net)"
167.172.232.142 - - [17/Jul/2026:05:38:28 +0000] "GET /@vite/env HTTP/2" 401 53 "-" "Mozilla/5.0 (l9scan/2.0.634323e2531323e27363e2237313; +https://leakix.net)"
