62.3.2.76 - - [16/Jul/2026:21:53:33 +0000] "GET /wp-content/plugins/wpforms-lite/assets/css/frontend/modern/wpforms-full.min.css?ver=1.10.1.1 HTTP/2" 200 15489 "https://www.iptv-portugal.com/contate-nos/" "Mozilla/5.0 (Macintosh; Intel Mac OS X 10_15_7) AppleWebKit/537.36 (KHTML, like Gecko) Chrome/114.0.0.0 Safari/537.36"
62.3.2.76 - - [16/Jul/2026:21:53:34 +0000] "GET /wp-content/plugins/wpforms-lite/assets/lib/jquery.validate.min.js?ver=1.21.0 HTTP/2" 200 7806 "https://www.iptv-portugal.com/contate-nos/" "Mozilla/5.0 (Macintosh; Intel Mac OS X 10_15_7) AppleWebKit/537.36 (KHTML, like Gecko) Chrome/114.0.0.0 Safari/537.36"
62.3.2.76 - - [16/Jul/2026:21:53:34 +0000] "GET /wp-content/plugins/wpforms-lite/assets/js/frontend/wpforms-modern.min.js?ver=1.10.1.1 HTTP/2" 200 1866 "https://www.iptv-portugal.com/contate-nos/" "Mozilla/5.0 (Macintosh; Intel Mac OS X 10_15_7) AppleWebKit/537.36 (KHTML, like Gecko) Chrome/114.0.0.0 Safari/537.36"
62.3.2.76 - - [16/Jul/2026:21:53:34 +0000] "GET /wp-content/plugins/wpforms-lite/assets/js/share/utils.min.js?ver=1.10.1.1 HTTP/2" 200 726 "https://www.iptv-portugal.com/contate-nos/" "Mozilla/5.0 (Macintosh; Intel Mac OS X 10_15_7) AppleWebKit/537.36 (KHTML, like Gecko) Chrome/114.0.0.0 Safari/537.36"
62.3.2.76 - - [16/Jul/2026:21:53:34 +0000] "GET /wp-content/plugins/wpforms-lite/assets/js/integrations/elementor/frontend.min.js?ver=1.10.1.1 HTTP/2" 200 538 "https://www.iptv-portugal.com/contate-nos/" "Mozilla/5.0 (Macintosh; Intel Mac OS X 10_15_7) AppleWebKit/537.36 (KHTML, like Gecko) Chrome/114.0.0.0 Safari/537.36"
62.3.2.76 - - [16/Jul/2026:21:53:34 +0000] "GET /wp-content/plugins/wpforms-lite/assets/js/frontend/wpforms.min.js?ver=1.10.1.1 HTTP/2" 200 14613 "https://www.iptv-portugal.com/contate-nos/" "Mozilla/5.0 (Macintosh; Intel Mac OS X 10_15_7) AppleWebKit/537.36 (KHTML, like Gecko) Chrome/114.0.0.0 Safari/537.36"
62.3.2.76 - - [16/Jul/2026:21:53:34 +0000] "GET /wp-content/plugins/wpforms-lite/assets/lib/punycode.min.js?ver=1.0.0 HTTP/2" 200 833 "https://www.iptv-portugal.com/contate-nos/" "Mozilla/5.0 (Macintosh; Intel Mac OS X 10_15_7) AppleWebKit/537.36 (KHTML, like Gecko) Chrome/114.0.0.0 Safari/537.36"
62.3.2.76 - - [16/Jul/2026:21:53:34 +0000] "GET /wp-content/plugins/wpforms-lite/assets/lib/mailcheck.min.js?ver=1.1.2 HTTP/2" 200 1615 "https://www.iptv-portugal.com/contate-nos/" "Mozilla/5.0 (Macintosh; Intel Mac OS X 10_15_7) AppleWebKit/537.36 (KHTML, like Gecko) Chrome/114.0.0.0 Safari/537.36"
62.3.2.76 - - [16/Jul/2026:21:53:34 +0000] "GET /wp-content/plugins/wpforms-lite/assets/js/frontend/fields/address.min.js?ver=1.10.1.1 HTTP/2" 200 672 "https://www.iptv-portugal.com/contate-nos/" "Mozilla/5.0 (Macintosh; Intel Mac OS X 10_15_7) AppleWebKit/537.36 (KHTML, like Gecko) Chrome/114.0.0.0 Safari/537.36"
62.3.2.76 - - [16/Jul/2026:21:53:34 +0000] "GET /wp-content/plugins/wpforms-lite/assets/images/submit-spin.svg HTTP/2" 200 309 "https://www.iptv-portugal.com/contate-nos/" "Mozilla/5.0 (Macintosh; Intel Mac OS X 10_15_7) AppleWebKit/537.36 (KHTML, like Gecko) Chrome/114.0.0.0 Safari/537.36"
62.3.2.76 - - [16/Jul/2026:21:53:34 +0000] "GET /wp-content/plugins/elementor/assets/images/placeholder.png HTTP/2" 200 6146 "https://www.iptv-portugal.com/wp-content/plugins/wpforms-lite/assets/css/frontend/modern/wpforms-full.min.css?ver=1.10.1.1" "Mozilla/5.0 (Macintosh; Intel Mac OS X 10_15_7) AppleWebKit/537.36 (KHTML, like Gecko) Chrome/114.0.0.0 Safari/537.36"
65.181.116.207 - - [16/Jul/2026:21:53:38 +0000] "POST /wp-cron.php?doing_wp_cron=1784238818.0453801155090332031250 HTTP/2" 200 0 "-" "WordPress/7.0.1; https://www.iptv-portugal.com"
31.44.8.142 - - [16/Jul/2026:21:53:31 +0000] "GET /termos-e-condicoes/ HTTP/2" 200 19250 "-" "Mozilla/5.0 (Macintosh; Intel Mac OS X 10_15_7) AppleWebKit/537.36 (KHTML, like Gecko) Chrome/114.0.0.0 Safari/537.36"
31.44.8.142 - - [16/Jul/2026:21:53:38 +0000] "GET /wp-content/uploads/elementor/css/post-262.css?ver=1780701535 HTTP/2" 200 562 "https://www.iptv-portugal.com/termos-e-condicoes/" "Mozilla/5.0 (Macintosh; Intel Mac OS X 10_15_7) AppleWebKit/537.36 (KHTML, like Gecko) Chrome/114.0.0.0 Safari/537.36"
62.3.2.76 - - [16/Jul/2026:21:53:38 +0000] "GET /politica-de-privacidade/ HTTP/2" 200 17882 "-" "Mozilla/5.0 (Macintosh; Intel Mac OS X 10_15_7) AppleWebKit/537.36 (KHTML, like Gecko) Chrome/114.0.0.0 Safari/537.36"
62.3.2.76 - - [16/Jul/2026:21:53:44 +0000] "GET /wp-content/uploads/elementor/css/post-281.css?ver=1780675279 HTTP/2" 200 633 "https://www.iptv-portugal.com/politica-de-privacidade/" "Mozilla/5.0 (Macintosh; Intel Mac OS X 10_15_7) AppleWebKit/537.36 (KHTML, like Gecko) Chrome/114.0.0.0 Safari/537.36"
31.44.8.142 - - [16/Jul/2026:21:53:44 +0000] "GET /gdpr/ HTTP/2" 200 19641 "-" "Mozilla/5.0 (Macintosh; Intel Mac OS X 10_15_7) AppleWebKit/537.36 (KHTML, like Gecko) Chrome/114.0.0.0 Safari/537.36"
31.44.8.142 - - [16/Jul/2026:21:53:51 +0000] "GET /wp-content/uploads/elementor/css/post-118.css?ver=1780679265 HTTP/2" 200 830 "https://www.iptv-portugal.com/gdpr/" "Mozilla/5.0 (Macintosh; Intel Mac OS X 10_15_7) AppleWebKit/537.36 (KHTML, like Gecko) Chrome/114.0.0.0 Safari/537.36"
62.3.2.76 - - [16/Jul/2026:21:53:50 +0000] "GET /termos-e-condicoes/ HTTP/2" 200 19250 "-" "Mozilla/5.0 (Macintosh; Intel Mac OS X 10_15_7) AppleWebKit/537.36 (KHTML, like Gecko) Chrome/114.0.0.0 Safari/537.36"
62.3.2.76 - - [16/Jul/2026:21:53:56 +0000] "GET /wp-content/uploads/elementor/css/post-262.css?ver=1780701535 HTTP/2" 200 562 "https://www.iptv-portugal.com/termos-e-condicoes/" "Mozilla/5.0 (Macintosh; Intel Mac OS X 10_15_7) AppleWebKit/537.36 (KHTML, like Gecko) Chrome/114.0.0.0 Safari/537.36"
31.44.8.142 - - [16/Jul/2026:21:53:57 +0000] "GET //www.dmca.com/Protection/Status.aspx?ID=65a7f94e-0b6b-48e0-b44c-840a15aa5c19 HTTP/2" 301 0 "-" "Mozilla/5.0 (Macintosh; Intel Mac OS X 10_15_7) AppleWebKit/537.36 (KHTML, like Gecko) Chrome/114.0.0.0 Safari/537.36"
62.3.2.76 - - [16/Jul/2026:21:54:02 +0000] "GET /gdpr/ HTTP/2" 200 19641 "-" "Mozilla/5.0 (Macintosh; Intel Mac OS X 10_15_7) AppleWebKit/537.36 (KHTML, like Gecko) Chrome/114.0.0.0 Safari/537.36"
31.44.8.142 - - [16/Jul/2026:21:54:03 +0000] "GET /www.dmca.com/Protection/Status.aspx?ID=65a7f94e-0b6b-48e0-b44c-840a15aa5c19 HTTP/2" 404 16482 "-" "Mozilla/5.0 (Macintosh; Intel Mac OS X 10_15_7) AppleWebKit/537.36 (KHTML, like Gecko) Chrome/114.0.0.0 Safari/537.36"
62.3.2.76 - - [16/Jul/2026:21:54:09 +0000] "GET /wp-content/uploads/elementor/css/post-118.css?ver=1780679265 HTTP/2" 200 830 "https://www.iptv-portugal.com/gdpr/" "Mozilla/5.0 (Macintosh; Intel Mac OS X 10_15_7) AppleWebKit/537.36 (KHTML, like Gecko) Chrome/114.0.0.0 Safari/537.36"
20.151.7.119 - - [16/Jul/2026:21:54:07 +0000] "GET /adminfuns.php HTTP/2" 301 0 "-" "Mozilla/5.0 (Windows NT 10.0; Win64; x64) AppleWebKit/537.36 (KHTML, like Gecko) Chrome/120.0.0.0 Safari/537.36"
216.73.217.1 - - [16/Jul/2026:21:54:11 +0000] "GET /robots.txt HTTP/2" 301 0 "-" "Mozilla/5.0 AppleWebKit/537.36 (KHTML, like Gecko; compatible; ClaudeBot/1.0; [email protected])"
20.151.7.119 - - [16/Jul/2026:21:54:12 +0000] "GET /file.php HTTP/2" 301 0 "-" "Mozilla/5.0 (Windows NT 10.0; Win64; x64) AppleWebKit/537.36 (KHTML, like Gecko) Chrome/120.0.0.0 Safari/537.36"
62.3.2.76 - - [16/Jul/2026:21:54:16 +0000] "GET //www.dmca.com/Protection/Status.aspx?ID=65a7f94e-0b6b-48e0-b44c-840a15aa5c19 HTTP/2" 301 0 "-" "Mozilla/5.0 (Macintosh; Intel Mac OS X 10_15_7) AppleWebKit/537.36 (KHTML, like Gecko) Chrome/114.0.0.0 Safari/537.36"
20.151.7.119 - - [16/Jul/2026:21:54:15 +0000] "GET /m.php HTTP/2" 301 0 "-" "Mozilla/5.0 (Windows NT 10.0; Win64; x64) AppleWebKit/537.36 (KHTML, like Gecko) Chrome/120.0.0.0 Safari/537.36"
20.151.7.119 - - [16/Jul/2026:21:54:19 +0000] "GET /wp-admin/css/wp-login.php HTTP/2" 301 0 "-" "Mozilla/5.0 (Windows NT 10.0; Win64; x64) AppleWebKit/537.36 (KHTML, like Gecko) Chrome/120.0.0.0 Safari/537.36"
62.3.2.76 - - [16/Jul/2026:21:54:19 +0000] "GET /www.dmca.com/Protection/Status.aspx?ID=65a7f94e-0b6b-48e0-b44c-840a15aa5c19 HTTP/2" 404 16482 "-" "Mozilla/5.0 (Macintosh; Intel Mac OS X 10_15_7) AppleWebKit/537.36 (KHTML, like Gecko) Chrome/114.0.0.0 Safari/537.36"
62.3.2.76 - - [16/Jul/2026:21:54:25 +0000] "GET /wp-includes/css/dist/block-library/style.min.css?ver=7.0.1 HTTP/2" 200 16250 "https://www.iptv-portugal.com/www.dmca.com/Protection/Status.aspx?ID=65a7f94e-0b6b-48e0-b44c-840a15aa5c19" "Mozilla/5.0 (Macintosh; Intel Mac OS X 10_15_7) AppleWebKit/537.36 (KHTML, like Gecko) Chrome/114.0.0.0 Safari/537.36"
20.151.7.119 - - [16/Jul/2026:21:54:22 +0000] "GET /wk/index.php HTTP/2" 301 0 "-" "Mozilla/5.0 (Windows NT 10.0; Win64; x64) AppleWebKit/537.36 (KHTML, like Gecko) Chrome/120.0.0.0 Safari/537.36"
20.151.7.119 - - [16/Jul/2026:21:54:26 +0000] "GET /mini.php HTTP/2" 301 0 "-" "Mozilla/5.0 (Windows NT 10.0; Win64; x64) AppleWebKit/537.36 (KHTML, like Gecko) Chrome/120.0.0.0 Safari/537.36"
65.181.116.207 - - [16/Jul/2026:21:54:35 +0000] "POST /wp-cron.php?doing_wp_cron=1784238875.6213989257812500000000 HTTP/2" 200 0 "-" "WordPress/7.0.1; https://www.iptv-portugal.com"
20.151.7.119 - - [16/Jul/2026:21:54:31 +0000] "GET /w.php HTTP/2" 301 0 "-" "Mozilla/5.0 (Windows NT 10.0; Win64; x64) AppleWebKit/537.36 (KHTML, like Gecko) Chrome/120.0.0.0 Safari/537.36"
20.151.7.119 - - [16/Jul/2026:21:54:35 +0000] "GET /admin.php HTTP/2" 301 0 "-" "Mozilla/5.0 (Windows NT 10.0; Win64; x64) AppleWebKit/537.36 (KHTML, like Gecko) Chrome/120.0.0.0 Safari/537.36"
20.151.7.119 - - [16/Jul/2026:21:54:39 +0000] "GET /init.php HTTP/2" 301 0 "-" "Mozilla/5.0 (Windows NT 10.0; Win64; x64) AppleWebKit/537.36 (KHTML, like Gecko) Chrome/120.0.0.0 Safari/537.36"
20.151.7.119 - - [16/Jul/2026:21:54:43 +0000] "GET /options.php HTTP/2" 301 0 "-" "Mozilla/5.0 (Windows NT 10.0; Win64; x64) AppleWebKit/537.36 (KHTML, like Gecko) Chrome/120.0.0.0 Safari/537.36"
20.151.7.119 - - [16/Jul/2026:21:54:47 +0000] "GET /wp-includes/js/codemirror/about.php HTTP/2" 301 0 "-" "Mozilla/5.0 (Windows NT 10.0; Win64; x64) AppleWebKit/537.36 (KHTML, like Gecko) Chrome/120.0.0.0 Safari/537.36"
20.151.7.119 - - [16/Jul/2026:21:54:51 +0000] "GET /wp-admin/css/colors/blue/ HTTP/2" 404 1251 "-" "Mozilla/5.0 (Windows NT 10.0; Win64; x64) AppleWebKit/537.36 (KHTML, like Gecko) Chrome/120.0.0.0 Safari/537.36"
20.151.7.119 - - [16/Jul/2026:21:54:51 +0000] "GET /wp-includes/Requests/library/ HTTP/2" 404 1251 "-" "Mozilla/5.0 (Windows NT 10.0; Win64; x64) AppleWebKit/537.36 (KHTML, like Gecko) Chrome/120.0.0.0 Safari/537.36"
20.151.7.119 - - [16/Jul/2026:21:54:51 +0000] "GET /wp-content/admin.php HTTP/2" 301 0 "-" "Mozilla/5.0 (Windows NT 10.0; Win64; x64) AppleWebKit/537.36 (KHTML, like Gecko) Chrome/120.0.0.0 Safari/537.36"
20.151.7.119 - - [16/Jul/2026:21:54:55 +0000] "GET /wp-configs.php HTTP/2" 301 0 "-" "Mozilla/5.0 (Windows NT 10.0; Win64; x64) AppleWebKit/537.36 (KHTML, like Gecko) Chrome/120.0.0.0 Safari/537.36"
20.151.7.119 - - [16/Jul/2026:21:54:59 +0000] "GET /php.php HTTP/2" 301 0 "-" "Mozilla/5.0 (Windows NT 10.0; Win64; x64) AppleWebKit/537.36 (KHTML, like Gecko) Chrome/120.0.0.0 Safari/537.36"
20.151.7.119 - - [16/Jul/2026:21:55:06 +0000] "GET /wp-includes/index.php HTTP/2" 301 0 "-" "Mozilla/5.0 (Windows NT 10.0; Win64; x64) AppleWebKit/537.36 (KHTML, like Gecko) Chrome/120.0.0.0 Safari/537.36"
65.181.116.207 - - [16/Jul/2026:21:55:17 +0000] "POST /wp-cron.php?doing_wp_cron=1784238917.7975850105285644531250 HTTP/2" 200 0 "-" "WordPress/7.0.1; https://www.iptv-portugal.com"
20.151.7.119 - - [16/Jul/2026:21:55:12 +0000] "GET /wp-content/themes/admin.php HTTP/2" 301 0 "-" "Mozilla/5.0 (Windows NT 10.0; Win64; x64) AppleWebKit/537.36 (KHTML, like Gecko) Chrome/120.0.0.0 Safari/537.36"
20.151.7.119 - - [16/Jul/2026:21:55:17 +0000] "GET /wp-admin/a.php HTTP/2" 301 0 "-" "Mozilla/5.0 (Windows NT 10.0; Win64; x64) AppleWebKit/537.36 (KHTML, like Gecko) Chrome/120.0.0.0 Safari/537.36"
20.151.7.119 - - [16/Jul/2026:21:55:21 +0000] "GET /wp-includes/sitemaps/providers/ HTTP/2" 404 1251 "-" "Mozilla/5.0 (Windows NT 10.0; Win64; x64) AppleWebKit/537.36 (KHTML, like Gecko) Chrome/120.0.0.0 Safari/537.36"
20.151.7.119 - - [16/Jul/2026:21:55:21 +0000] "GET /wp-includes/block-bindings/ HTTP/2" 404 1251 "-" "Mozilla/5.0 (Windows NT 10.0; Win64; x64) AppleWebKit/537.36 (KHTML, like Gecko) Chrome/120.0.0.0 Safari/537.36"
20.151.7.119 - - [16/Jul/2026:21:55:21 +0000] "GET /wp-includes/Text/about.php HTTP/2" 301 0 "-" "Mozilla/5.0 (Windows NT 10.0; Win64; x64) AppleWebKit/537.36 (KHTML, like Gecko) Chrome/120.0.0.0 Safari/537.36"
20.151.7.119 - - [16/Jul/2026:21:55:26 +0000] "GET /wp-admin.php HTTP/2" 301 0 "-" "Mozilla/5.0 (Windows NT 10.0; Win64; x64) AppleWebKit/537.36 (KHTML, like Gecko) Chrome/120.0.0.0 Safari/537.36"
20.151.7.119 - - [16/Jul/2026:21:55:30 +0000] "GET /size.php HTTP/2" 301 0 "-" "Mozilla/5.0 (Windows NT 10.0; Win64; x64) AppleWebKit/537.36 (KHTML, like Gecko) Chrome/120.0.0.0 Safari/537.36"
65.181.116.207 - - [16/Jul/2026:21:55:37 +0000] "POST /wp-cron.php?doing_wp_cron=1784238937.6006870269775390625000 HTTP/2" 200 0 "-" "WordPress/7.0.1; https://www.iptv-portugal.com"
20.151.7.119 - - [16/Jul/2026:21:55:34 +0000] "GET /wp-includes/wp-class.php HTTP/2" 301 0 "-" "Mozilla/5.0 (Windows NT 10.0; Win64; x64) AppleWebKit/537.36 (KHTML, like Gecko) Chrome/120.0.0.0 Safari/537.36"
20.151.7.119 - - [16/Jul/2026:21:55:37 +0000] "GET /403.php HTTP/2" 301 0 "-" "Mozilla/5.0 (Windows NT 10.0; Win64; x64) AppleWebKit/537.36 (KHTML, like Gecko) Chrome/120.0.0.0 Safari/537.36"
20.151.7.119 - - [16/Jul/2026:21:55:40 +0000] "GET /wp-includes/IXR/wp-login.php HTTP/2" 301 0 "-" "Mozilla/5.0 (Windows NT 10.0; Win64; x64) AppleWebKit/537.36 (KHTML, like Gecko) Chrome/120.0.0.0 Safari/537.36"
20.151.7.119 - - [16/Jul/2026:21:55:44 +0000] "GET /wp-admin/includes/index.php HTTP/2" 301 0 "-" "Mozilla/5.0 (Windows NT 10.0; Win64; x64) AppleWebKit/537.36 (KHTML, like Gecko) Chrome/120.0.0.0 Safari/537.36"
20.151.7.119 - - [16/Jul/2026:21:55:47 +0000] "GET /wp-admin/js/widgets/index.php HTTP/2" 301 0 "-" "Mozilla/5.0 (Windows NT 10.0; Win64; x64) AppleWebKit/537.36 (KHTML, like Gecko) Chrome/120.0.0.0 Safari/537.36"
20.151.7.119 - - [16/Jul/2026:21:55:50 +0000] "GET /plugins.php HTTP/2" 301 0 "-" "Mozilla/5.0 (Windows NT 10.0; Win64; x64) AppleWebKit/537.36 (KHTML, like Gecko) Chrome/120.0.0.0 Safari/537.36"
20.151.7.119 - - [16/Jul/2026:21:55:54 +0000] "GET /wp-includes/js/index.php HTTP/2" 301 0 "-" "Mozilla/5.0 (Windows NT 10.0; Win64; x64) AppleWebKit/537.36 (KHTML, like Gecko) Chrome/120.0.0.0 Safari/537.36"
20.151.7.119 - - [16/Jul/2026:21:55:58 +0000] "GET /go.php HTTP/2" 301 0 "-" "Mozilla/5.0 (Windows NT 10.0; Win64; x64) AppleWebKit/537.36 (KHTML, like Gecko) Chrome/120.0.0.0 Safari/537.36"
20.151.7.119 - - [16/Jul/2026:21:56:02 +0000] "GET /aaa.php HTTP/2" 301 0 "-" "Mozilla/5.0 (Windows NT 10.0; Win64; x64) AppleWebKit/537.36 (KHTML, like Gecko) Chrome/120.0.0.0 Safari/537.36"
20.151.7.119 - - [16/Jul/2026:21:56:05 +0000] "GET /getid3-core.php HTTP/2" 301 0 "-" "Mozilla/5.0 (Windows NT 10.0; Win64; x64) AppleWebKit/537.36 (KHTML, like Gecko) Chrome/120.0.0.0 Safari/537.36"
20.151.7.119 - - [16/Jul/2026:21:56:09 +0000] "GET /adminer.php HTTP/2" 301 0 "-" "Mozilla/5.0 (Windows NT 10.0; Win64; x64) AppleWebKit/537.36 (KHTML, like Gecko) Chrome/120.0.0.0 Safari/537.36"
20.151.7.119 - - [16/Jul/2026:21:56:14 +0000] "GET /wp-admin/maint/index.php HTTP/2" 301 0 "-" "Mozilla/5.0 (Windows NT 10.0; Win64; x64) AppleWebKit/537.36 (KHTML, like Gecko) Chrome/120.0.0.0 Safari/537.36"
20.151.7.119 - - [16/Jul/2026:21:56:19 +0000] "GET /wp-content/uploads/2024/ HTTP/2" 301 0 "-" "Mozilla/5.0 (Windows NT 10.0; Win64; x64) AppleWebKit/537.36 (KHTML, like Gecko) Chrome/120.0.0.0 Safari/537.36"
20.151.7.119 - - [16/Jul/2026:21:56:23 +0000] "GET /alfa.php HTTP/2" 301 0 "-" "Mozilla/5.0 (Windows NT 10.0; Win64; x64) AppleWebKit/537.36 (KHTML, like Gecko) Chrome/120.0.0.0 Safari/537.36"
20.151.7.119 - - [16/Jul/2026:21:56:27 +0000] "GET /wp-content/uploads/ HTTP/2" 404 1251 "-" "Mozilla/5.0 (Windows NT 10.0; Win64; x64) AppleWebKit/537.36 (KHTML, like Gecko) Chrome/120.0.0.0 Safari/537.36"
20.151.7.119 - - [16/Jul/2026:21:56:27 +0000] "GET /wp-content/themes/alera/alpha.php HTTP/2" 301 0 "-" "Mozilla/5.0 (Windows NT 10.0; Win64; x64) AppleWebKit/537.36 (KHTML, like Gecko) Chrome/120.0.0.0 Safari/537.36"
65.181.116.207 - - [16/Jul/2026:21:56:35 +0000] "POST /wp-cron.php?doing_wp_cron=1784238995.2406170368194580078125 HTTP/2" 200 0 "-" "WordPress/7.0.1; https://www.iptv-portugal.com"
20.151.7.119 - - [16/Jul/2026:21:56:31 +0000] "GET /wp-includes/SimplePie/about.php HTTP/2" 301 0 "-" "Mozilla/5.0 (Windows NT 10.0; Win64; x64) AppleWebKit/537.36 (KHTML, like Gecko) Chrome/120.0.0.0 Safari/537.36"
20.151.7.119 - - [16/Jul/2026:21:56:35 +0000] "GET /wp-content/plugins/linkpreview/index.php HTTP/2" 301 0 "-" "Mozilla/5.0 (Windows NT 10.0; Win64; x64) AppleWebKit/537.36 (KHTML, like Gecko) Chrome/120.0.0.0 Safari/537.36"
20.151.7.119 - - [16/Jul/2026:21:56:38 +0000] "GET /edit.php HTTP/2" 301 0 "-" "Mozilla/5.0 (Windows NT 10.0; Win64; x64) AppleWebKit/537.36 (KHTML, like Gecko) Chrome/120.0.0.0 Safari/537.36"
20.151.7.119 - - [16/Jul/2026:21:56:43 +0000] "GET /wp-includes/block-supports/ HTTP/2" 404 1251 "-" "Mozilla/5.0 (Windows NT 10.0; Win64; x64) AppleWebKit/537.36 (KHTML, like Gecko) Chrome/120.0.0.0 Safari/537.36"
20.151.7.119 - - [16/Jul/2026:21:56:43 +0000] "GET /wp-content/ HTTP/2" 200 0 "-" "Mozilla/5.0 (Windows NT 10.0; Win64; x64) AppleWebKit/537.36 (KHTML, like Gecko) Chrome/120.0.0.0 Safari/537.36"
20.151.7.119 - - [16/Jul/2026:21:56:43 +0000] "GET /file5.php HTTP/2" 301 0 "-" "Mozilla/5.0 (Windows NT 10.0; Win64; x64) AppleWebKit/537.36 (KHTML, like Gecko) Chrome/120.0.0.0 Safari/537.36"
20.151.7.119 - - [16/Jul/2026:21:56:48 +0000] "GET /sf.php HTTP/2" 301 0 "-" "Mozilla/5.0 (Windows NT 10.0; Win64; x64) AppleWebKit/537.36 (KHTML, like Gecko) Chrome/120.0.0.0 Safari/537.36"
20.151.7.119 - - [16/Jul/2026:21:56:52 +0000] "GET /404.php HTTP/2" 301 0 "-" "Mozilla/5.0 (Windows NT 10.0; Win64; x64) AppleWebKit/537.36 (KHTML, like Gecko) Chrome/120.0.0.0 Safari/537.36"
20.151.7.119 - - [16/Jul/2026:21:56:58 +0000] "GET /wp-admin/js/widgets/ HTTP/2" 404 1251 "-" "Mozilla/5.0 (Windows NT 10.0; Win64; x64) AppleWebKit/537.36 (KHTML, like Gecko) Chrome/120.0.0.0 Safari/537.36"
20.151.7.119 - - [16/Jul/2026:21:56:58 +0000] "GET /wso.php HTTP/2" 301 0 "-" "Mozilla/5.0 (Windows NT 10.0; Win64; x64) AppleWebKit/537.36 (KHTML, like Gecko) Chrome/120.0.0.0 Safari/537.36"
20.151.7.119 - - [16/Jul/2026:21:57:03 +0000] "GET /ioxi-o.php HTTP/2" 301 0 "-" "Mozilla/5.0 (Windows NT 10.0; Win64; x64) AppleWebKit/537.36 (KHTML, like Gecko) Chrome/120.0.0.0 Safari/537.36"
20.151.7.119 - - [16/Jul/2026:21:57:07 +0000] "GET /file56.php HTTP/2" 301 0 "-" "Mozilla/5.0 (Windows NT 10.0; Win64; x64) AppleWebKit/537.36 (KHTML, like Gecko) Chrome/120.0.0.0 Safari/537.36"
20.151.7.119 - - [16/Jul/2026:21:57:10 +0000] "GET /wp-includes/PHPMailer/admin.php HTTP/2" 301 0 "-" "Mozilla/5.0 (Windows NT 10.0; Win64; x64) AppleWebKit/537.36 (KHTML, like Gecko) Chrome/120.0.0.0 Safari/537.36"
20.151.7.119 - - [16/Jul/2026:21:57:15 +0000] "GET /wp-admin/css/index.php HTTP/2" 301 0 "-" "Mozilla/5.0 (Windows NT 10.0; Win64; x64) AppleWebKit/537.36 (KHTML, like Gecko) Chrome/120.0.0.0 Safari/537.36"
20.151.7.119 - - [16/Jul/2026:21:57:18 +0000] "GET /wp-content/edit.php HTTP/2" 301 0 "-" "Mozilla/5.0 (Windows NT 10.0; Win64; x64) AppleWebKit/537.36 (KHTML, like Gecko) Chrome/120.0.0.0 Safari/537.36"
20.151.7.119 - - [16/Jul/2026:21:57:22 +0000] "GET /2.php HTTP/2" 301 0 "-" "Mozilla/5.0 (Windows NT 10.0; Win64; x64) AppleWebKit/537.36 (KHTML, like Gecko) Chrome/120.0.0.0 Safari/537.36"
20.151.7.119 - - [16/Jul/2026:21:57:24 +0000] "GET /wp-content/uploads/admin.php HTTP/2" 301 0 "-" "Mozilla/5.0 (Windows NT 10.0; Win64; x64) AppleWebKit/537.36 (KHTML, like Gecko) Chrome/120.0.0.0 Safari/537.36"
20.151.7.119 - - [16/Jul/2026:21:57:27 +0000] "GET /mah.php HTTP/2" 301 0 "-" "Mozilla/5.0 (Windows NT 10.0; Win64; x64) AppleWebKit/537.36 (KHTML, like Gecko) Chrome/120.0.0.0 Safari/537.36"
65.181.116.207 - - [16/Jul/2026:21:57:35 +0000] "POST /wp-cron.php?doing_wp_cron=1784239055.7102611064910888671875 HTTP/2" 200 0 "-" "WordPress/7.0.1; https://www.iptv-portugal.com"
20.151.7.119 - - [16/Jul/2026:21:57:31 +0000] "GET /send.php HTTP/2" 301 0 "-" "Mozilla/5.0 (Windows NT 10.0; Win64; x64) AppleWebKit/537.36 (KHTML, like Gecko) Chrome/120.0.0.0 Safari/537.36"
20.151.7.119 - - [16/Jul/2026:21:57:36 +0000] "GET /wp-content/plugins/dummyyummy/wp-signup.php HTTP/2" 301 0 "-" "Mozilla/5.0 (Windows NT 10.0; Win64; x64) AppleWebKit/537.36 (KHTML, like Gecko) Chrome/120.0.0.0 Safari/537.36"
20.151.7.119 - - [16/Jul/2026:21:57:38 +0000] "GET /wp-includes/js/crop/ HTTP/2" 404 1251 "-" "Mozilla/5.0 (Windows NT 10.0; Win64; x64) AppleWebKit/537.36 (KHTML, like Gecko) Chrome/120.0.0.0 Safari/537.36"
20.151.7.119 - - [16/Jul/2026:21:57:38 +0000] "GET /about.php HTTP/2" 301 0 "-" "Mozilla/5.0 (Windows NT 10.0; Win64; x64) AppleWebKit/537.36 (KHTML, like Gecko) Chrome/120.0.0.0 Safari/537.36"
20.151.7.119 - - [16/Jul/2026:21:57:42 +0000] "GET /wp-content/themes/index.php HTTP/2" 200 0 "-" "Mozilla/5.0 (Windows NT 10.0; Win64; x64) AppleWebKit/537.36 (KHTML, like Gecko) Chrome/120.0.0.0 Safari/537.36"
185.232.21.42 - - [16/Jul/2026:21:57:42 +0000] "GET /wp-login.php HTTP/2" 200 1841 "https://www.iptv-portugal.com/" "Mozilla/5.0 (Windows NT 10.0; Win64; x64) AppleWebKit/537.36 (KHTML, like Gecko) Chrome/148.0.0.0 Safari/537.36"
20.151.7.119 - - [16/Jul/2026:21:57:42 +0000] "GET /wp-file.php HTTP/2" 301 0 "-" "Mozilla/5.0 (Windows NT 10.0; Win64; x64) AppleWebKit/537.36 (KHTML, like Gecko) Chrome/120.0.0.0 Safari/537.36"
20.151.7.119 - - [16/Jul/2026:21:57:45 +0000] "GET /sid3.php HTTP/2" 301 0 "-" "Mozilla/5.0 (Windows NT 10.0; Win64; x64) AppleWebKit/537.36 (KHTML, like Gecko) Chrome/120.0.0.0 Safari/537.36"
20.151.7.119 - - [16/Jul/2026:21:57:49 +0000] "GET /themes.php HTTP/2" 301 0 "-" "Mozilla/5.0 (Windows NT 10.0; Win64; x64) AppleWebKit/537.36 (KHTML, like Gecko) Chrome/120.0.0.0 Safari/537.36"
20.151.7.119 - - [16/Jul/2026:21:57:53 +0000] "GET /wp-content/plugins/index.php HTTP/2" 200 0 "-" "Mozilla/5.0 (Windows NT 10.0; Win64; x64) AppleWebKit/537.36 (KHTML, like Gecko) Chrome/120.0.0.0 Safari/537.36"
185.232.21.42 - - [16/Jul/2026:21:57:50 +0000] "POST /wp-login.php HTTP/2" 200 1926 "https://www.iptv-portugal.com/wp-login.php" "Mozilla/5.0 (Windows NT 10.0; Win64; x64) AppleWebKit/537.36 (KHTML, like Gecko) Chrome/148.0.0.0 Safari/537.36"
185.232.21.42 - - [16/Jul/2026:21:57:56 +0000] "POST /xmlrpc.php HTTP/2" 403 1242 "https://www.iptv-portugal.com/" "Mozilla/5.0 (Windows NT 10.0; Win64; x64) AppleWebKit/537.36 (KHTML, like Gecko) Chrome/122.0.0.0 Safari/537.36"
20.151.7.119 - - [16/Jul/2026:21:57:53 +0000] "GET /admin/controller/extension/extension/ HTTP/2" 301 0 "-" "Mozilla/5.0 (Windows NT 10.0; Win64; x64) AppleWebKit/537.36 (KHTML, like Gecko) Chrome/120.0.0.0 Safari/537.36"
20.151.7.119 - - [16/Jul/2026:21:57:56 +0000] "GET /wp-includes/css/dist/widgets/ HTTP/2" 404 1251 "-" "Mozilla/5.0 (Windows NT 10.0; Win64; x64) AppleWebKit/537.36 (KHTML, like Gecko) Chrome/120.0.0.0 Safari/537.36"
20.151.7.119 - - [16/Jul/2026:21:57:56 +0000] "GET /wp-admin/images/index.php HTTP/2" 301 0 "-" "Mozilla/5.0 (Windows NT 10.0; Win64; x64) AppleWebKit/537.36 (KHTML, like Gecko) Chrome/120.0.0.0 Safari/537.36"
20.151.7.119 - - [16/Jul/2026:21:57:59 +0000] "GET /num.php HTTP/2" 301 0 "-" "Mozilla/5.0 (Windows NT 10.0; Win64; x64) AppleWebKit/537.36 (KHTML, like Gecko) Chrome/120.0.0.0 Safari/537.36"
20.151.7.119 - - [16/Jul/2026:21:58:05 +0000] "GET /wp-admin/css/colors/ocean/ HTTP/2" 404 1251 "-" "Mozilla/5.0 (Windows NT 10.0; Win64; x64) AppleWebKit/537.36 (KHTML, like Gecko) Chrome/120.0.0.0 Safari/537.36"
20.151.7.119 - - [16/Jul/2026:21:58:05 +0000] "GET /wp-content/et-cache/ HTTP/2" 301 0 "-" "Mozilla/5.0 (Windows NT 10.0; Win64; x64) AppleWebKit/537.36 (KHTML, like Gecko) Chrome/120.0.0.0 Safari/537.36"
20.151.7.119 - - [16/Jul/2026:21:58:10 +0000] "GET /wp-admin/images/admin.php HTTP/2" 301 0 "-" "Mozilla/5.0 (Windows NT 10.0; Win64; x64) AppleWebKit/537.36 (KHTML, like Gecko) Chrome/120.0.0.0 Safari/537.36"
20.151.7.119 - - [16/Jul/2026:21:58:17 +0000] "GET /wp-content/upgrade/index.php HTTP/2" 301 0 "-" "Mozilla/5.0 (Windows NT 10.0; Win64; x64) AppleWebKit/537.36 (KHTML, like Gecko) Chrome/120.0.0.0 Safari/537.36"
20.151.7.119 - - [16/Jul/2026:21:58:21 +0000] "GET /wp-includes/SimplePie/index.php HTTP/2" 301 0 "-" "Mozilla/5.0 (Windows NT 10.0; Win64; x64) AppleWebKit/537.36 (KHTML, like Gecko) Chrome/120.0.0.0 Safari/537.36"
20.151.7.119 - - [16/Jul/2026:21:58:25 +0000] "GET /gifclass.php HTTP/2" 301 0 "-" "Mozilla/5.0 (Windows NT 10.0; Win64; x64) AppleWebKit/537.36 (KHTML, like Gecko) Chrome/120.0.0.0 Safari/537.36"
20.151.7.119 - - [16/Jul/2026:21:58:30 +0000] "GET /wp-includes/certificates/ HTTP/2" 404 1251 "-" "Mozilla/5.0 (Windows NT 10.0; Win64; x64) AppleWebKit/537.36 (KHTML, like Gecko) Chrome/120.0.0.0 Safari/537.36"
20.151.7.119 - - [16/Jul/2026:21:58:30 +0000] "GET /222.php HTTP/2" 301 0 "-" "Mozilla/5.0 (Windows NT 10.0; Win64; x64) AppleWebKit/537.36 (KHTML, like Gecko) Chrome/120.0.0.0 Safari/537.36"
65.181.116.207 - - [16/Jul/2026:21:58:38 +0000] "POST /wp-cron.php?doing_wp_cron=1784239118.7759079933166503906250 HTTP/2" 200 0 "-" "WordPress/7.0.1; https://www.iptv-portugal.com"
20.151.7.119 - - [16/Jul/2026:21:58:34 +0000] "GET /wp-content/plugins/admin.php HTTP/2" 301 0 "-" "Mozilla/5.0 (Windows NT 10.0; Win64; x64) AppleWebKit/537.36 (KHTML, like Gecko) Chrome/120.0.0.0 Safari/537.36"
20.151.7.119 - - [16/Jul/2026:21:58:39 +0000] "GET /css/index.php HTTP/2" 301 0 "-" "Mozilla/5.0 (Windows NT 10.0; Win64; x64) AppleWebKit/537.36 (KHTML, like Gecko) Chrome/120.0.0.0 Safari/537.36"
20.151.7.119 - - [16/Jul/2026:21:58:42 +0000] "GET /wp-cron.php HTTP/2" 200 0 "-" "Mozilla/5.0 (Windows NT 10.0; Win64; x64) AppleWebKit/537.36 (KHTML, like Gecko) Chrome/120.0.0.0 Safari/537.36"
20.151.7.119 - - [16/Jul/2026:21:58:42 +0000] "GET /wp-block.php HTTP/2" 301 0 "-" "Mozilla/5.0 (Windows NT 10.0; Win64; x64) AppleWebKit/537.36 (KHTML, like Gecko) Chrome/120.0.0.0 Safari/537.36"
20.151.7.119 - - [16/Jul/2026:21:58:45 +0000] "GET /wp-includes/fonts/admin.php HTTP/2" 301 0 "-" "Mozilla/5.0 (Windows NT 10.0; Win64; x64) AppleWebKit/537.36 (KHTML, like Gecko) Chrome/120.0.0.0 Safari/537.36"
20.151.7.119 - - [16/Jul/2026:21:58:49 +0000] "GET /wp-admin/css/colors/modern/ HTTP/2" 404 1251 "-" "Mozilla/5.0 (Windows NT 10.0; Win64; x64) AppleWebKit/537.36 (KHTML, like Gecko) Chrome/120.0.0.0 Safari/537.36"
20.151.7.119 - - [16/Jul/2026:21:58:49 +0000] "GET /classwithtostring.php HTTP/2" 301 0 "-" "Mozilla/5.0 (Windows NT 10.0; Win64; x64) AppleWebKit/537.36 (KHTML, like Gecko) Chrome/120.0.0.0 Safari/537.36"
20.151.7.119 - - [16/Jul/2026:21:58:55 +0000] "GET /test1.php HTTP/2" 301 0 "-" "Mozilla/5.0 (Windows NT 10.0; Win64; x64) AppleWebKit/537.36 (KHTML, like Gecko) Chrome/120.0.0.0 Safari/537.36"
20.151.7.119 - - [16/Jul/2026:21:58:59 +0000] "GET /wp-admin/images/ HTTP/2" 404 1251 "-" "Mozilla/5.0 (Windows NT 10.0; Win64; x64) AppleWebKit/537.36 (KHTML, like Gecko) Chrome/120.0.0.0 Safari/537.36"
20.151.7.119 - - [16/Jul/2026:21:58:59 +0000] "GET /images/index.php HTTP/2" 301 0 "-" "Mozilla/5.0 (Windows NT 10.0; Win64; x64) AppleWebKit/537.36 (KHTML, like Gecko) Chrome/120.0.0.0 Safari/537.36"
20.151.7.119 - - [16/Jul/2026:21:59:07 +0000] "GET /wp-includes/rest-api/fields/ HTTP/2" 404 1251 "-" "Mozilla/5.0 (Windows NT 10.0; Win64; x64) AppleWebKit/537.36 (KHTML, like Gecko) Chrome/120.0.0.0 Safari/537.36"
20.151.7.119 - - [16/Jul/2026:21:59:07 +0000] "GET /asd.php HTTP/2" 301 0 "-" "Mozilla/5.0 (Windows NT 10.0; Win64; x64) AppleWebKit/537.36 (KHTML, like Gecko) Chrome/120.0.0.0 Safari/537.36"
20.151.7.119 - - [16/Jul/2026:21:59:14 +0000] "GET /wp-includes/customize/index.php HTTP/2" 301 0 "-" "Mozilla/5.0 (Windows NT 10.0; Win64; x64) AppleWebKit/537.36 (KHTML, like Gecko) Chrome/120.0.0.0 Safari/537.36"
20.151.7.119 - - [16/Jul/2026:21:59:20 +0000] "GET /wp-content/plugins/core-plugin/include.php HTTP/2" 301 0 "-" "Mozilla/5.0 (Windows NT 10.0; Win64; x64) AppleWebKit/537.36 (KHTML, like Gecko) Chrome/120.0.0.0 Safari/537.36"
20.151.7.119 - - [16/Jul/2026:21:59:25 +0000] "GET /atomlib.php HTTP/2" 301 0 "-" "Mozilla/5.0 (Windows NT 10.0; Win64; x64) AppleWebKit/537.36 (KHTML, like Gecko) Chrome/120.0.0.0 Safari/537.36"
20.151.7.119 - - [16/Jul/2026:21:59:29 +0000] "GET /wp-includes/html-api/ HTTP/2" 404 1251 "-" "Mozilla/5.0 (Windows NT 10.0; Win64; x64) AppleWebKit/537.36 (KHTML, like Gecko) Chrome/120.0.0.0 Safari/537.36"
20.151.7.119 - - [16/Jul/2026:21:59:29 +0000] "GET /wp-admin/js/ HTTP/2" 404 1251 "-" "Mozilla/5.0 (Windows NT 10.0; Win64; x64) AppleWebKit/537.36 (KHTML, like Gecko) Chrome/120.0.0.0 Safari/537.36"
20.151.7.119 - - [16/Jul/2026:21:59:29 +0000] "GET /wp-includes/IXR/chosen.php HTTP/2" 301 0 "-" "Mozilla/5.0 (Windows NT 10.0; Win64; x64) AppleWebKit/537.36 (KHTML, like Gecko) Chrome/120.0.0.0 Safari/537.36"
20.151.7.119 - - [16/Jul/2026:21:59:33 +0000] "GET /wp-admin/css/colors/ectoplasm/ HTTP/2" 404 1251 "-" "Mozilla/5.0 (Windows NT 10.0; Win64; x64) AppleWebKit/537.36 (KHTML, like Gecko) Chrome/120.0.0.0 Safari/537.36"
20.151.7.119 - - [16/Jul/2026:21:59:33 +0000] "GET /wp-includes/blocks/block/ HTTP/2" 404 1251 "-" "Mozilla/5.0 (Windows NT 10.0; Win64; x64) AppleWebKit/537.36 (KHTML, like Gecko) Chrome/120.0.0.0 Safari/537.36"
20.151.7.119 - - [16/Jul/2026:21:59:33 +0000] "GET /wp-includes/pomo/ HTTP/2" 404 1251 "-" "Mozilla/5.0 (Windows NT 10.0; Win64; x64) AppleWebKit/537.36 (KHTML, like Gecko) Chrome/120.0.0.0 Safari/537.36"
20.151.7.119 - - [16/Jul/2026:21:59:33 +0000] "GET /wp-includes/rest-api/ HTTP/2" 404 1251 "-" "Mozilla/5.0 (Windows NT 10.0; Win64; x64) AppleWebKit/537.36 (KHTML, like Gecko) Chrome/120.0.0.0 Safari/537.36"
173.239.224.236 - - [16/Jul/2026:21:59:31 +0000] "POST /wp-login.php HTTP/2" 200 1924 "-" "Mozilla/5.0 (Macintosh; Intel Mac OS X 10_15_7) AppleWebKit/605.1.15 Version/17.0 Safari/605.1.15"
65.181.116.207 - - [16/Jul/2026:21:59:37 +0000] "POST /wp-cron.php?doing_wp_cron=1784239177.1968579292297363281250 HTTP/2" 200 0 "-" "WordPress/7.0.1; https://www.iptv-portugal.com"
20.151.7.119 - - [16/Jul/2026:21:59:33 +0000] "GET /inputs.php HTTP/2" 301 0 "-" "Mozilla/5.0 (Windows NT 10.0; Win64; x64) AppleWebKit/537.36 (KHTML, like Gecko) Chrome/120.0.0.0 Safari/537.36"
20.151.7.119 - - [16/Jul/2026:21:59:37 +0000] "GET /wp-content/index.php HTTP/2" 200 0 "-" "Mozilla/5.0 (Windows NT 10.0; Win64; x64) AppleWebKit/537.36 (KHTML, like Gecko) Chrome/120.0.0.0 Safari/537.36"
20.151.7.119 - - [16/Jul/2026:21:59:37 +0000] "GET /wp-admin/network/index.php HTTP/2" 302 0 "-" "Mozilla/5.0 (Windows NT 10.0; Win64; x64) AppleWebKit/537.36 (KHTML, like Gecko) Chrome/120.0.0.0 Safari/537.36"
20.151.7.119 - - [16/Jul/2026:21:59:40 +0000] "GET /wp-content/1.php HTTP/2" 301 0 "-" "Mozilla/5.0 (Windows NT 10.0; Win64; x64) AppleWebKit/537.36 (KHTML, like Gecko) Chrome/120.0.0.0 Safari/537.36"
20.151.7.119 - - [16/Jul/2026:21:59:43 +0000] "GET /plugin.php HTTP/2" 301 0 "-" "Mozilla/5.0 (Windows NT 10.0; Win64; x64) AppleWebKit/537.36 (KHTML, like Gecko) Chrome/120.0.0.0 Safari/537.36"
20.151.7.119 - - [16/Jul/2026:21:59:47 +0000] "GET /1.php HTTP/2" 301 0 "-" "Mozilla/5.0 (Windows NT 10.0; Win64; x64) AppleWebKit/537.36 (KHTML, like Gecko) Chrome/120.0.0.0 Safari/537.36"
20.151.7.119 - - [16/Jul/2026:21:59:50 +0000] "GET /gg.php HTTP/2" 301 0 "-" "Mozilla/5.0 (Windows NT 10.0; Win64; x64) AppleWebKit/537.36 (KHTML, like Gecko) Chrome/120.0.0.0 Safari/537.36"
20.151.7.119 - - [16/Jul/2026:21:59:54 +0000] "GET /wp-includes/images/crystal/ HTTP/2" 404 1251 "-" "Mozilla/5.0 (Windows NT 10.0; Win64; x64) AppleWebKit/537.36 (KHTML, like Gecko) Chrome/120.0.0.0 Safari/537.36"
20.151.7.119 - - [16/Jul/2026:21:59:54 +0000] "GET /aa.php HTTP/2" 301 0 "-" "Mozilla/5.0 (Windows NT 10.0; Win64; x64) AppleWebKit/537.36 (KHTML, like Gecko) Chrome/120.0.0.0 Safari/537.36"
20.151.7.119 - - [16/Jul/2026:21:59:58 +0000] "GET /wp-content/languages/index.php HTTP/2" 301 0 "-" "Mozilla/5.0 (Windows NT 10.0; Win64; x64) AppleWebKit/537.36 (KHTML, like Gecko) Chrome/120.0.0.0 Safari/537.36"
20.151.7.119 - - [16/Jul/2026:22:00:04 +0000] "GET /wp.php HTTP/2" 301 0 "-" "Mozilla/5.0 (Windows NT 10.0; Win64; x64) AppleWebKit/537.36 (KHTML, like Gecko) Chrome/120.0.0.0 Safari/537.36"
20.151.7.119 - - [16/Jul/2026:22:00:14 +0000] "GET /wp-includes/blocks/about.php HTTP/2" 301 0 "-" "Mozilla/5.0 (Windows NT 10.0; Win64; x64) AppleWebKit/537.36 (KHTML, like Gecko) Chrome/120.0.0.0 Safari/537.36"
20.151.7.119 - - [16/Jul/2026:22:00:22 +0000] "GET /wp-admin/file.php HTTP/2" 301 0 "-" "Mozilla/5.0 (Windows NT 10.0; Win64; x64) AppleWebKit/537.36 (KHTML, like Gecko) Chrome/120.0.0.0 Safari/537.36"
20.151.7.119 - - [16/Jul/2026:22:00:27 +0000] "GET /wp-admin/user/index.php HTTP/2" 302 0 "-" "Mozilla/5.0 (Windows NT 10.0; Win64; x64) AppleWebKit/537.36 (KHTML, like Gecko) Chrome/120.0.0.0 Safari/537.36"
65.181.116.207 - - [16/Jul/2026:22:00:37 +0000] "POST /wp-cron.php?doing_wp_cron=1784239237.6040320396423339843750 HTTP/2" 200 0 "-" "WordPress/7.0.1; https://www.iptv-portugal.com"
20.151.7.119 - - [16/Jul/2026:22:00:32 +0000] "GET /wp-content/plugins/WordPressCore/ HTTP/2" 301 0 "-" "Mozilla/5.0 (Windows NT 10.0; Win64; x64) AppleWebKit/537.36 (KHTML, like Gecko) Chrome/120.0.0.0 Safari/537.36"
20.151.7.119 - - [16/Jul/2026:22:00:37 +0000] "GET /wp-admin/css/colors/blue/admin.php HTTP/2" 301 0 "-" "Mozilla/5.0 (Windows NT 10.0; Win64; x64) AppleWebKit/537.36 (KHTML, like Gecko) Chrome/120.0.0.0 Safari/537.36"
20.151.7.119 - - [16/Jul/2026:22:00:40 +0000] "GET /index/function.php HTTP/2" 301 0 "-" "Mozilla/5.0 (Windows NT 10.0; Win64; x64) AppleWebKit/537.36 (KHTML, like Gecko) Chrome/120.0.0.0 Safari/537.36"
20.151.7.119 - - [16/Jul/2026:22:00:44 +0000] "GET /wp-includes/PHPMailer/ HTTP/2" 404 1251 "-" "Mozilla/5.0 (Windows NT 10.0; Win64; x64) AppleWebKit/537.36 (KHTML, like Gecko) Chrome/120.0.0.0 Safari/537.36"
20.151.7.119 - - [16/Jul/2026:22:00:44 +0000] "GET /wp-includes/css/ HTTP/2" 404 1251 "-" "Mozilla/5.0 (Windows NT 10.0; Win64; x64) AppleWebKit/537.36 (KHTML, like Gecko) Chrome/120.0.0.0 Safari/537.36"
65.181.116.207 - - [16/Jul/2026:22:01:46 +0000] "POST /wp-cron.php?doing_wp_cron=1784239306.3785250186920166015625 HTTP/2" 200 0 "-" "WordPress/7.0.1; https://www.iptv-portugal.com"
101.33.55.204 - - [16/Jul/2026:22:01:40 +0000] "GET /2026/03/24/hello-world/?replytocom=1 HTTP/2" 200 18565 "-" "Mozilla/5.0 (iPhone; CPU iPhone OS 13_2_3 like Mac OS X) AppleWebKit/605.1.15 (KHTML, like Gecko) Version/13.0.3 Mobile/15E148 Safari/604.1"
65.181.116.207 - - [16/Jul/2026:22:09:53 +0000] "POST /wp-cron.php?doing_wp_cron=1784239793.1252450942993164062500 HTTP/2" 200 0 "-" "WordPress/7.0.1; https://www.iptv-portugal.com"
43.157.46.118 - - [16/Jul/2026:22:09:45 +0000] "GET /2026/03/24/hello-world/ HTTP/2" 200 18597 "-" "Mozilla/5.0 (iPhone; CPU iPhone OS 13_2_3 like Mac OS X) AppleWebKit/605.1.15 (KHTML, like Gecko) Version/13.0.3 Mobile/15E148 Safari/604.1"
65.181.116.207 - - [16/Jul/2026:22:12:36 +0000] "POST /wp-cron.php?doing_wp_cron=1784239956.4994530677795410156250 HTTP/2" 200 0 "-" "WordPress/7.0.1; https://www.iptv-portugal.com"
45.12.221.26 - - [16/Jul/2026:22:12:30 +0000] "GET /wp-login.php HTTP/2" 200 1841 "https://www.iptv-portugal.com/" "Mozilla/5.0 (Windows NT 10.0; Win64; x64) AppleWebKit/537.36 (KHTML, like Gecko) Chrome/149.0.0.0 Safari/537.36"
45.12.221.26 - - [16/Jul/2026:22:12:37 +0000] "GET /wp-includes/js/jquery/jquery-migrate.min.js?ver=3.4.1 HTTP/2" 200 4678 "https://www.iptv-portugal.com/wp-login.php" "Mozilla/5.0 (Windows NT 10.0; Win64; x64) AppleWebKit/537.36 (KHTML, like Gecko) Chrome/149.0.0.0 Safari/537.36"
45.12.221.26 - - [16/Jul/2026:22:12:37 +0000] "GET /wp-admin/css/l10n.min.css?ver=7.0.1 HTTP/2" 200 675 "https://www.iptv-portugal.com/wp-login.php" "Mozilla/5.0 (Windows NT 10.0; Win64; x64) AppleWebKit/537.36 (KHTML, like Gecko) Chrome/149.0.0.0 Safari/537.36"
45.12.221.26 - - [16/Jul/2026:22:12:37 +0000] "GET /wp-admin/css/login.min.css?ver=7.0.1 HTTP/2" 200 2019 "https://www.iptv-portugal.com/wp-login.php" "Mozilla/5.0 (Windows NT 10.0; Win64; x64) AppleWebKit/537.36 (KHTML, like Gecko) Chrome/149.0.0.0 Safari/537.36"
45.12.221.26 - - [16/Jul/2026:22:12:37 +0000] "GET /wp-includes/js/dist/a11y.min.js?ver=af934e5259bc51b8718e HTTP/2" 200 935 "https://www.iptv-portugal.com/wp-login.php" "Mozilla/5.0 (Windows NT 10.0; Win64; x64) AppleWebKit/537.36 (KHTML, like Gecko) Chrome/149.0.0.0 Safari/537.36"
45.12.221.26 - - [16/Jul/2026:22:12:37 +0000] "GET /wp-includes/js/zxcvbn-async.min.js?ver=1.0 HTTP/2" 200 187 "https://www.iptv-portugal.com/wp-login.php" "Mozilla/5.0 (Windows NT 10.0; Win64; x64) AppleWebKit/537.36 (KHTML, like Gecko) Chrome/149.0.0.0 Safari/537.36"
45.12.221.26 - - [16/Jul/2026:22:12:37 +0000] "GET /wp-includes/js/clipboard.min.js?ver=2.0.11 HTTP/2" 200 2989 "https://www.iptv-portugal.com/wp-login.php" "Mozilla/5.0 (Windows NT 10.0; Win64; x64) AppleWebKit/537.36 (KHTML, like Gecko) Chrome/149.0.0.0 Safari/537.36"
45.12.221.26 - - [16/Jul/2026:22:12:37 +0000] "GET /wp-includes/js/dist/dom-ready.min.js?ver=a06281ae5cf5500e9317 HTTP/2" 200 420 "https://www.iptv-portugal.com/wp-login.php" "Mozilla/5.0 (Windows NT 10.0; Win64; x64) AppleWebKit/537.36 (KHTML, like Gecko) Chrome/149.0.0.0 Safari/537.36"
45.12.221.26 - - [16/Jul/2026:22:12:37 +0000] "GET /wp-includes/js/dist/hooks.min.js?ver=7496969728ca0f95732d HTTP/2" 200 1734 "https://www.iptv-portugal.com/wp-login.php" "Mozilla/5.0 (Windows NT 10.0; Win64; x64) AppleWebKit/537.36 (KHTML, like Gecko) Chrome/149.0.0.0 Safari/537.36"
45.12.221.26 - - [16/Jul/2026:22:12:37 +0000] "GET /wp-admin/js/user-profile.min.js?ver=7.0.1 HTTP/2" 200 2889 "https://www.iptv-portugal.com/wp-login.php" "Mozilla/5.0 (Windows NT 10.0; Win64; x64) AppleWebKit/537.36 (KHTML, like Gecko) Chrome/149.0.0.0 Safari/537.36"
45.12.221.26 - - [16/Jul/2026:22:12:37 +0000] "GET /wp-includes/js/underscore.min.js?ver=1.13.8 HTTP/2" 200 7228 "https://www.iptv-portugal.com/wp-login.php" "Mozilla/5.0 (Windows NT 10.0; Win64; x64) AppleWebKit/537.36 (KHTML, like Gecko) Chrome/149.0.0.0 Safari/537.36"
45.12.221.26 - - [16/Jul/2026:22:12:37 +0000] "GET /wp-includes/css/buttons.min.css?ver=7.0.1 HTTP/2" 200 1457 "https://www.iptv-portugal.com/wp-login.php" "Mozilla/5.0 (Windows NT 10.0; Win64; x64) AppleWebKit/537.36 (KHTML, like Gecko) Chrome/149.0.0.0 Safari/537.36"
45.12.221.26 - - [16/Jul/2026:22:12:37 +0000] "GET /wp-includes/css/dist/base-styles/admin-schemes.min.css?ver=7.0.1 HTTP/2" 200 725 "https://www.iptv-portugal.com/wp-login.php" "Mozilla/5.0 (Windows NT 10.0; Win64; x64) AppleWebKit/537.36 (KHTML, like Gecko) Chrome/149.0.0.0 Safari/537.36"
45.12.221.26 - - [16/Jul/2026:22:12:37 +0000] "GET /wp-includes/js/jquery/jquery.min.js?ver=3.7.1 HTTP/2" 200 29744 "https://www.iptv-portugal.com/wp-login.php" "Mozilla/5.0 (Windows NT 10.0; Win64; x64) AppleWebKit/537.36 (KHTML, like Gecko) Chrome/149.0.0.0 Safari/537.36"
45.12.221.26 - - [16/Jul/2026:22:12:37 +0000] "GET /wp-includes/js/dist/i18n.min.js?ver=781d11515ad3d91786ec HTTP/2" 200 2354 "https://www.iptv-portugal.com/wp-login.php" "Mozilla/5.0 (Windows NT 10.0; Win64; x64) AppleWebKit/537.36 (KHTML, like Gecko) Chrome/149.0.0.0 Safari/537.36"
45.12.221.26 - - [16/Jul/2026:22:12:37 +0000] "GET /wp-admin/css/forms.min.css?ver=7.0.1 HTTP/2" 200 6522 "https://www.iptv-portugal.com/wp-login.php" "Mozilla/5.0 (Windows NT 10.0; Win64; x64) AppleWebKit/537.36 (KHTML, like Gecko) Chrome/149.0.0.0 Safari/537.36"
45.12.221.26 - - [16/Jul/2026:22:12:37 +0000] "GET /wp-includes/css/dashicons.min.css?ver=7.0.1 HTTP/2" 200 35101 "https://www.iptv-portugal.com/wp-login.php" "Mozilla/5.0 (Windows NT 10.0; Win64; x64) AppleWebKit/537.36 (KHTML, like Gecko) Chrome/149.0.0.0 Safari/537.36"
45.12.221.26 - - [16/Jul/2026:22:12:37 +0000] "GET /wp-admin/js/password-strength-meter.min.js?ver=7.0.1 HTTP/2" 200 558 "https://www.iptv-portugal.com/wp-login.php" "Mozilla/5.0 (Windows NT 10.0; Win64; x64) AppleWebKit/537.36 (KHTML, like Gecko) Chrome/149.0.0.0 Safari/537.36"
45.12.221.26 - - [16/Jul/2026:22:12:37 +0000] "GET /wp-includes/js/wp-util.min.js?ver=7.0.1 HTTP/2" 200 693 "https://www.iptv-portugal.com/wp-login.php" "Mozilla/5.0 (Windows NT 10.0; Win64; x64) AppleWebKit/537.36 (KHTML, like Gecko) Chrome/149.0.0.0 Safari/537.36"
45.12.221.26 - - [16/Jul/2026:22:12:37 +0000] "GET /wp-admin/images/wordpress-logo-gray.svg?ver=20260303 HTTP/2" 200 759 "https://www.iptv-portugal.com/wp-admin/css/login.min.css?ver=7.0.1" "Mozilla/5.0 (Windows NT 10.0; Win64; x64) AppleWebKit/537.36 (KHTML, like Gecko) Chrome/149.0.0.0 Safari/537.36"
45.12.221.26 - - [16/Jul/2026:22:12:38 +0000] "GET /wp-content/uploads/2026/06/faviconpt-.webp HTTP/2" 200 2916 "https://www.iptv-portugal.com/wp-login.php" "Mozilla/5.0 (Windows NT 10.0; Win64; x64) AppleWebKit/537.36 (KHTML, like Gecko) Chrome/149.0.0.0 Safari/537.36"
45.12.221.26 - - [16/Jul/2026:22:12:38 +0000] "GET /wp-includes/js/zxcvbn.min.js HTTP/2" 200 389493 "https://www.iptv-portugal.com/wp-login.php" "Mozilla/5.0 (Windows NT 10.0; Win64; x64) AppleWebKit/537.36 (KHTML, like Gecko) Chrome/149.0.0.0 Safari/537.36"
45.12.221.26 - - [16/Jul/2026:22:12:35 +0000] "GET /wp-login.php HTTP/2" 200 1841 "https://www.iptv-portugal.com/" "Mozilla/5.0 (Windows NT 10.0; Win64; x64) AppleWebKit/537.36 (KHTML, like Gecko) Chrome/149.0.0.0 Safari/537.36"
45.12.221.26 - - [16/Jul/2026:22:12:41 +0000] "POST /wp-login.php HTTP/2" 200 1926 "https://www.iptv-portugal.com/wp-login.php" "Mozilla/5.0 (Windows NT 10.0; Win64; x64) AppleWebKit/537.36 (KHTML, like Gecko) Chrome/149.0.0.0 Safari/537.36"
45.12.221.26 - - [16/Jul/2026:22:12:49 +0000] "POST /xmlrpc.php HTTP/2" 403 1242 "https://www.iptv-portugal.com/" "Mozilla/5.0 (Windows NT 10.0; Win64; x64) AppleWebKit/537.36 (KHTML, like Gecko) Chrome/122.0.0.0 Safari/537.36"
45.12.221.26 - - [16/Jul/2026:22:12:44 +0000] "POST /wp-login.php HTTP/2" 200 1926 "https://www.iptv-portugal.com/wp-login.php" "Mozilla/5.0 (Windows NT 10.0; Win64; x64) AppleWebKit/537.36 (KHTML, like Gecko) Chrome/149.0.0.0 Safari/537.36"
45.12.221.26 - - [16/Jul/2026:22:12:53 +0000] "POST /xmlrpc.php HTTP/2" 403 1242 "https://www.iptv-portugal.com/" "Mozilla/5.0 (Windows NT 10.0; Win64; x64) AppleWebKit/537.36 (KHTML, like Gecko) Chrome/122.0.0.0 Safari/537.36"
65.181.116.207 - - [16/Jul/2026:22:18:18 +0000] "POST /wp-cron.php?doing_wp_cron=1784240298.5777530670166015625000 HTTP/2" 200 0 "-" "WordPress/7.0.1; https://www.iptv-portugal.com"
2a03:2880:f812:70:: - - [16/Jul/2026:22:18:13 +0000] "GET /news-sitemap.xml HTTP/2" 301 0 "-" "Mozilla/5.0 (Macintosh; Intel Mac OS X 10_15_7) AppleWebKit/537.36 (KHTML, like Gecko) Chrome/145.0.0.0 Safari/537.36 (compatible; meta-webindexer/1.1 (+https://developers.facebook.com/docs/sharing/webmasters/crawler))"
49.51.204.74 - - [16/Jul/2026:22:18:32 +0000] "GET /wp-content/uploads/2026/06/1-2.webp HTTP/2" 200 13680 "-" "Mozilla/5.0 (iPhone; CPU iPhone OS 13_2_3 like Mac OS X) AppleWebKit/605.1.15 (KHTML, like Gecko) Version/13.0.3 Mobile/15E148 Safari/604.1"
65.181.116.207 - - [16/Jul/2026:22:27:12 +0000] "POST /wp-cron.php?doing_wp_cron=1784240831.8944048881530761718750 HTTP/2" 200 0 "-" "WordPress/7.0.1; https://www.iptv-portugal.com"
43.134.15.174 - - [16/Jul/2026:22:27:06 +0000] "GET /search/feed/rss2/ HTTP/2" 200 21585 "-" "Mozilla/5.0 (iPhone; CPU iPhone OS 13_2_3 like Mac OS X) AppleWebKit/605.1.15 (KHTML, like Gecko) Version/13.0.3 Mobile/15E148 Safari/604.1"
65.181.116.207 - - [16/Jul/2026:22:35:12 +0000] "POST /wp-cron.php?doing_wp_cron=1784241312.7042338848114013671875 HTTP/2" 200 0 "-" "WordPress/7.0.1; https://www.iptv-portugal.com"
44.217.24.16 - - [16/Jul/2026:22:35:03 +0000] "GET /robots.txt HTTP/2" 200 97 "-" "Mozilla/5.0 (Macintosh; Intel Mac OS X 10_10_1) AppleWebKit/600.2.5 (KHTML, like Gecko) Version/8.0.2 Safari/600.2.5 (Gort)"
49.51.50.147 - - [16/Jul/2026:22:39:41 +0000] "GET / HTTP/2" 200 37363 "http://iptv-portugal.com" "Mozilla/5.0 (iPhone; CPU iPhone OS 13_2_3 like Mac OS X) AppleWebKit/605.1.15 (KHTML, like Gecko) Version/13.0.3 Mobile/15E148 Safari/604.1"
65.181.116.207 - - [16/Jul/2026:22:40:57 +0000] "POST /wp-cron.php?doing_wp_cron=1784241657.6215870380401611328125 HTTP/2" 200 0 "-" "WordPress/7.0.1; https://www.iptv-portugal.com"
43.135.144.81 - - [16/Jul/2026:22:40:52 +0000] "GET /wp-json/joinchat/v1/track-click HTTP/2" 404 105 "-" "Mozilla/5.0 (iPhone; CPU iPhone OS 13_2_3 like Mac OS X) AppleWebKit/605.1.15 (KHTML, like Gecko) Version/13.0.3 Mobile/15E148 Safari/604.1"
65.181.116.207 - - [16/Jul/2026:22:50:35 +0000] "POST /wp-cron.php?doing_wp_cron=1784242235.0927019119262695312500 HTTP/2" 200 0 "-" "WordPress/7.0.1; https://www.iptv-portugal.com"
43.153.86.78 - - [16/Jul/2026:22:50:28 +0000] "GET /nn_Sent HTTP/2" 404 16481 "-" "Mozilla/5.0 (iPhone; CPU iPhone OS 13_2_3 like Mac OS X) AppleWebKit/605.1.15 (KHTML, like Gecko) Version/13.0.3 Mobile/15E148 Safari/604.1"
173.239.224.37 - - [16/Jul/2026:22:50:46 +0000] "POST /wp-login.php HTTP/2" 200 1924 "-" "Mozilla/5.0 (Windows NT 10.0; Win64; rv:143.0) Gecko/20100101 Firefox/143.0"
65.181.116.207 - - [16/Jul/2026:22:58:33 +0000] "POST /wp-cron.php?doing_wp_cron=1784242713.3159439563751220703125 HTTP/2" 200 0 "-" "WordPress/7.0.1; https://www.iptv-portugal.com"
49.51.166.228 - - [16/Jul/2026:22:58:28 +0000] "GET /wp-json/oembed/1.0/embed?url=https%3A%2F%2Fwww.iptv-portugal.com%2F2026%2F03%2F24%2Fhello-world%2F&format=xml HTTP/2" 200 1063 "-" "Mozilla/5.0 (iPhone; CPU iPhone OS 13_2_3 like Mac OS X) AppleWebKit/605.1.15 (KHTML, like Gecko) Version/13.0.3 Mobile/15E148 Safari/604.1"
65.181.116.207 - - [16/Jul/2026:23:00:01 +0000] "POST /wp-cron.php?doing_wp_cron=1784242801.3233060836791992187500 HTTP/2" 200 0 "-" "WordPress/7.0.1; https://www.iptv-portugal.com"
216.73.217.87 - - [16/Jul/2026:22:59:57 +0000] "GET /robots.txt HTTP/2" 200 97 "-" "Mozilla/5.0 AppleWebKit/537.36 (KHTML, like Gecko; compatible; Claude-SearchBot/1.0; [email protected])"
216.73.217.87 - - [16/Jul/2026:23:00:01 +0000] "GET /sitemaps.xml HTTP/2" 200 242 "-" "Mozilla/5.0 AppleWebKit/537.36 (KHTML, like Gecko; compatible; Claude-SearchBot/1.0; [email protected])"
65.181.116.207 - - [16/Jul/2026:23:07:22 +0000] "POST /wp-cron.php?doing_wp_cron=1784243241.9945960044860839843750 HTTP/2" 200 0 "-" "WordPress/7.0.1; https://www.iptv-portugal.com"
216.73.217.87 - - [16/Jul/2026:23:07:17 +0000] "GET /robots.txt HTTP/2" 301 0 "-" "Mozilla/5.0 AppleWebKit/537.36 (KHTML, like Gecko; compatible; Claude-SearchBot/1.0; [email protected])"
216.73.217.87 - - [16/Jul/2026:23:07:22 +0000] "GET /sitemap.xml HTTP/2" 301 0 "-" "Mozilla/5.0 AppleWebKit/537.36 (KHTML, like Gecko; compatible; Claude-SearchBot/1.0; [email protected])"
216.73.217.87 - - [16/Jul/2026:23:07:26 +0000] "GET /sitemaps.xml HTTP/2" 200 242 "https://iptv-portugal.com/sitemap.xml" "Mozilla/5.0 AppleWebKit/537.36 (KHTML, like Gecko; compatible; Claude-SearchBot/1.0; [email protected])"
65.181.116.207 - - [16/Jul/2026:23:09:31 +0000] "POST /wp-cron.php?doing_wp_cron=1784243370.9600648880004882812500 HTTP/2" 200 0 "-" "WordPress/7.0.1; https://www.iptv-portugal.com"
49.51.253.83 - - [16/Jul/2026:23:09:24 +0000] "GET /2026/03/24/hello-world/nn_Sent HTTP/2" 404 16496 "-" "Mozilla/5.0 (iPhone; CPU iPhone OS 13_2_3 like Mac OS X) AppleWebKit/605.1.15 (KHTML, like Gecko) Version/13.0.3 Mobile/15E148 Safari/604.1"
185.93.89.147 - - [16/Jul/2026:23:14:27 +0000] "GET /.git/config HTTP/2" 403 1242 "-" "Mozilla/5.0 (compatible; GitFinder/1.0)"
34.122.16.212 - - [16/Jul/2026:23:17:12 +0000] "GET / HTTP/2" 200 37362 "-" "Mozilla/5.0 (Macintosh; Intel Mac OS X 10_15_7) AppleWebKit/537.36 (KHTML, like Gecko) Chrome/146.0.0.0 Safari/537.36"
34.122.16.212 - - [16/Jul/2026:23:17:14 +0000] "POST / HTTP/2" 200 37362 "https://www.iptv-portugal.com/" "Mozilla/5.0 (Windows NT 10.0; Win64; x64) AppleWebKit/537.36 (KHTML, like Gecko) Chrome/145.0.0.0 Safari/537.36"
65.181.116.207 - - [16/Jul/2026:23:17:20 +0000] "POST /wp-cron.php?doing_wp_cron=1784243840.0438640117645263671875 HTTP/2" 200 0 "-" "WordPress/7.0.1; https://www.iptv-portugal.com"
34.122.16.212 - - [16/Jul/2026:23:17:16 +0000] "POST / HTTP/2" 200 37362 "https://www.iptv-portugal.com/" "Mozilla/5.0 (Macintosh; Intel Mac OS X 10_15_7) AppleWebKit/537.36 (KHTML, like Gecko) Chrome/146.0.0.0 Safari/537.36"
65.181.116.207 - - [16/Jul/2026:23:17:20 +0000] "POST /wp-cron.php?doing_wp_cron=1784243839.9894819259643554687500 HTTP/2" 200 0 "-" "WordPress/7.0.1; https://www.iptv-portugal.com"
43.133.66.51 - - [16/Jul/2026:23:18:27 +0000] "GET /wp-content/uploads/2026/06/premier-lg-white-mode1-1.webp HTTP/2" 200 4312 "-" "Mozilla/5.0 (iPhone; CPU iPhone OS 13_2_3 like Mac OS X) AppleWebKit/605.1.15 (KHTML, like Gecko) Version/13.0.3 Mobile/15E148 Safari/604.1"
65.181.116.207 - - [16/Jul/2026:23:27:39 +0000] "POST /wp-cron.php?doing_wp_cron=1784244459.5522069931030273437500 HTTP/2" 200 0 "-" "WordPress/7.0.1; https://www.iptv-portugal.com"
120.48.93.232 - - [16/Jul/2026:23:27:35 +0000] "GET /feed/ HTTP/2" 200 850 "-" "FeedBot/1.0"
43.163.112.239 - - [16/Jul/2026:23:29:44 +0000] "GET /wp-content/uploads/2026/06/eshghghjh.webp HTTP/2" 200 23414 "-" "Mozilla/5.0 (iPhone; CPU iPhone OS 13_2_3 like Mac OS X) AppleWebKit/605.1.15 (KHTML, like Gecko) Version/13.0.3 Mobile/15E148 Safari/604.1"
