37.114.182.128 - - [16/Jul/2026:15:05:47 +0000] "GET /wp-content/uploads/2026/06/1-2.webp HTTP/2" 200 13680 "https://www.iptv-portugal.com/" "Mozilla/5.0 (Macintosh; Intel Mac OS X 10_15_7) AppleWebKit/537.36 (KHTML, like Gecko) Chrome/137.0.0.0 Safari/537.36"
37.114.182.128 - - [16/Jul/2026:15:05:48 +0000] "GET /wp-content/uploads/2026/06/2-2.webp HTTP/2" 200 8998 "https://www.iptv-portugal.com/" "Mozilla/5.0 (Macintosh; Intel Mac OS X 10_15_7) AppleWebKit/537.36 (KHTML, like Gecko) Chrome/137.0.0.0 Safari/537.36"
37.114.182.128 - - [16/Jul/2026:15:05:48 +0000] "GET /wp-content/uploads/2026/06/3-2.webp HTTP/2" 200 7024 "https://www.iptv-portugal.com/" "Mozilla/5.0 (Macintosh; Intel Mac OS X 10_15_7) AppleWebKit/537.36 (KHTML, like Gecko) Chrome/137.0.0.0 Safari/537.36"
37.114.182.128 - - [16/Jul/2026:15:05:48 +0000] "GET /wp-content/uploads/2026/06/4-2.webp HTTP/2" 200 5920 "https://www.iptv-portugal.com/" "Mozilla/5.0 (Macintosh; Intel Mac OS X 10_15_7) AppleWebKit/537.36 (KHTML, like Gecko) Chrome/137.0.0.0 Safari/537.36"
37.114.182.128 - - [16/Jul/2026:15:05:48 +0000] "GET /wp-content/uploads/2026/06/7-2.webp HTTP/2" 200 8782 "https://www.iptv-portugal.com/" "Mozilla/5.0 (Macintosh; Intel Mac OS X 10_15_7) AppleWebKit/537.36 (KHTML, like Gecko) Chrome/137.0.0.0 Safari/537.36"
37.114.182.128 - - [16/Jul/2026:15:05:48 +0000] "GET /wp-content/uploads/2026/06/8-2.webp HTTP/2" 200 19208 "https://www.iptv-portugal.com/" "Mozilla/5.0 (Macintosh; Intel Mac OS X 10_15_7) AppleWebKit/537.36 (KHTML, like Gecko) Chrome/137.0.0.0 Safari/537.36"
37.114.182.128 - - [16/Jul/2026:15:05:48 +0000] "GET /wp-content/uploads/2026/06/9-2.webp HTTP/2" 200 8366 "https://www.iptv-portugal.com/" "Mozilla/5.0 (Macintosh; Intel Mac OS X 10_15_7) AppleWebKit/537.36 (KHTML, like Gecko) Chrome/137.0.0.0 Safari/537.36"
37.114.182.128 - - [16/Jul/2026:15:05:48 +0000] "GET /wp-content/uploads/2026/03/AMC1-1.webp HTTP/2" 200 3582 "https://www.iptv-portugal.com/" "Mozilla/5.0 (Macintosh; Intel Mac OS X 10_15_7) AppleWebKit/537.36 (KHTML, like Gecko) Chrome/137.0.0.0 Safari/537.36"
37.114.182.128 - - [16/Jul/2026:15:05:48 +0000] "GET /wp-content/uploads/2026/03/AXN1-1.webp HTTP/2" 200 4268 "https://www.iptv-portugal.com/" "Mozilla/5.0 (Macintosh; Intel Mac OS X 10_15_7) AppleWebKit/537.36 (KHTML, like Gecko) Chrome/137.0.0.0 Safari/537.36"
37.114.182.128 - - [16/Jul/2026:15:05:48 +0000] "GET /wp-content/uploads/2026/03/cnbc1-1.webp HTTP/2" 200 8388 "https://www.iptv-portugal.com/" "Mozilla/5.0 (Macintosh; Intel Mac OS X 10_15_7) AppleWebKit/537.36 (KHTML, like Gecko) Chrome/137.0.0.0 Safari/537.36"
37.114.182.128 - - [16/Jul/2026:15:05:48 +0000] "GET /wp-content/uploads/2026/03/CNN1-1.webp HTTP/2" 200 10052 "https://www.iptv-portugal.com/" "Mozilla/5.0 (Macintosh; Intel Mac OS X 10_15_7) AppleWebKit/537.36 (KHTML, like Gecko) Chrome/137.0.0.0 Safari/537.36"
37.114.182.128 - - [16/Jul/2026:15:05:48 +0000] "GET /wp-content/uploads/2026/03/dfd757573-1.webp HTTP/2" 200 9068 "https://www.iptv-portugal.com/" "Mozilla/5.0 (Macintosh; Intel Mac OS X 10_15_7) AppleWebKit/537.36 (KHTML, like Gecko) Chrome/137.0.0.0 Safari/537.36"
37.114.182.128 - - [16/Jul/2026:15:05:48 +0000] "GET /wp-content/uploads/2026/03/elesport1-1.webp HTTP/2" 200 7006 "https://www.iptv-portugal.com/" "Mozilla/5.0 (Macintosh; Intel Mac OS X 10_15_7) AppleWebKit/537.36 (KHTML, like Gecko) Chrome/137.0.0.0 Safari/537.36"
37.114.182.128 - - [16/Jul/2026:15:05:49 +0000] "GET /wp-content/uploads/2026/03/eur-spot1-Copy.webp HTTP/2" 200 7142 "https://www.iptv-portugal.com/" "Mozilla/5.0 (Macintosh; Intel Mac OS X 10_15_7) AppleWebKit/537.36 (KHTML, like Gecko) Chrome/137.0.0.0 Safari/537.36"
37.114.182.128 - - [16/Jul/2026:15:05:49 +0000] "GET /wp-content/uploads/2026/03/FOX1-1.webp HTTP/2" 200 6096 "https://www.iptv-portugal.com/" "Mozilla/5.0 (Macintosh; Intel Mac OS X 10_15_7) AppleWebKit/537.36 (KHTML, like Gecko) Chrome/137.0.0.0 Safari/537.36"
37.114.182.128 - - [16/Jul/2026:15:05:49 +0000] "GET /wp-content/uploads/2026/03/history1-1.webp HTTP/2" 200 5934 "https://www.iptv-portugal.com/" "Mozilla/5.0 (Macintosh; Intel Mac OS X 10_15_7) AppleWebKit/537.36 (KHTML, like Gecko) Chrome/137.0.0.0 Safari/537.36"
37.114.182.128 - - [16/Jul/2026:15:05:49 +0000] "GET /wp-content/uploads/2026/03/hollywd1-1.webp HTTP/2" 200 10950 "https://www.iptv-portugal.com/" "Mozilla/5.0 (Macintosh; Intel Mac OS X 10_15_7) AppleWebKit/537.36 (KHTML, like Gecko) Chrome/137.0.0.0 Safari/537.36"
37.114.182.128 - - [16/Jul/2026:15:05:49 +0000] "GET /wp-content/uploads/2026/03/MTV1-1.webp HTTP/2" 200 3962 "https://www.iptv-portugal.com/" "Mozilla/5.0 (Macintosh; Intel Mac OS X 10_15_7) AppleWebKit/537.36 (KHTML, like Gecko) Chrome/137.0.0.0 Safari/537.36"
37.114.182.128 - - [16/Jul/2026:15:05:49 +0000] "GET /wp-content/uploads/2026/03/nba41-1.webp HTTP/2" 200 6906 "https://www.iptv-portugal.com/" "Mozilla/5.0 (Macintosh; Intel Mac OS X 10_15_7) AppleWebKit/537.36 (KHTML, like Gecko) Chrome/137.0.0.0 Safari/537.36"
37.114.182.128 - - [16/Jul/2026:15:05:49 +0000] "GET /wp-content/uploads/2026/03/RTP1-1.webp HTTP/2" 200 4320 "https://www.iptv-portugal.com/" "Mozilla/5.0 (Macintosh; Intel Mac OS X 10_15_7) AppleWebKit/537.36 (KHTML, like Gecko) Chrome/137.0.0.0 Safari/537.36"
37.114.182.128 - - [16/Jul/2026:15:05:49 +0000] "GET /wp-content/uploads/2026/03/SIC1-1.webp HTTP/2" 200 21598 "https://www.iptv-portugal.com/" "Mozilla/5.0 (Macintosh; Intel Mac OS X 10_15_7) AppleWebKit/537.36 (KHTML, like Gecko) Chrome/137.0.0.0 Safari/537.36"
37.114.182.128 - - [16/Jul/2026:15:05:49 +0000] "GET /wp-content/uploads/2026/03/SKY1-1.webp HTTP/2" 200 6088 "https://www.iptv-portugal.com/" "Mozilla/5.0 (Macintosh; Intel Mac OS X 10_15_7) AppleWebKit/537.36 (KHTML, like Gecko) Chrome/137.0.0.0 Safari/537.36"
37.114.182.128 - - [16/Jul/2026:15:05:49 +0000] "GET /wp-content/uploads/2026/03/sporttv1-1.webp HTTP/2" 200 3950 "https://www.iptv-portugal.com/" "Mozilla/5.0 (Macintosh; Intel Mac OS X 10_15_7) AppleWebKit/537.36 (KHTML, like Gecko) Chrome/137.0.0.0 Safari/537.36"
37.114.182.128 - - [16/Jul/2026:15:05:49 +0000] "GET /wp-content/uploads/2026/03/tvcine1-1.webp HTTP/2" 200 7380 "https://www.iptv-portugal.com/" "Mozilla/5.0 (Macintosh; Intel Mac OS X 10_15_7) AppleWebKit/537.36 (KHTML, like Gecko) Chrome/137.0.0.0 Safari/537.36"
37.114.182.128 - - [16/Jul/2026:15:05:49 +0000] "GET /wp-content/uploads/2026/03/TVI1-1.webp HTTP/2" 200 4600 "https://www.iptv-portugal.com/" "Mozilla/5.0 (Macintosh; Intel Mac OS X 10_15_7) AppleWebKit/537.36 (KHTML, like Gecko) Chrome/137.0.0.0 Safari/537.36"
37.114.182.128 - - [16/Jul/2026:15:05:50 +0000] "GET /wp-content/uploads/2026/03/Untitled-1-1.webp HTTP/2" 200 8664 "https://www.iptv-portugal.com/" "Mozilla/5.0 (Macintosh; Intel Mac OS X 10_15_7) AppleWebKit/537.36 (KHTML, like Gecko) Chrome/137.0.0.0 Safari/537.36"
37.114.182.128 - - [16/Jul/2026:15:05:50 +0000] "GET /wp-content/uploads/2026/06/premier-lg-white-mode1-1.webp HTTP/2" 200 4312 "https://www.iptv-portugal.com/" "Mozilla/5.0 (Macintosh; Intel Mac OS X 10_15_7) AppleWebKit/537.36 (KHTML, like Gecko) Chrome/137.0.0.0 Safari/537.36"
37.114.182.128 - - [16/Jul/2026:15:05:50 +0000] "GET /wp-content/uploads/2026/06/laliga-whitemodelg1-copy-1.webp HTTP/2" 200 4492 "https://www.iptv-portugal.com/" "Mozilla/5.0 (Macintosh; Intel Mac OS X 10_15_7) AppleWebKit/537.36 (KHTML, like Gecko) Chrome/137.0.0.0 Safari/537.36"
37.114.182.128 - - [16/Jul/2026:15:05:50 +0000] "GET /wp-content/uploads/2026/06/seriea-white-modelg1-copy-1.webp HTTP/2" 200 4964 "https://www.iptv-portugal.com/" "Mozilla/5.0 (Macintosh; Intel Mac OS X 10_15_7) AppleWebKit/537.36 (KHTML, like Gecko) Chrome/137.0.0.0 Safari/537.36"
37.114.182.128 - - [16/Jul/2026:15:05:50 +0000] "GET /wp-content/uploads/2026/06/ligue1.whitemodepng-1.webp HTTP/2" 200 3552 "https://www.iptv-portugal.com/" "Mozilla/5.0 (Macintosh; Intel Mac OS X 10_15_7) AppleWebKit/537.36 (KHTML, like Gecko) Chrome/137.0.0.0 Safari/537.36"
37.114.182.128 - - [16/Jul/2026:15:05:50 +0000] "GET /wp-content/uploads/2026/06/CL-WHITE-MODE-1.webp HTTP/2" 200 5122 "https://www.iptv-portugal.com/" "Mozilla/5.0 (Macintosh; Intel Mac OS X 10_15_7) AppleWebKit/537.36 (KHTML, like Gecko) Chrome/137.0.0.0 Safari/537.36"
37.114.182.128 - - [16/Jul/2026:15:05:50 +0000] "GET /wp-content/uploads/2026/06/eyrplgwhitemode1-1.webp HTTP/2" 200 4628 "https://www.iptv-portugal.com/" "Mozilla/5.0 (Macintosh; Intel Mac OS X 10_15_7) AppleWebKit/537.36 (KHTML, like Gecko) Chrome/137.0.0.0 Safari/537.36"
37.114.182.128 - - [16/Jul/2026:15:05:50 +0000] "GET /wp-content/uploads/2026/06/conference-lg-white-mode-1.webp HTTP/2" 200 6906 "https://www.iptv-portugal.com/" "Mozilla/5.0 (Macintosh; Intel Mac OS X 10_15_7) AppleWebKit/537.36 (KHTML, like Gecko) Chrome/137.0.0.0 Safari/537.36"
37.114.182.128 - - [16/Jul/2026:15:05:50 +0000] "GET /wp-content/uploads/2026/03/liga-portugal1-1.webp HTTP/2" 200 3082 "https://www.iptv-portugal.com/" "Mozilla/5.0 (Macintosh; Intel Mac OS X 10_15_7) AppleWebKit/537.36 (KHTML, like Gecko) Chrome/137.0.0.0 Safari/537.36"
37.114.182.128 - - [16/Jul/2026:15:05:50 +0000] "GET /wp-content/uploads/2026/03/pt-liga21-1.webp HTTP/2" 200 10910 "https://www.iptv-portugal.com/" "Mozilla/5.0 (Macintosh; Intel Mac OS X 10_15_7) AppleWebKit/537.36 (KHTML, like Gecko) Chrome/137.0.0.0 Safari/537.36"
37.114.182.128 - - [16/Jul/2026:15:05:50 +0000] "GET /wp-content/uploads/2026/03/ddtacaa1-1.webp HTTP/2" 200 8826 "https://www.iptv-portugal.com/" "Mozilla/5.0 (Macintosh; Intel Mac OS X 10_15_7) AppleWebKit/537.36 (KHTML, like Gecko) Chrome/137.0.0.0 Safari/537.36"
37.114.182.128 - - [16/Jul/2026:15:05:50 +0000] "GET /wp-content/uploads/2026/06/16_2.webp HTTP/2" 200 10288 "https://www.iptv-portugal.com/" "Mozilla/5.0 (Macintosh; Intel Mac OS X 10_15_7) AppleWebKit/537.36 (KHTML, like Gecko) Chrome/137.0.0.0 Safari/537.36"
37.114.182.128 - - [16/Jul/2026:15:05:50 +0000] "GET /wp-content/uploads/2026/06/14.webp HTTP/2" 200 3934 "https://www.iptv-portugal.com/" "Mozilla/5.0 (Macintosh; Intel Mac OS X 10_15_7) AppleWebKit/537.36 (KHTML, like Gecko) Chrome/137.0.0.0 Safari/537.36"
37.114.182.128 - - [16/Jul/2026:15:05:51 +0000] "GET /wp-content/uploads/2026/06/ESL2-1.webp HTTP/2" 200 14238 "https://www.iptv-portugal.com/" "Mozilla/5.0 (Macintosh; Intel Mac OS X 10_15_7) AppleWebKit/537.36 (KHTML, like Gecko) Chrome/137.0.0.0 Safari/537.36"
37.114.182.128 - - [16/Jul/2026:15:05:51 +0000] "GET /wp-content/uploads/2026/06/12_2.webp HTTP/2" 200 8412 "https://www.iptv-portugal.com/" "Mozilla/5.0 (Macintosh; Intel Mac OS X 10_15_7) AppleWebKit/537.36 (KHTML, like Gecko) Chrome/137.0.0.0 Safari/537.36"
37.114.182.128 - - [16/Jul/2026:15:05:51 +0000] "GET /wp-content/uploads/2026/06/10.webp HTTP/2" 200 7146 "https://www.iptv-portugal.com/" "Mozilla/5.0 (Macintosh; Intel Mac OS X 10_15_7) AppleWebKit/537.36 (KHTML, like Gecko) Chrome/137.0.0.0 Safari/537.36"
37.114.182.128 - - [16/Jul/2026:15:05:51 +0000] "GET /wp-content/uploads/2026/06/9.webp HTTP/2" 200 3494 "https://www.iptv-portugal.com/" "Mozilla/5.0 (Macintosh; Intel Mac OS X 10_15_7) AppleWebKit/537.36 (KHTML, like Gecko) Chrome/137.0.0.0 Safari/537.36"
37.114.182.128 - - [16/Jul/2026:15:05:51 +0000] "GET /wp-content/uploads/2026/06/8.webp HTTP/2" 200 16378 "https://www.iptv-portugal.com/" "Mozilla/5.0 (Macintosh; Intel Mac OS X 10_15_7) AppleWebKit/537.36 (KHTML, like Gecko) Chrome/137.0.0.0 Safari/537.36"
37.114.182.128 - - [16/Jul/2026:15:05:51 +0000] "GET /wp-content/uploads/2026/06/7.webp HTTP/2" 200 9392 "https://www.iptv-portugal.com/" "Mozilla/5.0 (Macintosh; Intel Mac OS X 10_15_7) AppleWebKit/537.36 (KHTML, like Gecko) Chrome/137.0.0.0 Safari/537.36"
37.114.182.128 - - [16/Jul/2026:15:05:51 +0000] "GET /wp-content/uploads/2026/06/3-prblm1.webp HTTP/2" 200 25572 "https://www.iptv-portugal.com/" "Mozilla/5.0 (Macintosh; Intel Mac OS X 10_15_7) AppleWebKit/537.36 (KHTML, like Gecko) Chrome/137.0.0.0 Safari/537.36"
37.114.182.128 - - [16/Jul/2026:15:05:51 +0000] "GET /wp-content/uploads/2026/06/twd1.webp HTTP/2" 200 13980 "https://www.iptv-portugal.com/" "Mozilla/5.0 (Macintosh; Intel Mac OS X 10_15_7) AppleWebKit/537.36 (KHTML, like Gecko) Chrome/137.0.0.0 Safari/537.36"
37.114.182.128 - - [16/Jul/2026:15:05:51 +0000] "GET /wp-content/uploads/2026/06/rebel1.webp HTTP/2" 200 21220 "https://www.iptv-portugal.com/" "Mozilla/5.0 (Macintosh; Intel Mac OS X 10_15_7) AppleWebKit/537.36 (KHTML, like Gecko) Chrome/137.0.0.0 Safari/537.36"
37.114.182.128 - - [16/Jul/2026:15:05:51 +0000] "GET /wp-content/uploads/2026/06/paray1.webp HTTP/2" 200 21424 "https://www.iptv-portugal.com/" "Mozilla/5.0 (Macintosh; Intel Mac OS X 10_15_7) AppleWebKit/537.36 (KHTML, like Gecko) Chrome/137.0.0.0 Safari/537.36"
37.114.182.128 - - [16/Jul/2026:15:05:51 +0000] "GET /wp-content/uploads/2026/06/sfsze1-1.webp HTTP/2" 200 18030 "https://www.iptv-portugal.com/" "Mozilla/5.0 (Macintosh; Intel Mac OS X 10_15_7) AppleWebKit/537.36 (KHTML, like Gecko) Chrome/137.0.0.0 Safari/537.36"
37.114.182.128 - - [16/Jul/2026:15:05:51 +0000] "GET /wp-content/uploads/2026/06/horr1.webp HTTP/2" 200 6382 "https://www.iptv-portugal.com/" "Mozilla/5.0 (Macintosh; Intel Mac OS X 10_15_7) AppleWebKit/537.36 (KHTML, like Gecko) Chrome/137.0.0.0 Safari/537.36"
37.114.182.128 - - [16/Jul/2026:15:05:52 +0000] "GET /wp-content/uploads/2026/06/from1-1.webp HTTP/2" 200 8818 "https://www.iptv-portugal.com/" "Mozilla/5.0 (Macintosh; Intel Mac OS X 10_15_7) AppleWebKit/537.36 (KHTML, like Gecko) Chrome/137.0.0.0 Safari/537.36"
37.114.182.128 - - [16/Jul/2026:15:05:52 +0000] "GET /wp-content/uploads/2026/06/drag1-1.webp HTTP/2" 200 24958 "https://www.iptv-portugal.com/" "Mozilla/5.0 (Macintosh; Intel Mac OS X 10_15_7) AppleWebKit/537.36 (KHTML, like Gecko) Chrome/137.0.0.0 Safari/537.36"
37.114.182.128 - - [16/Jul/2026:15:05:52 +0000] "GET /wp-content/uploads/2026/06/queen1-1.webp HTTP/2" 200 21346 "https://www.iptv-portugal.com/" "Mozilla/5.0 (Macintosh; Intel Mac OS X 10_15_7) AppleWebKit/537.36 (KHTML, like Gecko) Chrome/137.0.0.0 Safari/537.36"
37.114.182.128 - - [16/Jul/2026:15:05:52 +0000] "GET /wp-content/uploads/2026/06/jnwick1-1.webp HTTP/2" 200 17994 "https://www.iptv-portugal.com/" "Mozilla/5.0 (Macintosh; Intel Mac OS X 10_15_7) AppleWebKit/537.36 (KHTML, like Gecko) Chrome/137.0.0.0 Safari/537.36"
37.114.182.128 - - [16/Jul/2026:15:05:52 +0000] "GET /wp-content/uploads/2026/06/sdsqssds2.webp HTTP/2" 200 36782 "https://www.iptv-portugal.com/" "Mozilla/5.0 (Macintosh; Intel Mac OS X 10_15_7) AppleWebKit/537.36 (KHTML, like Gecko) Chrome/137.0.0.0 Safari/537.36"
37.114.182.128 - - [16/Jul/2026:15:05:52 +0000] "GET /wp-content/uploads/2026/06/11.webp HTTP/2" 200 53152 "https://www.iptv-portugal.com/" "Mozilla/5.0 (Macintosh; Intel Mac OS X 10_15_7) AppleWebKit/537.36 (KHTML, like Gecko) Chrome/137.0.0.0 Safari/537.36"
37.114.182.128 - - [16/Jul/2026:15:05:52 +0000] "GET /wp-content/uploads/2026/06/sdsdzeeds.webp HTTP/2" 200 19802 "https://www.iptv-portugal.com/" "Mozilla/5.0 (Macintosh; Intel Mac OS X 10_15_7) AppleWebKit/537.36 (KHTML, like Gecko) Chrome/137.0.0.0 Safari/537.36"
37.114.182.128 - - [16/Jul/2026:15:05:52 +0000] "GET /wp-content/uploads/2026/06/10_2.webp HTTP/2" 200 75960 "https://www.iptv-portugal.com/" "Mozilla/5.0 (Macintosh; Intel Mac OS X 10_15_7) AppleWebKit/537.36 (KHTML, like Gecko) Chrome/137.0.0.0 Safari/537.36"
37.114.182.128 - - [16/Jul/2026:15:05:52 +0000] "GET /wp-content/uploads/2026/06/ssdzdxs.webp HTTP/2" 200 31076 "https://www.iptv-portugal.com/" "Mozilla/5.0 (Macintosh; Intel Mac OS X 10_15_7) AppleWebKit/537.36 (KHTML, like Gecko) Chrome/137.0.0.0 Safari/537.36"
37.114.182.128 - - [16/Jul/2026:15:05:52 +0000] "GET /wp-content/uploads/2026/06/6_2.webp HTTP/2" 200 75758 "https://www.iptv-portugal.com/" "Mozilla/5.0 (Macintosh; Intel Mac OS X 10_15_7) AppleWebKit/537.36 (KHTML, like Gecko) Chrome/137.0.0.0 Safari/537.36"
37.114.182.128 - - [16/Jul/2026:15:05:53 +0000] "GET /wp-content/uploads/2026/06/9_2.webp HTTP/2" 200 88538 "https://www.iptv-portugal.com/" "Mozilla/5.0 (Macintosh; Intel Mac OS X 10_15_7) AppleWebKit/537.36 (KHTML, like Gecko) Chrome/137.0.0.0 Safari/537.36"
37.114.182.128 - - [16/Jul/2026:15:05:52 +0000] "GET /wp-content/uploads/2026/06/2.webp HTTP/2" 200 65972 "https://www.iptv-portugal.com/" "Mozilla/5.0 (Macintosh; Intel Mac OS X 10_15_7) AppleWebKit/537.36 (KHTML, like Gecko) Chrome/137.0.0.0 Safari/537.36"
37.114.182.128 - - [16/Jul/2026:15:05:53 +0000] "GET /wp-content/uploads/2026/06/7_2.webp HTTP/2" 200 54320 "https://www.iptv-portugal.com/" "Mozilla/5.0 (Macintosh; Intel Mac OS X 10_15_7) AppleWebKit/537.36 (KHTML, like Gecko) Chrome/137.0.0.0 Safari/537.36"
37.114.182.128 - - [16/Jul/2026:15:05:53 +0000] "GET /wp-content/uploads/2026/06/4_2.webp HTTP/2" 200 45496 "https://www.iptv-portugal.com/" "Mozilla/5.0 (Macintosh; Intel Mac OS X 10_15_7) AppleWebKit/537.36 (KHTML, like Gecko) Chrome/137.0.0.0 Safari/537.36"
37.114.182.128 - - [16/Jul/2026:15:05:53 +0000] "GET /wp-content/uploads/2026/06/8_2.webp HTTP/2" 200 35746 "https://www.iptv-portugal.com/" "Mozilla/5.0 (Macintosh; Intel Mac OS X 10_15_7) AppleWebKit/537.36 (KHTML, like Gecko) Chrome/137.0.0.0 Safari/537.36"
37.114.182.128 - - [16/Jul/2026:15:05:53 +0000] "GET /wp-content/uploads/2026/06/1.webp HTTP/2" 200 85804 "https://www.iptv-portugal.com/" "Mozilla/5.0 (Macintosh; Intel Mac OS X 10_15_7) AppleWebKit/537.36 (KHTML, like Gecko) Chrome/137.0.0.0 Safari/537.36"
37.114.182.128 - - [16/Jul/2026:15:05:54 +0000] "GET /wp-content/uploads/2026/06/review-1-copy.webp HTTP/2" 200 90608 "https://www.iptv-portugal.com/" "Mozilla/5.0 (Macintosh; Intel Mac OS X 10_15_7) AppleWebKit/537.36 (KHTML, like Gecko) Chrome/137.0.0.0 Safari/537.36"
37.114.182.128 - - [16/Jul/2026:15:05:54 +0000] "GET /wp-content/uploads/2026/06/review3-scaled.webp HTTP/2" 200 187396 "https://www.iptv-portugal.com/" "Mozilla/5.0 (Macintosh; Intel Mac OS X 10_15_7) AppleWebKit/537.36 (KHTML, like Gecko) Chrome/137.0.0.0 Safari/537.36"
37.114.182.128 - - [16/Jul/2026:15:05:54 +0000] "GET /wp-content/uploads/2026/06/review-4copy-scaled.webp HTTP/2" 200 124142 "https://www.iptv-portugal.com/" "Mozilla/5.0 (Macintosh; Intel Mac OS X 10_15_7) AppleWebKit/537.36 (KHTML, like Gecko) Chrome/137.0.0.0 Safari/537.36"
37.114.182.128 - - [16/Jul/2026:15:05:55 +0000] "GET /wp-content/plugins/creame-whatsapp-me/public/js/joinchat.min.js?ver=6.2.3 HTTP/2" 200 3630 "https://www.iptv-portugal.com/" "Mozilla/5.0 (Macintosh; Intel Mac OS X 10_15_7) AppleWebKit/537.36 (KHTML, like Gecko) Chrome/137.0.0.0 Safari/537.36"
37.114.182.128 - - [16/Jul/2026:15:05:55 +0000] "GET /wp-content/plugins/woocommerce/assets/css/woocommerce-smallscreen.css?ver=10.8.1 HTTP/2" 200 1282 "https://www.iptv-portugal.com/" "Mozilla/5.0 (Macintosh; Intel Mac OS X 10_15_7) AppleWebKit/537.36 (KHTML, like Gecko) Chrome/137.0.0.0 Safari/537.36"
37.114.182.128 - - [16/Jul/2026:15:05:55 +0000] "GET /wp-content/uploads/2026/06/review5-scaled.webp HTTP/2" 200 139744 "https://www.iptv-portugal.com/" "Mozilla/5.0 (Macintosh; Intel Mac OS X 10_15_7) AppleWebKit/537.36 (KHTML, like Gecko) Chrome/137.0.0.0 Safari/537.36"
37.114.182.128 - - [16/Jul/2026:15:05:55 +0000] "GET /wp-content/uploads/2026/06/63d848a3cfe0a7fc1cc00cb6_to-romeve-bg-svg-1024x508-1.webp HTTP/2" 200 187668 "https://www.iptv-portugal.com/" "Mozilla/5.0 (Macintosh; Intel Mac OS X 10_15_7) AppleWebKit/537.36 (KHTML, like Gecko) Chrome/137.0.0.0 Safari/537.36"
37.114.182.128 - - [16/Jul/2026:15:05:55 +0000] "GET /wp-content/uploads/2026/06/review-6-scaled.webp HTTP/2" 200 163662 "https://www.iptv-portugal.com/" "Mozilla/5.0 (Macintosh; Intel Mac OS X 10_15_7) AppleWebKit/537.36 (KHTML, like Gecko) Chrome/137.0.0.0 Safari/537.36"
37.114.182.128 - - [16/Jul/2026:15:05:55 +0000] "GET /wp-content/uploads/2026/06/revoiew-2.webp HTTP/2" 200 98676 "https://www.iptv-portugal.com/" "Mozilla/5.0 (Macintosh; Intel Mac OS X 10_15_7) AppleWebKit/537.36 (KHTML, like Gecko) Chrome/137.0.0.0 Safari/537.36"
37.114.182.128 - - [16/Jul/2026:15:05:55 +0000] "GET /wp-content/uploads/2026/06/image.webp HTTP/2" 200 399362 "https://www.iptv-portugal.com/wp-content/uploads/elementor/css/post-148.css?ver=1780681005" "Mozilla/5.0 (Macintosh; Intel Mac OS X 10_15_7) AppleWebKit/537.36 (KHTML, like Gecko) Chrome/137.0.0.0 Safari/537.36"
37.114.182.128 - - [16/Jul/2026:15:05:58 +0000] "GET /wp-content/plugins/elementor/assets/js/section-frontend-handlers.d85ab872da118940910d.bundle.min.js HTTP/2" 200 229 "https://www.iptv-portugal.com/" "Mozilla/5.0 (Macintosh; Intel Mac OS X 10_15_7) AppleWebKit/537.36 (KHTML, like Gecko) Chrome/137.0.0.0 Safari/537.36"
37.114.182.128 - - [16/Jul/2026:15:05:58 +0000] "GET /wp-content/plugins/elementor/assets/js/shared-frontend-handlers.03caa53373b56d3bab67.bundle.min.js HTTP/2" 200 2511 "https://www.iptv-portugal.com/" "Mozilla/5.0 (Macintosh; Intel Mac OS X 10_15_7) AppleWebKit/537.36 (KHTML, like Gecko) Chrome/137.0.0.0 Safari/537.36"
37.114.182.128 - - [16/Jul/2026:15:06:03 +0000] "GET /wp-content/plugins/elementor-pro/assets/js/nav-menu.a23fbd67486c5bedf26c.bundle.min.js HTTP/2" 200 1751 "https://www.iptv-portugal.com/" "Mozilla/5.0 (Macintosh; Intel Mac OS X 10_15_7) AppleWebKit/537.36 (KHTML, like Gecko) Chrome/137.0.0.0 Safari/537.36"
37.114.182.128 - - [16/Jul/2026:15:06:03 +0000] "GET /wp-content/plugins/elementor/assets/js/text-editor.45609661e409413f1cef.bundle.min.js HTTP/2" 200 592 "https://www.iptv-portugal.com/" "Mozilla/5.0 (Macintosh; Intel Mac OS X 10_15_7) AppleWebKit/537.36 (KHTML, like Gecko) Chrome/137.0.0.0 Safari/537.36"
37.114.182.128 - - [16/Jul/2026:15:06:03 +0000] "GET /wp-content/plugins/elementor/assets/js/counter.12335f45aaa79d244f24.bundle.min.js HTTP/2" 200 415 "https://www.iptv-portugal.com/" "Mozilla/5.0 (Macintosh; Intel Mac OS X 10_15_7) AppleWebKit/537.36 (KHTML, like Gecko) Chrome/137.0.0.0 Safari/537.36"
37.114.182.128 - - [16/Jul/2026:15:06:03 +0000] "GET /wp-content/plugins/elementor/assets/js/image-carousel.6167d20b95b33386757b.bundle.min.js HTTP/2" 200 229 "https://www.iptv-portugal.com/" "Mozilla/5.0 (Macintosh; Intel Mac OS X 10_15_7) AppleWebKit/537.36 (KHTML, like Gecko) Chrome/137.0.0.0 Safari/537.36"
37.114.182.128 - - [16/Jul/2026:15:06:03 +0000] "GET /wp-includes/js/wp-emoji-release.min.js?ver=7.0.1 HTTP/2" 200 4974 "https://www.iptv-portugal.com/" "Mozilla/5.0 (Macintosh; Intel Mac OS X 10_15_7) AppleWebKit/537.36 (KHTML, like Gecko) Chrome/137.0.0.0 Safari/537.36"
188.26.211.122 - - [16/Jul/2026:15:06:37 +0000] "GET /wp-content/uploads/2026/06/payment-.png HTTP/2" 200 47365 "-" "Mozilla/5.0"
91.171.129.66 - - [16/Jul/2026:15:06:52 +0000] "GET /wp-content/uploads/2026/06/IPTV-PORTUGAL1-copy-2-300x62.png HTTP/2" 200 7262 "-" "Mozilla/5.0"
82.224.166.143 - - [16/Jul/2026:15:06:52 +0000] "GET /wp-content/uploads/2026/06/payment--300x117.png HTTP/2" 200 30895 "-" "Mozilla/5.0"
79.159.213.92 - - [16/Jul/2026:15:06:52 +0000] "GET /wp-content/uploads/2026/06/IPTV-PORTUGAL1-copy-2-768x159.png HTTP/2" 200 25170 "-" "Mozilla/5.0"
88.184.249.53 - - [16/Jul/2026:15:06:52 +0000] "GET /wp-content/uploads/2026/06/63d848a3cfe0a7fc1cc00cb6_to-romeve-bg-svg-1024x508-1-768x381.webp HTTP/2" 200 106286 "-" "Mozilla/5.0"
77.102.1.50 - - [16/Jul/2026:15:06:53 +0000] "GET /wp-content/uploads/2026/06/IPTV-PORTUGAL1-copy-2-1024x211.png HTTP/2" 200 38439 "-" "Mozilla/5.0"
106.215.160.147 - - [16/Jul/2026:15:06:55 +0000] "GET /wp-content/uploads/2026/06/63d848a3cfe0a7fc1cc00cb6_to-romeve-bg-svg-1024x508-1-300x149.webp HTTP/2" 200 24194 "-" "Mozilla/5.0"
41.99.63.168 - - [16/Jul/2026:15:07:06 +0000] "GET /wp-content/uploads/2026/06/IPTV-PORTUGAL1-copy-2-1536x317.png HTTP/2" 200 67759 "-" "Mozilla/5.0"
65.181.116.207 - - [16/Jul/2026:15:07:22 +0000] "POST /wp-cron.php?doing_wp_cron=1784214442.4601659774780273437500 HTTP/2" 200 0 "-" "WordPress/7.0.1; https://www.iptv-portugal.com"
216.73.217.1 - - [16/Jul/2026:15:07:19 +0000] "GET /robots.txt HTTP/2" 301 0 "-" "Mozilla/5.0 AppleWebKit/537.36 (KHTML, like Gecko; compatible; ClaudeBot/1.0; [email protected])"
65.181.116.207 - - [16/Jul/2026:15:08:10 +0000] "POST /wp-cron.php?doing_wp_cron=1784214490.6565310955047607421875 HTTP/2" 200 0 "-" "WordPress/7.0.1; https://www.iptv-portugal.com"
89.40.74.104 - - [16/Jul/2026:15:08:07 +0000] "GET / HTTP/2" 301 0 "-" "Mozilla/5.0 (Macintosh; Intel Mac OS X 10_15_7) AppleWebKit/537.36 (KHTML, like Gecko) Chrome/137.0.0.0 Safari/537.36"
41.90.145.10 - - [16/Jul/2026:15:08:13 +0000] "GET / HTTP/2" 200 37363 "-" "Mozilla/5.0 (Macintosh; Intel Mac OS X 10_15_7) AppleWebKit/537.36 (KHTML, like Gecko) Chrome/137.0.0.0 Safari/537.36"
141.98.11.224 - - [16/Jul/2026:15:08:16 +0000] "GET / HTTP/2" 200 37363 "https://www.iptv-portugal.com/" "Mozilla/5.0 (Windows NT 10.0; Win64; x64) AppleWebKit/537.36 (KHTML, like Gecko) Chrome/130.0.0.0 Safari/537.36"
141.98.11.224 - - [16/Jul/2026:15:08:20 +0000] "GET /contate-nos/ HTTP/2" 200 20128 "https://www.iptv-portugal.com/contate-nos/" "Mozilla/5.0 (Windows NT 10.0; Win64; x64) AppleWebKit/537.36 (KHTML, like Gecko) Chrome/130.0.0.0 Safari/537.36"
65.181.116.207 - - [16/Jul/2026:15:08:36 +0000] "POST /wp-cron.php?doing_wp_cron=1784214516.5765008926391601562500 HTTP/2" 200 0 "-" "WordPress/7.0.1; https://www.iptv-portugal.com"
141.98.11.224 - - [16/Jul/2026:15:08:32 +0000] "POST /wp-admin/admin-ajax.php HTTP/2" 200 156 "https://www.iptv-portugal.com/contate-nos/" "Mozilla/5.0 (Windows NT 10.0; Win64; x64) AppleWebKit/537.36 (KHTML, like Gecko) Chrome/130.0.0.0 Safari/537.36"
65.181.116.207 - - [16/Jul/2026:15:11:06 +0000] "POST /wp-cron.php?doing_wp_cron=1784214666.8838930130004882812500 HTTP/2" 200 0 "-" "WordPress/7.0.1; https://www.iptv-portugal.com"
113.175.251.46 - - [16/Jul/2026:15:11:00 +0000] "GET /2025/09/03/-100-no-deposit-casino-bonus-codes-instant-play/ HTTP/2" 404 16584 "-" "Mozilla/5.0 (X11; Linux x86_64) AppleWebKit/537.36 (KHTML, like Gecko) Chrome/150.0.0.0 Safari/537.36"
2a06:98c0:3600::103 - - [16/Jul/2026:15:12:15 +0000] "GET /wp-content/uploads/2026/06/10_2.webp HTTP/2" 200 75960 "-" "Mozilla/5.0 (Windows NT 10.0; Win64; x64; rv:109.0) Gecko/20100101 Firefox/115.0"
170.106.73.216 - - [16/Jul/2026:15:16:11 +0000] "GET /wp-content/uploads/2026/06/4-5-1.webp HTTP/2" 200 6078 "-" "Mozilla/5.0 (iPhone; CPU iPhone OS 13_2_3 like Mac OS X) AppleWebKit/605.1.15 (KHTML, like Gecko) Version/13.0.3 Mobile/15E148 Safari/604.1"
100.30.70.217 - - [16/Jul/2026:15:18:45 +0000] "HEAD / HTTP/2" 200 0 "-" "Mozilla/5.0 (Macintosh; Intel Mac OS X 10_15_7) AppleWebKit/537.36 (KHTML, like Gecko) Chrome/105.0.0.0 Safari/537.36"
173.239.224.43 - - [16/Jul/2026:15:24:23 +0000] "POST /wp-login.php HTTP/2" 200 1924 "-" "Mozilla/5.0 (Windows NT 10.0; Win64; rv:143.0) Gecko/20100101 Firefox/143.0"
185.223.152.125 - - [16/Jul/2026:15:25:35 +0000] "POST /wp-login.php HTTP/2" 200 1924 "-" "Mozilla/5.0 (Windows NT 10.0; Win64; rv:143.0) Gecko/20100101 Firefox/143.0"
185.223.152.125 - - [16/Jul/2026:15:26:36 +0000] "POST /wp-login.php HTTP/2" 200 1924 "-" "Mozilla/5.0 (Macintosh; Intel Mac OS X 10_15_7) AppleWebKit/605.1.15 Version/17.0 Safari/605.1.15"
43.153.54.138 - - [16/Jul/2026:15:26:43 +0000] "GET /wp-content/uploads/2026/06/3-2.webp HTTP/2" 200 7024 "-" "Mozilla/5.0 (iPhone; CPU iPhone OS 13_2_3 like Mac OS X) AppleWebKit/605.1.15 (KHTML, like Gecko) Version/13.0.3 Mobile/15E148 Safari/604.1"
185.223.152.125 - - [16/Jul/2026:15:27:18 +0000] "POST /wp-login.php HTTP/2" 200 1925 "-" "Mozilla/5.0 (Windows NT 10.0; Win64; rv:143.0) Gecko/20100101 Firefox/143.0"
185.223.152.125 - - [16/Jul/2026:15:28:00 +0000] "POST /wp-login.php HTTP/2" 200 1911 "-" "Mozilla/5.0 (Macintosh; Intel Mac OS X 10_15_7) AppleWebKit/605.1.15 Version/17.0 Safari/605.1.15"
185.223.152.125 - - [16/Jul/2026:15:28:42 +0000] "POST /wp-login.php HTTP/2" 200 1911 "-" "Mozilla/5.0 (Windows NT 10.0; Win64; x64) AppleWebKit/537.36 Chrome/129.0.0.0 Safari/537.36"
185.223.152.125 - - [16/Jul/2026:15:29:25 +0000] "POST /wp-login.php HTTP/2" 200 1911 "-" "Mozilla/5.0 (Windows NT 10.0; Win64; rv:143.0) Gecko/20100101 Firefox/143.0"
42.200.231.39 - - [16/Jul/2026:15:30:04 +0000] "GET /robots.txt HTTP/2" 301 0 "-" "Mozilla/5.0 (compatible; MJ12bot/v1.4.8; http://mj12bot.com/)"
185.223.152.125 - - [16/Jul/2026:15:30:12 +0000] "POST /wp-login.php HTTP/2" 200 1911 "-" "Mozilla/5.0 (Windows NT 10.0; Win64; x64) AppleWebKit/537.36 Chrome/129.0.0.0 Safari/537.36"
42.200.231.39 - - [16/Jul/2026:15:30:14 +0000] "GET /portugal/ HTTP/2" 301 0 "-" "Mozilla/5.0 (compatible; MJ12bot/v1.4.8; http://mj12bot.com/)"
42.200.231.39 - - [16/Jul/2026:15:30:19 +0000] "GET /robots.txt HTTP/2" 200 97 "-" "Mozilla/5.0 (compatible; MJ12bot/v1.4.8; http://mj12bot.com/)"
42.200.231.39 - - [16/Jul/2026:15:30:24 +0000] "GET /portugal/ HTTP/2" 404 16475 "-" "Mozilla/5.0 (compatible; MJ12bot/v1.4.8; http://mj12bot.com/)"
185.223.152.125 - - [16/Jul/2026:15:30:56 +0000] "POST /wp-login.php HTTP/2" 200 1911 "-" "Mozilla/5.0 (Windows NT 10.0; Win64; x64) AppleWebKit/537.36 Chrome/129.0.0.0 Safari/537.36"
185.223.152.125 - - [16/Jul/2026:15:31:41 +0000] "POST /wp-login.php HTTP/2" 200 1911 "-" "Mozilla/5.0 (Macintosh; Intel Mac OS X 10_15_7) AppleWebKit/605.1.15 Version/17.0 Safari/605.1.15"
185.223.152.125 - - [16/Jul/2026:15:32:26 +0000] "POST /wp-login.php HTTP/2" 200 1911 "-" "Mozilla/5.0 (Macintosh; Intel Mac OS X 10_15_7) AppleWebKit/605.1.15 Version/17.0 Safari/605.1.15"
185.223.152.125 - - [16/Jul/2026:15:33:10 +0000] "POST /wp-login.php HTTP/2" 200 1911 "-" "Mozilla/5.0 (Windows NT 10.0; Win64; rv:143.0) Gecko/20100101 Firefox/143.0"
185.223.152.125 - - [16/Jul/2026:15:33:54 +0000] "POST /wp-login.php HTTP/2" 200 1919 "-" "Mozilla/5.0 (Windows NT 10.0; Win64; rv:143.0) Gecko/20100101 Firefox/143.0"
170.106.179.68 - - [16/Jul/2026:15:34:36 +0000] "GET /wp-content/uploads/2026/03/SKY1-1.webp HTTP/2" 200 6088 "-" "Mozilla/5.0 (iPhone; CPU iPhone OS 13_2_3 like Mac OS X) AppleWebKit/605.1.15 (KHTML, like Gecko) Version/13.0.3 Mobile/15E148 Safari/604.1"
185.223.152.125 - - [16/Jul/2026:15:34:39 +0000] "POST /wp-login.php HTTP/2" 200 1919 "-" "Mozilla/5.0 (Windows NT 10.0; Win64; x64) AppleWebKit/537.36 Chrome/129.0.0.0 Safari/537.36"
185.223.152.125 - - [16/Jul/2026:15:35:25 +0000] "POST /wp-login.php HTTP/2" 200 1919 "-" "Mozilla/5.0 (Windows NT 10.0; Win64; x64) AppleWebKit/537.36 Chrome/129.0.0.0 Safari/537.36"
20.206.89.130 - - [16/Jul/2026:15:35:54 +0000] "GET /wp-admin/network/plugins.php HTTP/2" 302 0 "-" "-"
20.206.89.130 - - [16/Jul/2026:15:35:57 +0000] "GET /wp-login.php?redirect_to=https%3A%2F%2Fiptv-portugal.com%2Fwp-admin%2Fnetwork%2Fplugins.php&reauth=1 HTTP/2" 200 1849 "-" "-"
185.223.152.125 - - [16/Jul/2026:15:36:09 +0000] "POST /wp-login.php HTTP/2" 200 1919 "-" "Mozilla/5.0 (Windows NT 10.0; Win64; x64) AppleWebKit/537.36 Chrome/129.0.0.0 Safari/537.36"
185.223.152.125 - - [16/Jul/2026:15:36:54 +0000] "POST /wp-login.php HTTP/2" 200 1919 "-" "Mozilla/5.0 (Windows NT 10.0; Win64; rv:143.0) Gecko/20100101 Firefox/143.0"
185.223.152.125 - - [16/Jul/2026:15:37:38 +0000] "POST /wp-login.php HTTP/2" 200 1919 "-" "Mozilla/5.0 (Windows NT 10.0; Win64; x64) AppleWebKit/537.36 Chrome/129.0.0.0 Safari/537.36"
185.223.152.125 - - [16/Jul/2026:15:38:22 +0000] "POST /wp-login.php HTTP/2" 200 1919 "-" "Mozilla/5.0 (Macintosh; Intel Mac OS X 10_15_7) AppleWebKit/605.1.15 Version/17.0 Safari/605.1.15"
65.181.116.207 - - [16/Jul/2026:15:39:10 +0000] "POST /wp-cron.php?doing_wp_cron=1784216350.2749919891357421875000 HTTP/2" 200 0 "-" "WordPress/7.0.1; https://www.iptv-portugal.com"
185.223.152.125 - - [16/Jul/2026:15:39:06 +0000] "POST /wp-login.php HTTP/2" 200 1919 "-" "Mozilla/5.0 (Windows NT 10.0; Win64; x64) AppleWebKit/537.36 Chrome/129.0.0.0 Safari/537.36"
65.181.116.207 - - [16/Jul/2026:15:39:56 +0000] "POST /wp-cron.php?doing_wp_cron=1784216396.5288429260253906250000 HTTP/2" 200 0 "-" "WordPress/7.0.1; https://www.iptv-portugal.com"
185.223.152.125 - - [16/Jul/2026:15:39:53 +0000] "POST /wp-login.php HTTP/2" 200 1919 "-" "Mozilla/5.0 (Macintosh; Intel Mac OS X 10_15_7) AppleWebKit/605.1.15 Version/17.0 Safari/605.1.15"
65.181.116.207 - - [16/Jul/2026:15:40:44 +0000] "POST /wp-cron.php?doing_wp_cron=1784216444.1719379425048828125000 HTTP/2" 200 0 "-" "WordPress/7.0.1; https://www.iptv-portugal.com"
185.223.152.125 - - [16/Jul/2026:15:40:40 +0000] "POST /wp-login.php HTTP/2" 200 1919 "-" "Mozilla/5.0 (Macintosh; Intel Mac OS X 10_15_7) AppleWebKit/605.1.15 Version/17.0 Safari/605.1.15"
185.223.152.125 - - [16/Jul/2026:15:41:25 +0000] "POST /wp-login.php HTTP/2" 200 1919 "-" "Mozilla/5.0 (Macintosh; Intel Mac OS X 10_15_7) AppleWebKit/605.1.15 Version/17.0 Safari/605.1.15"
65.181.116.207 - - [16/Jul/2026:15:42:16 +0000] "POST /wp-cron.php?doing_wp_cron=1784216535.8670399188995361328125 HTTP/2" 200 0 "-" "WordPress/7.0.1; https://www.iptv-portugal.com"
185.223.152.125 - - [16/Jul/2026:15:42:11 +0000] "POST /wp-login.php HTTP/2" 200 1919 "-" "Mozilla/5.0 (Macintosh; Intel Mac OS X 10_15_7) AppleWebKit/605.1.15 Version/17.0 Safari/605.1.15"
65.181.116.207 - - [16/Jul/2026:15:42:59 +0000] "POST /wp-cron.php?doing_wp_cron=1784216579.7030050754547119140625 HTTP/2" 200 0 "-" "WordPress/7.0.1; https://www.iptv-portugal.com"
185.223.152.125 - - [16/Jul/2026:15:42:55 +0000] "POST /wp-login.php HTTP/2" 200 1924 "-" "Mozilla/5.0 (Macintosh; Intel Mac OS X 10_15_7) AppleWebKit/605.1.15 Version/17.0 Safari/605.1.15"
2a03:2880:f812:54:: - - [16/Jul/2026:15:45:16 +0000] "GET /wp-content/uploads/2026/03/dfd.webp HTTP/2" 200 1420 "-" "Mozilla/5.0 (Windows NT 10.0; Win64; x64) AppleWebKit/537.36 (KHTML, like Gecko) Chrome/145.0.0.0 Safari/537.36 (compatible; meta-webindexer/1.1 (+https://developers.facebook.com/docs/sharing/webmasters/crawler))"
65.181.116.207 - - [16/Jul/2026:15:46:18 +0000] "POST /wp-cron.php?doing_wp_cron=1784216778.6544029712677001953125 HTTP/2" 200 0 "-" "WordPress/7.0.1; https://www.iptv-portugal.com"
43.166.136.202 - - [16/Jul/2026:15:46:11 +0000] "GET /contate-nos/ HTTP/2" 200 20157 "-" "Mozilla/5.0 (iPhone; CPU iPhone OS 13_2_3 like Mac OS X) AppleWebKit/605.1.15 (KHTML, like Gecko) Version/13.0.3 Mobile/15E148 Safari/604.1"
65.181.116.207 - - [16/Jul/2026:15:46:45 +0000] "POST /wp-cron.php?doing_wp_cron=1784216805.1647970676422119140625 HTTP/2" 200 0 "-" "WordPress/7.0.1; https://www.iptv-portugal.com"
185.223.152.140 - - [16/Jul/2026:15:46:40 +0000] "POST /wp-login.php HTTP/2" 200 1924 "-" "Mozilla/5.0 (Macintosh; Intel Mac OS X 10_15_7) AppleWebKit/605.1.15 Version/17.0 Safari/605.1.15"
65.181.116.207 - - [16/Jul/2026:15:47:47 +0000] "POST /wp-cron.php?doing_wp_cron=1784216867.1120679378509521484375 HTTP/2" 200 0 "-" "WordPress/7.0.1; https://www.iptv-portugal.com"
185.223.152.140 - - [16/Jul/2026:15:47:43 +0000] "POST /wp-login.php HTTP/2" 200 1924 "-" "Mozilla/5.0 (Windows NT 10.0; Win64; x64) AppleWebKit/537.36 Chrome/129.0.0.0 Safari/537.36"
185.223.152.140 - - [16/Jul/2026:15:48:29 +0000] "POST /wp-login.php HTTP/2" 200 1925 "-" "Mozilla/5.0 (Windows NT 10.0; Win64; rv:143.0) Gecko/20100101 Firefox/143.0"
65.181.116.207 - - [16/Jul/2026:15:49:17 +0000] "POST /wp-cron.php?doing_wp_cron=1784216957.6564838886260986328125 HTTP/2" 200 0 "-" "WordPress/7.0.1; https://www.iptv-portugal.com"
185.223.152.140 - - [16/Jul/2026:15:49:14 +0000] "POST /wp-login.php HTTP/2" 200 1911 "-" "Mozilla/5.0 (Windows NT 10.0; Win64; rv:143.0) Gecko/20100101 Firefox/143.0"
2a03:2880:f812:b:: - - [16/Jul/2026:15:49:18 +0000] "GET /page-sitemap1.xml HTTP/2" 200 482 "-" "Mozilla/5.0 (Windows NT 10.0; Win64; x64) AppleWebKit/537.36 (KHTML, like Gecko) Chrome/145.0.0.0 Safari/537.36 (compatible; meta-webindexer/1.1 (+https://developers.facebook.com/docs/sharing/webmasters/crawler))"
65.181.116.207 - - [16/Jul/2026:15:50:02 +0000] "POST /wp-cron.php?doing_wp_cron=1784217002.4806430339813232421875 HTTP/2" 200 0 "-" "WordPress/7.0.1; https://www.iptv-portugal.com"
185.223.152.140 - - [16/Jul/2026:15:49:59 +0000] "POST /wp-login.php HTTP/2" 200 1911 "-" "Mozilla/5.0 (Windows NT 10.0; Win64; rv:143.0) Gecko/20100101 Firefox/143.0"
65.181.116.207 - - [16/Jul/2026:15:50:49 +0000] "POST /wp-cron.php?doing_wp_cron=1784217049.5118238925933837890625 HTTP/2" 200 0 "-" "WordPress/7.0.1; https://www.iptv-portugal.com"
185.223.152.140 - - [16/Jul/2026:15:50:46 +0000] "POST /wp-login.php HTTP/2" 200 1911 "-" "Mozilla/5.0 (Macintosh; Intel Mac OS X 10_15_7) AppleWebKit/605.1.15 Version/17.0 Safari/605.1.15"
65.181.116.207 - - [16/Jul/2026:15:51:37 +0000] "POST /wp-cron.php?doing_wp_cron=1784217097.1378059387207031250000 HTTP/2" 200 0 "-" "WordPress/7.0.1; https://www.iptv-portugal.com"
185.223.152.140 - - [16/Jul/2026:15:51:33 +0000] "POST /wp-login.php HTTP/2" 200 1911 "-" "Mozilla/5.0 (Windows NT 10.0; Win64; rv:143.0) Gecko/20100101 Firefox/143.0"
185.223.152.140 - - [16/Jul/2026:15:52:21 +0000] "POST /wp-login.php HTTP/2" 200 1911 "-" "Mozilla/5.0 (Macintosh; Intel Mac OS X 10_15_7) AppleWebKit/605.1.15 Version/17.0 Safari/605.1.15"
185.223.152.140 - - [16/Jul/2026:15:53:07 +0000] "POST /wp-login.php HTTP/2" 200 1911 "-" "Mozilla/5.0 (Macintosh; Intel Mac OS X 10_15_7) AppleWebKit/605.1.15 Version/17.0 Safari/605.1.15"
43.154.140.188 - - [16/Jul/2026:15:53:27 +0000] "GET /wp-content/uploads/2026/06/6-2.webp HTTP/2" 200 4018 "-" "Mozilla/5.0 (iPhone; CPU iPhone OS 13_2_3 like Mac OS X) AppleWebKit/605.1.15 (KHTML, like Gecko) Version/13.0.3 Mobile/15E148 Safari/604.1"
185.223.152.140 - - [16/Jul/2026:15:53:56 +0000] "POST /wp-login.php HTTP/2" 200 1911 "-" "Mozilla/5.0 (Macintosh; Intel Mac OS X 10_15_7) AppleWebKit/605.1.15 Version/17.0 Safari/605.1.15"
2a03:2880:f812:78:: - - [16/Jul/2026:15:57:08 +0000] "GET /wp-sitemap-posts-post-7.xml HTTP/2" 404 16526 "-" "Mozilla/5.0 (Windows NT 10.0; Win64; x64) AppleWebKit/537.36 (KHTML, like Gecko) Chrome/145.0.0.0 Safari/537.36 (compatible; meta-webindexer/1.1 (+https://developers.facebook.com/docs/sharing/webmasters/crawler))"
216.73.217.87 - - [16/Jul/2026:15:57:47 +0000] "GET /sitemap.xml HTTP/2" 301 0 "-" "Mozilla/5.0 AppleWebKit/537.36 (KHTML, like Gecko; compatible; Claude-SearchBot/1.0; [email protected])"
216.73.217.87 - - [16/Jul/2026:15:57:51 +0000] "GET /sitemaps.xml HTTP/2" 200 243 "https://iptv-portugal.com/sitemap.xml" "Mozilla/5.0 AppleWebKit/537.36 (KHTML, like Gecko; compatible; Claude-SearchBot/1.0; [email protected])"
20.226.26.5 - - [16/Jul/2026:16:01:02 +0000] "GET /wp-login.php?action=register HTTP/2" 302 0 "-" "-"
20.226.26.5 - - [16/Jul/2026:16:01:07 +0000] "GET /wp-login.php?registration=disabled HTTP/2" 200 1908 "-" "-"
2a03:2880:f812:1b:: - - [16/Jul/2026:16:04:09 +0000] "GET /wp-content/uploads/2026/03/enjoy-dfcopy-_1_-copy.webp HTTP/2" 200 3428 "-" "Mozilla/5.0 (Macintosh; Intel Mac OS X 10_15_7) AppleWebKit/537.36 (KHTML, like Gecko) Chrome/145.0.0.0 Safari/537.36 (compatible; meta-webindexer/1.1 (+https://developers.facebook.com/docs/sharing/webmasters/crawler))"
101.33.80.42 - - [16/Jul/2026:16:04:11 +0000] "GET /wp-content/uploads/2026/03/elesport1-1.webp HTTP/2" 200 7006 "-" "Mozilla/5.0 (iPhone; CPU iPhone OS 13_2_3 like Mac OS X) AppleWebKit/605.1.15 (KHTML, like Gecko) Version/13.0.3 Mobile/15E148 Safari/604.1"
20.226.26.5 - - [16/Jul/2026:16:05:48 +0000] "GET /wp-admin/index.php HTTP/2" 302 0 "-" "-"
20.226.26.5 - - [16/Jul/2026:16:05:52 +0000] "GET /wp-login.php?redirect_to=https%3A%2F%2Fiptv-portugal.com%2Fwp-admin%2Findex.php&reauth=1 HTTP/2" 200 1836 "-" "-"
93.177.75.146 - - [16/Jul/2026:16:06:27 +0000] "GET /wp-login.php HTTP/2" 200 1841 "https://www.iptv-portugal.com/" "Mozilla/5.0 (Windows NT 10.0; Win64; x64) AppleWebKit/537.36 (KHTML, like Gecko) Chrome/148.0.0.0 Safari/537.36"
93.177.75.146 - - [16/Jul/2026:16:06:35 +0000] "POST /wp-login.php HTTP/2" 200 1926 "https://www.iptv-portugal.com/wp-login.php" "Mozilla/5.0 (Windows NT 10.0; Win64; x64) AppleWebKit/537.36 (KHTML, like Gecko) Chrome/148.0.0.0 Safari/537.36"
20.226.26.5 - - [16/Jul/2026:16:06:37 +0000] "GET /feed/ HTTP/2" 200 850 "-" "-"
93.177.75.146 - - [16/Jul/2026:16:06:42 +0000] "POST /xmlrpc.php HTTP/2" 403 1242 "https://www.iptv-portugal.com/" "Mozilla/5.0 (Windows NT 10.0; Win64; x64) AppleWebKit/537.36 (KHTML, like Gecko) Chrome/122.0.0.0 Safari/537.36"
65.181.116.207 - - [16/Jul/2026:16:08:36 +0000] "POST /wp-cron.php?doing_wp_cron=1784218115.9694480895996093750000 HTTP/2" 200 0 "-" "WordPress/7.0.1; https://www.iptv-portugal.com"
216.73.217.87 - - [16/Jul/2026:16:08:30 +0000] "GET /robots.txt HTTP/2" 200 97 "-" "Mozilla/5.0 AppleWebKit/537.36 (KHTML, like Gecko; compatible; Claude-SearchBot/1.0; [email protected])"
216.73.217.87 - - [16/Jul/2026:16:08:36 +0000] "GET /sitemaps.xml HTTP/2" 200 238 "-" "Mozilla/5.0 AppleWebKit/537.36 (KHTML, like Gecko; compatible; Claude-SearchBot/1.0; [email protected])"
116.90.114.122 - - [16/Jul/2026:16:10:40 +0000] "GET /robots.txt HTTP/2" 301 0 "-" "Mozilla/5.0 (Macintosh; Intel Mac OS X 13_5_1) AppleWebKit/537.36 (KHTML, like Gecko) Chrome/125.0.6422.60 Safari/537.36"
173.239.224.29 - - [16/Jul/2026:16:11:15 +0000] "POST /wp-login.php HTTP/2" 200 1924 "-" "Mozilla/5.0 (Windows NT 10.0; Win64; rv:143.0) Gecko/20100101 Firefox/143.0"
65.181.116.207 - - [16/Jul/2026:16:16:47 +0000] "POST /wp-cron.php?doing_wp_cron=1784218606.9238369464874267578125 HTTP/2" 200 0 "-" "WordPress/7.0.1; https://www.iptv-portugal.com"
43.135.148.92 - - [16/Jul/2026:16:16:40 +0000] "GET /termos-e-condicoes/ HTTP/2" 200 19250 "-" "Mozilla/5.0 (iPhone; CPU iPhone OS 13_2_3 like Mac OS X) AppleWebKit/605.1.15 (KHTML, like Gecko) Version/13.0.3 Mobile/15E148 Safari/604.1"
65.181.116.207 - - [16/Jul/2026:16:25:00 +0000] "POST /wp-cron.php?doing_wp_cron=1784219099.9586539268493652343750 HTTP/2" 200 0 "-" "WordPress/7.0.1; https://www.iptv-portugal.com"
43.128.156.124 - - [16/Jul/2026:16:24:52 +0000] "GET /wp-json/wp/v2/pages/324 HTTP/2" 200 3604 "-" "Mozilla/5.0 (iPhone; CPU iPhone OS 13_2_3 like Mac OS X) AppleWebKit/605.1.15 (KHTML, like Gecko) Version/13.0.3 Mobile/15E148 Safari/604.1"
2a10:3c0:5:1:1:6:0:2 - - [16/Jul/2026:16:29:23 +0000] "GET / HTTP/2" 200 37363 "http://iptv-portugal.com/" "Mozilla/5.0 AppleWebKit/537.36 (KHTML, like Gecko) Chrome/123.0.6312.86 Safari/537.36"
65.181.116.207 - - [16/Jul/2026:16:29:37 +0000] "POST /wp-cron.php?doing_wp_cron=1784219377.0948760509490966796875 HTTP/2" 200 0 "-" "WordPress/7.0.1; https://www.iptv-portugal.com"
2a10:3c0:5:1:1:6:0:1 - - [16/Jul/2026:16:29:32 +0000] "GET / HTTP/2" 200 37363 "http://iptv-portugal.com/" "Mozilla/5.0 AppleWebKit/537.36 (KHTML, like Gecko) Chrome/123.0.6312.86 Safari/537.36"
2a10:3c0:5:1:1:6:0:5 - - [16/Jul/2026:16:29:38 +0000] "POST /mcp HTTP/2" 404 16483 "-" "python-httpx/0.28.1"
2a10:3c0:5:1:1:6:0:5 - - [16/Jul/2026:16:29:43 +0000] "GET /sse HTTP/2" 404 16481 "-" "python-httpx/0.28.1"
65.181.116.207 - - [16/Jul/2026:16:36:25 +0000] "POST /wp-cron.php?doing_wp_cron=1784219785.4993910789489746093750 HTTP/2" 200 0 "-" "WordPress/7.0.1; https://www.iptv-portugal.com"
170.106.181.163 - - [16/Jul/2026:16:36:18 +0000] "GET /contate-nos/nn_Sent HTTP/2" 404 16503 "-" "Mozilla/5.0 (iPhone; CPU iPhone OS 13_2_3 like Mac OS X) AppleWebKit/605.1.15 (KHTML, like Gecko) Version/13.0.3 Mobile/15E148 Safari/604.1"
65.181.116.207 - - [16/Jul/2026:16:49:42 +0000] "POST /wp-cron.php?doing_wp_cron=1784220582.0182518959045410156250 HTTP/2" 200 0 "-" "WordPress/7.0.1; https://www.iptv-portugal.com"
170.106.160.90 - - [16/Jul/2026:16:49:33 +0000] "GET / HTTP/2" 200 37429 "-" "Mozilla/5.0 (iPhone; CPU iPhone OS 13_2_3 like Mac OS X) AppleWebKit/605.1.15 (KHTML, like Gecko) Version/13.0.3 Mobile/15E148 Safari/604.1"
2a02:598:96:8a00::b00:2a7 - - [16/Jul/2026:16:51:44 +0000] "GET /sitemaps.xml HTTP/2" 200 240 "-" "Mozilla/5.0 (compatible; SeznamBot/4.0; +https://o-seznam.cz/napoveda/vyhledavani/en/seznambot-crawler/)"
65.181.116.207 - - [16/Jul/2026:16:51:46 +0000] "POST /wp-cron.php?doing_wp_cron=1784220706.4649140834808349609375 HTTP/2" 200 0 "-" "WordPress/7.0.1; https://www.iptv-portugal.com"
2a02:598:96:8a00::b00:2a7 - - [16/Jul/2026:16:51:44 +0000] "GET /robots.txt HTTP/2" 200 97 "-" "Mozilla/5.0 (compatible; SeznamBot/4.0; +https://o-seznam.cz/napoveda/vyhledavani/en/seznambot-crawler/)"
65.181.116.207 - - [16/Jul/2026:16:53:41 +0000] "POST /wp-cron.php?doing_wp_cron=1784220821.2867379188537597656250 HTTP/2" 200 0 "-" "WordPress/7.0.1; https://www.iptv-portugal.com"
216.73.217.87 - - [16/Jul/2026:16:53:37 +0000] "GET /sitemaps.xml HTTP/2" 200 240 "-" "Mozilla/5.0 AppleWebKit/537.36 (KHTML, like Gecko; compatible; Claude-SearchBot/1.0; [email protected])"
65.181.116.207 - - [16/Jul/2026:16:56:19 +0000] "POST /wp-cron.php?doing_wp_cron=1784220979.5316970348358154296875 HTTP/2" 200 0 "-" "WordPress/7.0.1; https://www.iptv-portugal.com"
43.130.174.37 - - [16/Jul/2026:16:56:12 +0000] "GET /cart/ HTTP/2" 200 67544 "-" "Mozilla/5.0 (iPhone; CPU iPhone OS 13_2_3 like Mac OS X) AppleWebKit/605.1.15 (KHTML, like Gecko) Version/13.0.3 Mobile/15E148 Safari/604.1"
65.181.116.207 - - [16/Jul/2026:16:56:43 +0000] "POST /wp-cron.php?doing_wp_cron=1784221003.7828280925750732421875 HTTP/2" 200 0 "-" "WordPress/7.0.1; https://www.iptv-portugal.com"
82.102.23.178 - - [16/Jul/2026:16:56:38 +0000] "GET /wp-login.php HTTP/2" 200 1841 "https://www.iptv-portugal.com/" "Mozilla/5.0 (Windows NT 10.0; Win64; x64) AppleWebKit/537.36 (KHTML, like Gecko) Chrome/149.0.0.0 Safari/537.36"
82.102.23.178 - - [16/Jul/2026:16:56:44 +0000] "GET /wp-includes/css/buttons.min.css?ver=7.0.1 HTTP/2" 200 1457 "https://www.iptv-portugal.com/wp-login.php" "Mozilla/5.0 (Windows NT 10.0; Win64; x64) AppleWebKit/537.36 (KHTML, like Gecko) Chrome/149.0.0.0 Safari/537.36"
82.102.23.178 - - [16/Jul/2026:16:56:44 +0000] "GET /wp-includes/css/dashicons.min.css?ver=7.0.1 HTTP/2" 200 35101 "https://www.iptv-portugal.com/wp-login.php" "Mozilla/5.0 (Windows NT 10.0; Win64; x64) AppleWebKit/537.36 (KHTML, like Gecko) Chrome/149.0.0.0 Safari/537.36"
82.102.23.178 - - [16/Jul/2026:16:56:44 +0000] "GET /wp-includes/css/dist/base-styles/admin-schemes.min.css?ver=7.0.1 HTTP/2" 200 725 "https://www.iptv-portugal.com/wp-login.php" "Mozilla/5.0 (Windows NT 10.0; Win64; x64) AppleWebKit/537.36 (KHTML, like Gecko) Chrome/149.0.0.0 Safari/537.36"
82.102.23.178 - - [16/Jul/2026:16:56:44 +0000] "GET /wp-admin/css/forms.min.css?ver=7.0.1 HTTP/2" 200 6522 "https://www.iptv-portugal.com/wp-login.php" "Mozilla/5.0 (Windows NT 10.0; Win64; x64) AppleWebKit/537.36 (KHTML, like Gecko) Chrome/149.0.0.0 Safari/537.36"
82.102.23.178 - - [16/Jul/2026:16:56:44 +0000] "GET /wp-admin/css/l10n.min.css?ver=7.0.1 HTTP/2" 200 675 "https://www.iptv-portugal.com/wp-login.php" "Mozilla/5.0 (Windows NT 10.0; Win64; x64) AppleWebKit/537.36 (KHTML, like Gecko) Chrome/149.0.0.0 Safari/537.36"
82.102.23.178 - - [16/Jul/2026:16:56:44 +0000] "GET /wp-includes/js/underscore.min.js?ver=1.13.8 HTTP/2" 200 7228 "https://www.iptv-portugal.com/wp-login.php" "Mozilla/5.0 (Windows NT 10.0; Win64; x64) AppleWebKit/537.36 (KHTML, like Gecko) Chrome/149.0.0.0 Safari/537.36"
82.102.23.178 - - [16/Jul/2026:16:56:44 +0000] "GET /wp-includes/js/clipboard.min.js?ver=2.0.11 HTTP/2" 200 2989 "https://www.iptv-portugal.com/wp-login.php" "Mozilla/5.0 (Windows NT 10.0; Win64; x64) AppleWebKit/537.36 (KHTML, like Gecko) Chrome/149.0.0.0 Safari/537.36"
82.102.23.178 - - [16/Jul/2026:16:56:44 +0000] "GET /wp-includes/js/dist/i18n.min.js?ver=781d11515ad3d91786ec HTTP/2" 200 2354 "https://www.iptv-portugal.com/wp-login.php" "Mozilla/5.0 (Windows NT 10.0; Win64; x64) AppleWebKit/537.36 (KHTML, like Gecko) Chrome/149.0.0.0 Safari/537.36"
82.102.23.178 - - [16/Jul/2026:16:56:44 +0000] "GET /wp-includes/js/dist/dom-ready.min.js?ver=a06281ae5cf5500e9317 HTTP/2" 200 420 "https://www.iptv-portugal.com/wp-login.php" "Mozilla/5.0 (Windows NT 10.0; Win64; x64) AppleWebKit/537.36 (KHTML, like Gecko) Chrome/149.0.0.0 Safari/537.36"
82.102.23.178 - - [16/Jul/2026:16:56:44 +0000] "GET /wp-includes/js/dist/a11y.min.js?ver=af934e5259bc51b8718e HTTP/2" 200 935 "https://www.iptv-portugal.com/wp-login.php" "Mozilla/5.0 (Windows NT 10.0; Win64; x64) AppleWebKit/537.36 (KHTML, like Gecko) Chrome/149.0.0.0 Safari/537.36"
82.102.23.178 - - [16/Jul/2026:16:56:44 +0000] "GET /wp-includes/js/dist/hooks.min.js?ver=7496969728ca0f95732d HTTP/2" 200 1734 "https://www.iptv-portugal.com/wp-login.php" "Mozilla/5.0 (Windows NT 10.0; Win64; x64) AppleWebKit/537.36 (KHTML, like Gecko) Chrome/149.0.0.0 Safari/537.36"
82.102.23.178 - - [16/Jul/2026:16:56:44 +0000] "GET /wp-admin/js/password-strength-meter.min.js?ver=7.0.1 HTTP/2" 200 558 "https://www.iptv-portugal.com/wp-login.php" "Mozilla/5.0 (Windows NT 10.0; Win64; x64) AppleWebKit/537.36 (KHTML, like Gecko) Chrome/149.0.0.0 Safari/537.36"
82.102.23.178 - - [16/Jul/2026:16:56:44 +0000] "GET /wp-admin/js/user-profile.min.js?ver=7.0.1 HTTP/2" 200 2889 "https://www.iptv-portugal.com/wp-login.php" "Mozilla/5.0 (Windows NT 10.0; Win64; x64) AppleWebKit/537.36 (KHTML, like Gecko) Chrome/149.0.0.0 Safari/537.36"
82.102.23.178 - - [16/Jul/2026:16:56:44 +0000] "GET /wp-admin/css/login.min.css?ver=7.0.1 HTTP/2" 200 2019 "https://www.iptv-portugal.com/wp-login.php" "Mozilla/5.0 (Windows NT 10.0; Win64; x64) AppleWebKit/537.36 (KHTML, like Gecko) Chrome/149.0.0.0 Safari/537.36"
82.102.23.178 - - [16/Jul/2026:16:56:44 +0000] "GET /wp-includes/js/wp-util.min.js?ver=7.0.1 HTTP/2" 200 693 "https://www.iptv-portugal.com/wp-login.php" "Mozilla/5.0 (Windows NT 10.0; Win64; x64) AppleWebKit/537.36 (KHTML, like Gecko) Chrome/149.0.0.0 Safari/537.36"
82.102.23.178 - - [16/Jul/2026:16:56:44 +0000] "GET /wp-includes/js/zxcvbn-async.min.js?ver=1.0 HTTP/2" 200 187 "https://www.iptv-portugal.com/wp-login.php" "Mozilla/5.0 (Windows NT 10.0; Win64; x64) AppleWebKit/537.36 (KHTML, like Gecko) Chrome/149.0.0.0 Safari/537.36"
